{"id":110,"date":"2020-10-29T11:57:36","date_gmt":"2020-10-29T10:57:36","guid":{"rendered":"https:\/\/crocjeux.com\/?post_type=product&#038;p=110"},"modified":"2023-01-26T14:17:08","modified_gmt":"2023-01-26T13:17:08","slug":"time-stories-expedition-endurance","status":"publish","type":"product","link":"https:\/\/crocjeux.com\/index.php\/produit\/time-stories-expedition-endurance\/","title":{"rendered":"Time Stories &#8211; Exp\u00e9dition Endurance"},"content":{"rendered":"<h2>Time Stories \u2013 Exp\u00e9dition Endurance, une mission glaciale<\/h2>\n<p>Exp\u00e9dition Endurance est le 5\u00e8me sc\u00e9nario de la gamme T.I.M.E Stories. Apr\u00e8s le succ\u00e8s des missions pr\u00e9c\u00e9dentes, Asylum, The Marcy Case, Sous le masque et La Proph\u00e9tie des Dragons, les auteurs du jeu vous proposent une nouvelle aventure in\u00e9dite.<\/p>\n<p>Dans ce nouveau sc\u00e9nario, en tant qu\u2019agent de la T.I.M.E, vous partez en Antarctique durant la Premi\u00e8re Guerre Mondiale. Les membres de l\u2019Exp\u00e9dition Endurance ne donnent plus aucun signe de vie. Votre mission sera d\u2019enqu\u00eater sur place afin de d\u00e9couvrir ce qu\u2019il s\u2019est pass\u00e9. Prisonnier des glaces dans l\u2019immensit\u00e9 de ce continent inhospitalier, la bateau forme le point de d\u00e9part de vos investigations. Qu\u2019allez-vous d\u00e9couvrir ? Qu\u2019est-il arriv\u00e9 exactement \u00e0 l\u2019exp\u00e9dition qui avait pour objectif la travers\u00e9e de l\u2019Antarctique\u00a0?<\/p>\n<p>Comme chaque sc\u00e9nario de la gamme, Exp\u00e9dition Endurance est une histoire totalement ind\u00e9pendante et peut \u00eatre jou\u00e9e dans n\u2019importe quel ordre. Cependant, il n\u00e9cessite imp\u00e9rativement le jeu de base.<\/p>\n<h2>T.I.M.E Stories, un concept \u00e0 part<\/h2>\n<p>Si vous n\u2019avez pas encore d\u00e9couvert la gamme, T.I.M.E Stories comprend un jeu de base et une multitude de sc\u00e9narios ind\u00e9pendants.<\/p>\n<p>Dans T.I.M.E Stories, les joueurs incarnent des agents temporels \u0153uvrant au service de l\u2019agence T.I.M.E, une organisation qui ma\u00eetrise le voyage dans le temps et les r\u00e9alit\u00e9s parall\u00e8les. Des failles et des paradoxes menacent l\u2019\u00e9quilibre de l\u2019humanit\u00e9. Le r\u00f4le de l\u2019agence T.IM.E est d\u2019\u00e9viter leur apparition et de lutter pour la pr\u00e9servation de cet \u00e9quilibre fragile. Des agents partent en mission dans le temps pour r\u00e9soudre des situations potentiellement dangereuses pour le continuum espace-temps. Vous \u00eates l\u2019un d\u2019entre eux.<\/p>\n<h2>T.I.M.E Stories, un jeu de decksploration narratif<\/h2>\n<p>T.I.M.E Stories est un jeu de plateau, mais poss\u00e8de des \u00e9l\u00e9ments propres au jeu de r\u00f4le. Les joueurs sont confront\u00e9s \u00e0 des situations et doivent interagir pour faire progresser l\u2019intrigue.<\/p>\n<p>T.I.M.E Stories propose une m\u00e9canique simple et immersive : le decksploring. S\u2019appuyant sur des sc\u00e9narios qui se combinent au mat\u00e9riel du jeu g\u00e9n\u00e9rique, le jeu plonge les joueurs dans des intrigues originales tr\u00e8s vari\u00e9es.<\/p>\n","protected":false},"excerpt":{"rendered":"<p>Dans Exp\u00e9dition Endurance N.T. 1914, partez pour L\u2019Endurance, un bateau scientifique qui avait pour objectif la travers\u00e9e de l\u2019Antarctique durant la 1\u00e8re Guerre Mondiale. L&rsquo;\u00e9quipage ne r\u00e9pond plus, en tant qu&rsquo;agent de la T.I.M.E vous devez enqu\u00eater sur cette myst\u00e9rieuse affaire.<\/p>\n","protected":false},"featured_media":111,"comment_status":"open","ping_status":"closed","template":"","meta":{"colormag_page_container_layout":"default_layout","colormag_page_sidebar_layout":"default_layout"},"product_brand":[],"product_cat":[74,81,103,104],"product_tag":[],"class_list":{"0":"post-110","1":"product","2":"type-product","3":"status-publish","4":"has-post-thumbnail","6":"product_cat-time-stories-jeux-a-deux","7":"product_cat-time-stories-jeux-collaboratifs","8":"product_cat-time-stories-escape-room","9":"product_cat-time-stories-jeux-solo","11":"first","12":"instock","13":"taxable","14":"shipping-taxable","15":"purchasable","16":"product-type-simple"},"yoast_head":"<!-- This site is optimized with the Yoast SEO plugin v27.4 - https:\/\/yoast.com\/product\/yoast-seo-wordpress\/ -->\n<title>Time Stories - Exp\u00e9dition Endurance - Croc Jeux<\/title>\n<meta name=\"robots\" content=\"index, follow, max-snippet:-1, max-image-preview:large, max-video-preview:-1\" \/>\n<link rel=\"canonical\" href=\"https:\/\/crocjeux.com\/index.php\/produit\/time-stories-expedition-endurance\/\" \/>\n<meta property=\"og:locale\" content=\"fr_FR\" \/>\n<meta property=\"og:type\" content=\"article\" \/>\n<meta property=\"og:title\" content=\"Time Stories - Exp\u00e9dition Endurance - Croc Jeux\" \/>\n<meta property=\"og:description\" content=\"Dans Exp\u00e9dition Endurance N.T. 1914, partez pour L\u2019Endurance, un bateau scientifique qui avait pour objectif la travers\u00e9e de l\u2019Antarctique durant la 1\u00e8re Guerre Mondiale. L&#039;\u00e9quipage ne r\u00e9pond plus, en tant qu&#039;agent de la T.I.M.E vous devez enqu\u00eater sur cette myst\u00e9rieuse affaire.\" \/>\n<meta property=\"og:url\" content=\"https:\/\/crocjeux.com\/index.php\/produit\/time-stories-expedition-endurance\/\" \/>\n<meta property=\"og:site_name\" content=\"Croc Jeux\" \/>\n<meta property=\"article:modified_time\" content=\"2023-01-26T13:17:08+00:00\" \/>\n<meta property=\"og:image\" content=\"https:\/\/crocjeux.com\/wp-content\/uploads\/2020\/10\/time_stories_endurance.png\" \/>\n\t<meta property=\"og:image:width\" content=\"741\" \/>\n\t<meta property=\"og:image:height\" content=\"870\" \/>\n\t<meta property=\"og:image:type\" content=\"image\/png\" \/>\n<meta name=\"twitter:card\" content=\"summary_large_image\" \/>\n<meta name=\"twitter:label1\" content=\"Dur\u00e9e de lecture estim\u00e9e\" \/>\n\t<meta name=\"twitter:data1\" content=\"2 minutes\" \/>\n<script type=\"application\/ld+json\" class=\"yoast-schema-graph\">{\"@context\":\"https:\\\/\\\/schema.org\",\"@graph\":[{\"@type\":\"WebPage\",\"@id\":\"https:\\\/\\\/crocjeux.com\\\/index.php\\\/produit\\\/time-stories-expedition-endurance\\\/\",\"url\":\"https:\\\/\\\/crocjeux.com\\\/index.php\\\/produit\\\/time-stories-expedition-endurance\\\/\",\"name\":\"Time Stories - Exp\u00e9dition Endurance - Croc Jeux\",\"isPartOf\":{\"@id\":\"https:\\\/\\\/crocjeux.com\\\/#website\"},\"primaryImageOfPage\":{\"@id\":\"https:\\\/\\\/crocjeux.com\\\/index.php\\\/produit\\\/time-stories-expedition-endurance\\\/#primaryimage\"},\"image\":{\"@id\":\"https:\\\/\\\/crocjeux.com\\\/index.php\\\/produit\\\/time-stories-expedition-endurance\\\/#primaryimage\"},\"thumbnailUrl\":\"https:\\\/\\\/crocjeux.com\\\/wp-content\\\/uploads\\\/2020\\\/10\\\/time_stories_endurance.png\",\"datePublished\":\"2020-10-29T10:57:36+00:00\",\"dateModified\":\"2023-01-26T13:17:08+00:00\",\"breadcrumb\":{\"@id\":\"https:\\\/\\\/crocjeux.com\\\/index.php\\\/produit\\\/time-stories-expedition-endurance\\\/#breadcrumb\"},\"inLanguage\":\"fr-FR\",\"potentialAction\":[{\"@type\":\"ReadAction\",\"target\":[\"https:\\\/\\\/crocjeux.com\\\/index.php\\\/produit\\\/time-stories-expedition-endurance\\\/\"]}]},{\"@type\":\"ImageObject\",\"inLanguage\":\"fr-FR\",\"@id\":\"https:\\\/\\\/crocjeux.com\\\/index.php\\\/produit\\\/time-stories-expedition-endurance\\\/#primaryimage\",\"url\":\"https:\\\/\\\/crocjeux.com\\\/wp-content\\\/uploads\\\/2020\\\/10\\\/time_stories_endurance.png\",\"contentUrl\":\"https:\\\/\\\/crocjeux.com\\\/wp-content\\\/uploads\\\/2020\\\/10\\\/time_stories_endurance.png\",\"width\":741,\"height\":870},{\"@type\":\"BreadcrumbList\",\"@id\":\"https:\\\/\\\/crocjeux.com\\\/index.php\\\/produit\\\/time-stories-expedition-endurance\\\/#breadcrumb\",\"itemListElement\":[{\"@type\":\"ListItem\",\"position\":1,\"name\":\"Accueil\",\"item\":\"https:\\\/\\\/crocjeux.com\\\/\"},{\"@type\":\"ListItem\",\"position\":2,\"name\":\"Boutique\",\"item\":\"https:\\\/\\\/crocjeux.com\\\/\"},{\"@type\":\"ListItem\",\"position\":3,\"name\":\"Time Stories &#8211; Exp\u00e9dition Endurance\"}]},{\"@type\":\"WebSite\",\"@id\":\"https:\\\/\\\/crocjeux.com\\\/#website\",\"url\":\"https:\\\/\\\/crocjeux.com\\\/\",\"name\":\"Croc Jeux\",\"description\":\"Bienvenue chez Croc Jeux!\",\"publisher\":{\"@id\":\"https:\\\/\\\/crocjeux.com\\\/#organization\"},\"potentialAction\":[{\"@type\":\"SearchAction\",\"target\":{\"@type\":\"EntryPoint\",\"urlTemplate\":\"https:\\\/\\\/crocjeux.com\\\/?s={search_term_string}\"},\"query-input\":{\"@type\":\"PropertyValueSpecification\",\"valueRequired\":true,\"valueName\":\"search_term_string\"}}],\"inLanguage\":\"fr-FR\"},{\"@type\":\"Organization\",\"@id\":\"https:\\\/\\\/crocjeux.com\\\/#organization\",\"name\":\"Croc Jeux\",\"url\":\"https:\\\/\\\/crocjeux.com\\\/\",\"logo\":{\"@type\":\"ImageObject\",\"inLanguage\":\"fr-FR\",\"@id\":\"https:\\\/\\\/crocjeux.com\\\/#\\\/schema\\\/logo\\\/image\\\/\",\"url\":\"https:\\\/\\\/crocjeux.com\\\/wp-content\\\/uploads\\\/2022\\\/01\\\/cropped-logo-croc-etape-1-e1644574034239.jpg\",\"contentUrl\":\"https:\\\/\\\/crocjeux.com\\\/wp-content\\\/uploads\\\/2022\\\/01\\\/cropped-logo-croc-etape-1-e1644574034239.jpg\",\"width\":1224,\"height\":314,\"caption\":\"Croc Jeux\"},\"image\":{\"@id\":\"https:\\\/\\\/crocjeux.com\\\/#\\\/schema\\\/logo\\\/image\\\/\"}}]}<\/script>\n<!-- \/ Yoast SEO plugin. -->","yoast_head_json":{"title":"Time Stories - Exp\u00e9dition Endurance - Croc Jeux","robots":{"index":"index","follow":"follow","max-snippet":"max-snippet:-1","max-image-preview":"max-image-preview:large","max-video-preview":"max-video-preview:-1"},"canonical":"https:\/\/crocjeux.com\/index.php\/produit\/time-stories-expedition-endurance\/","og_locale":"fr_FR","og_type":"article","og_title":"Time Stories - Exp\u00e9dition Endurance - Croc Jeux","og_description":"Dans Exp\u00e9dition Endurance N.T. 1914, partez pour L\u2019Endurance, un bateau scientifique qui avait pour objectif la travers\u00e9e de l\u2019Antarctique durant la 1\u00e8re Guerre Mondiale. L'\u00e9quipage ne r\u00e9pond plus, en tant qu'agent de la T.I.M.E vous devez enqu\u00eater sur cette myst\u00e9rieuse affaire.","og_url":"https:\/\/crocjeux.com\/index.php\/produit\/time-stories-expedition-endurance\/","og_site_name":"Croc Jeux","article_modified_time":"2023-01-26T13:17:08+00:00","og_image":[{"width":741,"height":870,"url":"https:\/\/crocjeux.com\/wp-content\/uploads\/2020\/10\/time_stories_endurance.png","type":"image\/png"}],"twitter_card":"summary_large_image","twitter_misc":{"Dur\u00e9e de lecture estim\u00e9e":"2 minutes"},"schema":{"@context":"https:\/\/schema.org","@graph":[{"@type":"WebPage","@id":"https:\/\/crocjeux.com\/index.php\/produit\/time-stories-expedition-endurance\/","url":"https:\/\/crocjeux.com\/index.php\/produit\/time-stories-expedition-endurance\/","name":"Time Stories - Exp\u00e9dition Endurance - Croc Jeux","isPartOf":{"@id":"https:\/\/crocjeux.com\/#website"},"primaryImageOfPage":{"@id":"https:\/\/crocjeux.com\/index.php\/produit\/time-stories-expedition-endurance\/#primaryimage"},"image":{"@id":"https:\/\/crocjeux.com\/index.php\/produit\/time-stories-expedition-endurance\/#primaryimage"},"thumbnailUrl":"https:\/\/crocjeux.com\/wp-content\/uploads\/2020\/10\/time_stories_endurance.png","datePublished":"2020-10-29T10:57:36+00:00","dateModified":"2023-01-26T13:17:08+00:00","breadcrumb":{"@id":"https:\/\/crocjeux.com\/index.php\/produit\/time-stories-expedition-endurance\/#breadcrumb"},"inLanguage":"fr-FR","potentialAction":[{"@type":"ReadAction","target":["https:\/\/crocjeux.com\/index.php\/produit\/time-stories-expedition-endurance\/"]}]},{"@type":"ImageObject","inLanguage":"fr-FR","@id":"https:\/\/crocjeux.com\/index.php\/produit\/time-stories-expedition-endurance\/#primaryimage","url":"https:\/\/crocjeux.com\/wp-content\/uploads\/2020\/10\/time_stories_endurance.png","contentUrl":"https:\/\/crocjeux.com\/wp-content\/uploads\/2020\/10\/time_stories_endurance.png","width":741,"height":870},{"@type":"BreadcrumbList","@id":"https:\/\/crocjeux.com\/index.php\/produit\/time-stories-expedition-endurance\/#breadcrumb","itemListElement":[{"@type":"ListItem","position":1,"name":"Accueil","item":"https:\/\/crocjeux.com\/"},{"@type":"ListItem","position":2,"name":"Boutique","item":"https:\/\/crocjeux.com\/"},{"@type":"ListItem","position":3,"name":"Time Stories &#8211; Exp\u00e9dition Endurance"}]},{"@type":"WebSite","@id":"https:\/\/crocjeux.com\/#website","url":"https:\/\/crocjeux.com\/","name":"Croc Jeux","description":"Bienvenue chez Croc Jeux!","publisher":{"@id":"https:\/\/crocjeux.com\/#organization"},"potentialAction":[{"@type":"SearchAction","target":{"@type":"EntryPoint","urlTemplate":"https:\/\/crocjeux.com\/?s={search_term_string}"},"query-input":{"@type":"PropertyValueSpecification","valueRequired":true,"valueName":"search_term_string"}}],"inLanguage":"fr-FR"},{"@type":"Organization","@id":"https:\/\/crocjeux.com\/#organization","name":"Croc Jeux","url":"https:\/\/crocjeux.com\/","logo":{"@type":"ImageObject","inLanguage":"fr-FR","@id":"https:\/\/crocjeux.com\/#\/schema\/logo\/image\/","url":"https:\/\/crocjeux.com\/wp-content\/uploads\/2022\/01\/cropped-logo-croc-etape-1-e1644574034239.jpg","contentUrl":"https:\/\/crocjeux.com\/wp-content\/uploads\/2022\/01\/cropped-logo-croc-etape-1-e1644574034239.jpg","width":1224,"height":314,"caption":"Croc Jeux"},"image":{"@id":"https:\/\/crocjeux.com\/#\/schema\/logo\/image\/"}}]}},"_links":{"self":[{"href":"https:\/\/crocjeux.com\/index.php\/wp-json\/wp\/v2\/product\/110","targetHints":{"allow":["GET"]}}],"collection":[{"href":"https:\/\/crocjeux.com\/index.php\/wp-json\/wp\/v2\/product"}],"about":[{"href":"https:\/\/crocjeux.com\/index.php\/wp-json\/wp\/v2\/types\/product"}],"replies":[{"embeddable":true,"href":"https:\/\/crocjeux.com\/index.php\/wp-json\/wp\/v2\/comments?post=110"}],"wp:featuredmedia":[{"embeddable":true,"href":"https:\/\/crocjeux.com\/index.php\/wp-json\/wp\/v2\/media\/111"}],"wp:attachment":[{"href":"https:\/\/crocjeux.com\/index.php\/wp-json\/wp\/v2\/media?parent=110"}],"wp:term":[{"taxonomy":"product_brand","embeddable":true,"href":"https:\/\/crocjeux.com\/index.php\/wp-json\/wp\/v2\/product_brand?post=110"},{"taxonomy":"product_cat","embeddable":true,"href":"https:\/\/crocjeux.com\/index.php\/wp-json\/wp\/v2\/product_cat?post=110"},{"taxonomy":"product_tag","embeddable":true,"href":"https:\/\/crocjeux.com\/index.php\/wp-json\/wp\/v2\/product_tag?post=110"}],"curies":[{"name":"wp","href":"https:\/\/api.w.org\/{rel}","templated":true}]}}