{"id":126,"date":"2020-10-29T12:17:19","date_gmt":"2020-10-29T11:17:19","guid":{"rendered":"https:\/\/crocjeux.com\/?post_type=product&#038;p=126"},"modified":"2023-02-09T17:03:24","modified_gmt":"2023-02-09T16:03:24","slug":"time-stories-revolution-une-nuit-dete","status":"publish","type":"product","link":"https:\/\/crocjeux.com\/index.php\/produit\/time-stories-revolution-une-nuit-dete\/","title":{"rendered":"Time Stories Revolution &#8211; Une nuit d&rsquo;\u00c9t\u00e9"},"content":{"rendered":"<section id=\"tab-description\" class=\"page-product-box r-tabs-panel r-tabs-state-active\">\n<div class=\"rte\">\n<h2>Time Stories Une Nuit d&rsquo;\u00c9t\u00e9, le d\u00e9but d&rsquo;un nouveau cycle !<\/h2>\n<div>Une nuit d&rsquo;\u00c9t\u00e9 est un sc\u00e9nario et un jeu complet du second cycle, le Cycle Bleu, de Time Stories Revolution. Les agents explorent une trame parall\u00e8le alternative. La r\u00e9alit\u00e9 y devient donc un concept fluctuant, et les joueurs devront d\u00e9m\u00ealer le vrai du faux dans cette aventure construite comme un grand jeu de miroirs.<\/div>\n<div><\/div>\n<div>\n<div>Sorti en 2015, le jeu T.I.M.E Stories propose aux joueurs de vivre les aventures de l\u2019agence TIME, voyageant dans le temps et l\u2019espace pour combattre les failles spatio-temporelles et pr\u00e9server l\u2019humanit\u00e9. Apr\u00e8s 9 sc\u00e9narios qui ont compos\u00e9 le \u00ab Cycle blanc \u00bb, la saga T.I.M.E Stories se r\u00e9invente avec TIME Stories Revolution dit le \u00ab Cycle Bleu \u00bb.<\/div>\n<div><\/div>\n<div>Le cycle bleu, c\u2019est un nouveau format de bo\u00eete et nouvelles r\u00e8gles. Chaque bo\u00eete est un jeu \u00e0 part enti\u00e8re et contient tout le mat\u00e9riel n\u00e9cessaire pour jouer l\u2019aventure. Plus court, plus immersif et sans la m\u00e9canique des runs. TIME Stories Revolution est la parfaite aventure qui vous plonge dans diff\u00e9rents th\u00e8mes et \u00e9poques. Chaque mission de ce cycle peut \u00eatre jou\u00e9e dans n\u2019importe quel ordre. Les joueurs d\u00e9sirant transformer ce cycle en mode campagne pourront y adjoindre la bo\u00eete optionnelle Exp\u00e9rience, qui permet de faire \u00e9voluer son agent et ses \u00e9quipements, ainsi que de conna\u00eetre des \u00e9v\u00e8nements qui se passeront entre (et parfois pendant) leurs missions.<\/div>\n<\/div>\n<\/div>\n<\/section>\n","protected":false},"excerpt":{"rendered":"<div id=\"short_description_block\">\n<div id=\"short_description_content\" class=\"rte align_justify hide-smartphone\">Une nuit d&rsquo;\u00c9t\u00e9 est un sc\u00e9nario et un jeu complet du second cycle, le Cycle Bleu, de Time Stories Revolution.<\/div>\n<\/div>\n","protected":false},"featured_media":127,"comment_status":"open","ping_status":"closed","template":"","meta":{"colormag_page_container_layout":"default_layout","colormag_page_sidebar_layout":"default_layout"},"product_brand":[],"product_cat":[74,81,103,104],"product_tag":[],"class_list":{"0":"post-126","1":"product","2":"type-product","3":"status-publish","4":"has-post-thumbnail","6":"product_cat-time-stories-jeux-a-deux","7":"product_cat-time-stories-jeux-collaboratifs","8":"product_cat-time-stories-escape-room","9":"product_cat-time-stories-jeux-solo","11":"first","12":"instock","13":"taxable","14":"shipping-taxable","15":"purchasable","16":"product-type-simple"},"yoast_head":"<!-- This site is optimized with the Yoast SEO plugin v27.3 - https:\/\/yoast.com\/product\/yoast-seo-wordpress\/ -->\n<title>Time Stories Revolution - Une nuit d&#039;\u00c9t\u00e9 - Croc Jeux<\/title>\n<meta name=\"robots\" content=\"index, follow, max-snippet:-1, max-image-preview:large, max-video-preview:-1\" \/>\n<link rel=\"canonical\" href=\"https:\/\/crocjeux.com\/index.php\/produit\/time-stories-revolution-une-nuit-dete\/\" \/>\n<meta property=\"og:locale\" content=\"fr_FR\" \/>\n<meta property=\"og:type\" content=\"article\" \/>\n<meta property=\"og:title\" content=\"Time Stories Revolution - Une nuit d&#039;\u00c9t\u00e9 - Croc Jeux\" \/>\n<meta property=\"og:description\" content=\"Une nuit d&#039;\u00c9t\u00e9 est un sc\u00e9nario et un jeu complet du second cycle, le Cycle Bleu, de Time Stories Revolution.\" \/>\n<meta property=\"og:url\" content=\"https:\/\/crocjeux.com\/index.php\/produit\/time-stories-revolution-une-nuit-dete\/\" \/>\n<meta property=\"og:site_name\" content=\"Croc Jeux\" \/>\n<meta property=\"article:modified_time\" content=\"2023-02-09T16:03:24+00:00\" \/>\n<meta property=\"og:image\" content=\"https:\/\/crocjeux.com\/wp-content\/uploads\/2020\/10\/time_stories_nuit_dete.png\" \/>\n\t<meta property=\"og:image:width\" content=\"861\" \/>\n\t<meta property=\"og:image:height\" content=\"904\" \/>\n\t<meta property=\"og:image:type\" content=\"image\/png\" \/>\n<meta name=\"twitter:card\" content=\"summary_large_image\" \/>\n<meta name=\"twitter:label1\" content=\"Dur\u00e9e de lecture estim\u00e9e\" \/>\n\t<meta name=\"twitter:data1\" content=\"1 minute\" \/>\n<script type=\"application\/ld+json\" class=\"yoast-schema-graph\">{\"@context\":\"https:\\\/\\\/schema.org\",\"@graph\":[{\"@type\":\"WebPage\",\"@id\":\"https:\\\/\\\/crocjeux.com\\\/index.php\\\/produit\\\/time-stories-revolution-une-nuit-dete\\\/\",\"url\":\"https:\\\/\\\/crocjeux.com\\\/index.php\\\/produit\\\/time-stories-revolution-une-nuit-dete\\\/\",\"name\":\"Time Stories Revolution - Une nuit d'\u00c9t\u00e9 - Croc Jeux\",\"isPartOf\":{\"@id\":\"https:\\\/\\\/crocjeux.com\\\/#website\"},\"primaryImageOfPage\":{\"@id\":\"https:\\\/\\\/crocjeux.com\\\/index.php\\\/produit\\\/time-stories-revolution-une-nuit-dete\\\/#primaryimage\"},\"image\":{\"@id\":\"https:\\\/\\\/crocjeux.com\\\/index.php\\\/produit\\\/time-stories-revolution-une-nuit-dete\\\/#primaryimage\"},\"thumbnailUrl\":\"https:\\\/\\\/crocjeux.com\\\/wp-content\\\/uploads\\\/2020\\\/10\\\/time_stories_nuit_dete.png\",\"datePublished\":\"2020-10-29T11:17:19+00:00\",\"dateModified\":\"2023-02-09T16:03:24+00:00\",\"breadcrumb\":{\"@id\":\"https:\\\/\\\/crocjeux.com\\\/index.php\\\/produit\\\/time-stories-revolution-une-nuit-dete\\\/#breadcrumb\"},\"inLanguage\":\"fr-FR\",\"potentialAction\":[{\"@type\":\"ReadAction\",\"target\":[\"https:\\\/\\\/crocjeux.com\\\/index.php\\\/produit\\\/time-stories-revolution-une-nuit-dete\\\/\"]}]},{\"@type\":\"ImageObject\",\"inLanguage\":\"fr-FR\",\"@id\":\"https:\\\/\\\/crocjeux.com\\\/index.php\\\/produit\\\/time-stories-revolution-une-nuit-dete\\\/#primaryimage\",\"url\":\"https:\\\/\\\/crocjeux.com\\\/wp-content\\\/uploads\\\/2020\\\/10\\\/time_stories_nuit_dete.png\",\"contentUrl\":\"https:\\\/\\\/crocjeux.com\\\/wp-content\\\/uploads\\\/2020\\\/10\\\/time_stories_nuit_dete.png\",\"width\":861,\"height\":904},{\"@type\":\"BreadcrumbList\",\"@id\":\"https:\\\/\\\/crocjeux.com\\\/index.php\\\/produit\\\/time-stories-revolution-une-nuit-dete\\\/#breadcrumb\",\"itemListElement\":[{\"@type\":\"ListItem\",\"position\":1,\"name\":\"Accueil\",\"item\":\"https:\\\/\\\/crocjeux.com\\\/\"},{\"@type\":\"ListItem\",\"position\":2,\"name\":\"Boutique\",\"item\":\"https:\\\/\\\/crocjeux.com\\\/\"},{\"@type\":\"ListItem\",\"position\":3,\"name\":\"Time Stories Revolution &#8211; Une nuit d&#8217;\u00c9t\u00e9\"}]},{\"@type\":\"WebSite\",\"@id\":\"https:\\\/\\\/crocjeux.com\\\/#website\",\"url\":\"https:\\\/\\\/crocjeux.com\\\/\",\"name\":\"Croc Jeux\",\"description\":\"Bienvenue chez Croc Jeux!\",\"publisher\":{\"@id\":\"https:\\\/\\\/crocjeux.com\\\/#organization\"},\"potentialAction\":[{\"@type\":\"SearchAction\",\"target\":{\"@type\":\"EntryPoint\",\"urlTemplate\":\"https:\\\/\\\/crocjeux.com\\\/?s={search_term_string}\"},\"query-input\":{\"@type\":\"PropertyValueSpecification\",\"valueRequired\":true,\"valueName\":\"search_term_string\"}}],\"inLanguage\":\"fr-FR\"},{\"@type\":\"Organization\",\"@id\":\"https:\\\/\\\/crocjeux.com\\\/#organization\",\"name\":\"Croc Jeux\",\"url\":\"https:\\\/\\\/crocjeux.com\\\/\",\"logo\":{\"@type\":\"ImageObject\",\"inLanguage\":\"fr-FR\",\"@id\":\"https:\\\/\\\/crocjeux.com\\\/#\\\/schema\\\/logo\\\/image\\\/\",\"url\":\"https:\\\/\\\/crocjeux.com\\\/wp-content\\\/uploads\\\/2022\\\/01\\\/cropped-logo-croc-etape-1-e1644574034239.jpg\",\"contentUrl\":\"https:\\\/\\\/crocjeux.com\\\/wp-content\\\/uploads\\\/2022\\\/01\\\/cropped-logo-croc-etape-1-e1644574034239.jpg\",\"width\":1224,\"height\":314,\"caption\":\"Croc Jeux\"},\"image\":{\"@id\":\"https:\\\/\\\/crocjeux.com\\\/#\\\/schema\\\/logo\\\/image\\\/\"}}]}<\/script>\n<!-- \/ Yoast SEO plugin. -->","yoast_head_json":{"title":"Time Stories Revolution - Une nuit d'\u00c9t\u00e9 - Croc Jeux","robots":{"index":"index","follow":"follow","max-snippet":"max-snippet:-1","max-image-preview":"max-image-preview:large","max-video-preview":"max-video-preview:-1"},"canonical":"https:\/\/crocjeux.com\/index.php\/produit\/time-stories-revolution-une-nuit-dete\/","og_locale":"fr_FR","og_type":"article","og_title":"Time Stories Revolution - Une nuit d'\u00c9t\u00e9 - Croc Jeux","og_description":"Une nuit d'\u00c9t\u00e9 est un sc\u00e9nario et un jeu complet du second cycle, le Cycle Bleu, de Time Stories Revolution.","og_url":"https:\/\/crocjeux.com\/index.php\/produit\/time-stories-revolution-une-nuit-dete\/","og_site_name":"Croc Jeux","article_modified_time":"2023-02-09T16:03:24+00:00","og_image":[{"width":861,"height":904,"url":"https:\/\/crocjeux.com\/wp-content\/uploads\/2020\/10\/time_stories_nuit_dete.png","type":"image\/png"}],"twitter_card":"summary_large_image","twitter_misc":{"Dur\u00e9e de lecture estim\u00e9e":"1 minute"},"schema":{"@context":"https:\/\/schema.org","@graph":[{"@type":"WebPage","@id":"https:\/\/crocjeux.com\/index.php\/produit\/time-stories-revolution-une-nuit-dete\/","url":"https:\/\/crocjeux.com\/index.php\/produit\/time-stories-revolution-une-nuit-dete\/","name":"Time Stories Revolution - Une nuit d'\u00c9t\u00e9 - Croc Jeux","isPartOf":{"@id":"https:\/\/crocjeux.com\/#website"},"primaryImageOfPage":{"@id":"https:\/\/crocjeux.com\/index.php\/produit\/time-stories-revolution-une-nuit-dete\/#primaryimage"},"image":{"@id":"https:\/\/crocjeux.com\/index.php\/produit\/time-stories-revolution-une-nuit-dete\/#primaryimage"},"thumbnailUrl":"https:\/\/crocjeux.com\/wp-content\/uploads\/2020\/10\/time_stories_nuit_dete.png","datePublished":"2020-10-29T11:17:19+00:00","dateModified":"2023-02-09T16:03:24+00:00","breadcrumb":{"@id":"https:\/\/crocjeux.com\/index.php\/produit\/time-stories-revolution-une-nuit-dete\/#breadcrumb"},"inLanguage":"fr-FR","potentialAction":[{"@type":"ReadAction","target":["https:\/\/crocjeux.com\/index.php\/produit\/time-stories-revolution-une-nuit-dete\/"]}]},{"@type":"ImageObject","inLanguage":"fr-FR","@id":"https:\/\/crocjeux.com\/index.php\/produit\/time-stories-revolution-une-nuit-dete\/#primaryimage","url":"https:\/\/crocjeux.com\/wp-content\/uploads\/2020\/10\/time_stories_nuit_dete.png","contentUrl":"https:\/\/crocjeux.com\/wp-content\/uploads\/2020\/10\/time_stories_nuit_dete.png","width":861,"height":904},{"@type":"BreadcrumbList","@id":"https:\/\/crocjeux.com\/index.php\/produit\/time-stories-revolution-une-nuit-dete\/#breadcrumb","itemListElement":[{"@type":"ListItem","position":1,"name":"Accueil","item":"https:\/\/crocjeux.com\/"},{"@type":"ListItem","position":2,"name":"Boutique","item":"https:\/\/crocjeux.com\/"},{"@type":"ListItem","position":3,"name":"Time Stories Revolution &#8211; Une nuit d&#8217;\u00c9t\u00e9"}]},{"@type":"WebSite","@id":"https:\/\/crocjeux.com\/#website","url":"https:\/\/crocjeux.com\/","name":"Croc Jeux","description":"Bienvenue chez Croc Jeux!","publisher":{"@id":"https:\/\/crocjeux.com\/#organization"},"potentialAction":[{"@type":"SearchAction","target":{"@type":"EntryPoint","urlTemplate":"https:\/\/crocjeux.com\/?s={search_term_string}"},"query-input":{"@type":"PropertyValueSpecification","valueRequired":true,"valueName":"search_term_string"}}],"inLanguage":"fr-FR"},{"@type":"Organization","@id":"https:\/\/crocjeux.com\/#organization","name":"Croc Jeux","url":"https:\/\/crocjeux.com\/","logo":{"@type":"ImageObject","inLanguage":"fr-FR","@id":"https:\/\/crocjeux.com\/#\/schema\/logo\/image\/","url":"https:\/\/crocjeux.com\/wp-content\/uploads\/2022\/01\/cropped-logo-croc-etape-1-e1644574034239.jpg","contentUrl":"https:\/\/crocjeux.com\/wp-content\/uploads\/2022\/01\/cropped-logo-croc-etape-1-e1644574034239.jpg","width":1224,"height":314,"caption":"Croc Jeux"},"image":{"@id":"https:\/\/crocjeux.com\/#\/schema\/logo\/image\/"}}]}},"_links":{"self":[{"href":"https:\/\/crocjeux.com\/index.php\/wp-json\/wp\/v2\/product\/126","targetHints":{"allow":["GET"]}}],"collection":[{"href":"https:\/\/crocjeux.com\/index.php\/wp-json\/wp\/v2\/product"}],"about":[{"href":"https:\/\/crocjeux.com\/index.php\/wp-json\/wp\/v2\/types\/product"}],"replies":[{"embeddable":true,"href":"https:\/\/crocjeux.com\/index.php\/wp-json\/wp\/v2\/comments?post=126"}],"wp:featuredmedia":[{"embeddable":true,"href":"https:\/\/crocjeux.com\/index.php\/wp-json\/wp\/v2\/media\/127"}],"wp:attachment":[{"href":"https:\/\/crocjeux.com\/index.php\/wp-json\/wp\/v2\/media?parent=126"}],"wp:term":[{"taxonomy":"product_brand","embeddable":true,"href":"https:\/\/crocjeux.com\/index.php\/wp-json\/wp\/v2\/product_brand?post=126"},{"taxonomy":"product_cat","embeddable":true,"href":"https:\/\/crocjeux.com\/index.php\/wp-json\/wp\/v2\/product_cat?post=126"},{"taxonomy":"product_tag","embeddable":true,"href":"https:\/\/crocjeux.com\/index.php\/wp-json\/wp\/v2\/product_tag?post=126"}],"curies":[{"name":"wp","href":"https:\/\/api.w.org\/{rel}","templated":true}]}}