{"id":1934,"date":"2021-01-13T14:57:54","date_gmt":"2021-01-13T13:57:54","guid":{"rendered":"https:\/\/crocjeux.com\/?post_type=product&#038;p=1934"},"modified":"2021-12-10T16:41:03","modified_gmt":"2021-12-10T15:41:03","slug":"star-wars-force-et-destinee-kit-dinitiation","status":"publish","type":"product","link":"https:\/\/crocjeux.com\/index.php\/produit\/star-wars-force-et-destinee-kit-dinitiation\/","title":{"rendered":"Star Wars : Force et Destin\u00e9e &#8211; Kit d&rsquo;Initiation"},"content":{"rendered":"<h1 id=\"product_name\">Star Wars : Force et Destin\u00e9e &#8211; Kit d&rsquo;Initiation<\/h1>\n<div id=\"short_description_block\">\n<div id=\"short_description_content\" class=\"rte align_justify hide-smartphone\">R\u00e9unissez vos amis, d\u00e9gainez vos sabres laser et accomplissez votre destin dans l\u2019univers de Star Wars !<\/div>\n<\/div>\n<ul class=\"illustrated_features\">\n<li class=\"langue tooltips\" title=\"\" data-hasqtip=\"5\" aria-describedby=\"qtip-5\">Fran\u00e7ais<\/li>\n<\/ul>\n<p>Le Kit d\u2019initiation est le point de d\u00e9part id\u00e9al pour les joueurs de tout niveau, que vous d\u00e9couvriez les jeux de r\u00f4le ou simplement Force et Destin\u00e9e. Ouvrez la bo\u00eete et jouez sans plus attendre\u00a0!\u00a0<em>Star Wars\u00a0<\/em>:\u00a0<strong>Force et Destin\u00e9e<\/strong>,\u00a0<strong>Kit d\u2019Initiation<\/strong>\u00a0propose une aventure compl\u00e8te qui permet de d\u00e9couvrir le jeu tout en s\u2019amusant. Les joueurs peuvent s\u2019immerger aussit\u00f4t et apprendre les r\u00e8gles au fur et \u00e0 mesure de la partie. Les dossiers de personnage fournis leur permettent de profiter pleinement de l\u2019exp\u00e9rience. Les d\u00e9s sp\u00e9ciaux et le passionnant syst\u00e8me de jeu narratif, quant \u00e0 eux, font de chaque jet de d\u00e9s un r\u00e9cit \u00e9pique \u00e0 part enti\u00e8re. Enfin, les r\u00e8gles d\u00e9taill\u00e9es vous fourniront des heures de divertissement, puisque vous pourrez cr\u00e9er ensuite vos propres aventures.<\/p>\n<p>Jeu complet pour 3 \u00e0 5 joueurs.<\/p>\n<p>Contenu :<\/p>\n<ul>\n<li>1 livret d\u2019aventure<\/li>\n<li>1 livre de r\u00e8gles<\/li>\n<li>1 feuillet d\u2019introduction<\/li>\n<li>1 plan<\/li>\n<li>4 dossiers de personnage<\/li>\n<li>14 d\u00e9s sp\u00e9ciaux<\/li>\n<li>8 jetons de destin<\/li>\n<li>55 jetons de personnage<\/li>\n<\/ul>\n","protected":false},"excerpt":{"rendered":"<p>Star Wars : Force et Destin\u00e9e &#8211; Kit d&rsquo;Initiation R\u00e9unissez vos amis, d\u00e9gainez vos sabres laser et accomplissez votre destin<\/p>\n","protected":false},"featured_media":1935,"comment_status":"open","ping_status":"closed","template":"","meta":{"colormag_page_container_layout":"default_layout","colormag_page_sidebar_layout":"default_layout"},"product_brand":[],"product_cat":[35],"product_tag":[],"class_list":{"0":"post-1934","1":"product","2":"type-product","3":"status-publish","4":"has-post-thumbnail","6":"product_cat-jeux-jdr","8":"first","9":"outofstock","10":"taxable","11":"shipping-taxable","12":"purchasable","13":"product-type-simple"},"yoast_head":"<!-- This site is optimized with the Yoast SEO plugin v27.4 - https:\/\/yoast.com\/product\/yoast-seo-wordpress\/ -->\n<title>Star Wars : Force et Destin\u00e9e - Kit d&#039;Initiation - Croc Jeux<\/title>\n<meta name=\"robots\" content=\"index, follow, max-snippet:-1, max-image-preview:large, max-video-preview:-1\" \/>\n<link rel=\"canonical\" href=\"https:\/\/crocjeux.com\/index.php\/produit\/star-wars-force-et-destinee-kit-dinitiation\/\" \/>\n<meta property=\"og:locale\" content=\"fr_FR\" \/>\n<meta property=\"og:type\" content=\"article\" \/>\n<meta property=\"og:title\" content=\"Star Wars : Force et Destin\u00e9e - Kit d&#039;Initiation - Croc Jeux\" \/>\n<meta property=\"og:description\" content=\"Star Wars : Force et Destin\u00e9e &#8211; Kit d&rsquo;Initiation R\u00e9unissez vos amis, d\u00e9gainez vos sabres laser et accomplissez votre destin\" \/>\n<meta property=\"og:url\" content=\"https:\/\/crocjeux.com\/index.php\/produit\/star-wars-force-et-destinee-kit-dinitiation\/\" \/>\n<meta property=\"og:site_name\" content=\"Croc Jeux\" \/>\n<meta property=\"article:modified_time\" content=\"2021-12-10T15:41:03+00:00\" \/>\n<meta property=\"og:image\" content=\"https:\/\/crocjeux.com\/wp-content\/uploads\/2021\/01\/star-wars-force-et-destinee-kit-dinitiation.jpg\" \/>\n\t<meta property=\"og:image:width\" content=\"372\" \/>\n\t<meta property=\"og:image:height\" content=\"372\" \/>\n\t<meta property=\"og:image:type\" content=\"image\/jpeg\" \/>\n<meta name=\"twitter:card\" content=\"summary_large_image\" \/>\n<meta name=\"twitter:label1\" content=\"Dur\u00e9e de lecture estim\u00e9e\" \/>\n\t<meta name=\"twitter:data1\" content=\"1 minute\" \/>\n<script type=\"application\/ld+json\" class=\"yoast-schema-graph\">{\"@context\":\"https:\\\/\\\/schema.org\",\"@graph\":[{\"@type\":\"WebPage\",\"@id\":\"https:\\\/\\\/crocjeux.com\\\/index.php\\\/produit\\\/star-wars-force-et-destinee-kit-dinitiation\\\/\",\"url\":\"https:\\\/\\\/crocjeux.com\\\/index.php\\\/produit\\\/star-wars-force-et-destinee-kit-dinitiation\\\/\",\"name\":\"Star Wars : Force et Destin\u00e9e - Kit d'Initiation - Croc Jeux\",\"isPartOf\":{\"@id\":\"https:\\\/\\\/crocjeux.com\\\/#website\"},\"primaryImageOfPage\":{\"@id\":\"https:\\\/\\\/crocjeux.com\\\/index.php\\\/produit\\\/star-wars-force-et-destinee-kit-dinitiation\\\/#primaryimage\"},\"image\":{\"@id\":\"https:\\\/\\\/crocjeux.com\\\/index.php\\\/produit\\\/star-wars-force-et-destinee-kit-dinitiation\\\/#primaryimage\"},\"thumbnailUrl\":\"https:\\\/\\\/crocjeux.com\\\/wp-content\\\/uploads\\\/2021\\\/01\\\/star-wars-force-et-destinee-kit-dinitiation.jpg\",\"datePublished\":\"2021-01-13T13:57:54+00:00\",\"dateModified\":\"2021-12-10T15:41:03+00:00\",\"breadcrumb\":{\"@id\":\"https:\\\/\\\/crocjeux.com\\\/index.php\\\/produit\\\/star-wars-force-et-destinee-kit-dinitiation\\\/#breadcrumb\"},\"inLanguage\":\"fr-FR\",\"potentialAction\":[{\"@type\":\"ReadAction\",\"target\":[\"https:\\\/\\\/crocjeux.com\\\/index.php\\\/produit\\\/star-wars-force-et-destinee-kit-dinitiation\\\/\"]}]},{\"@type\":\"ImageObject\",\"inLanguage\":\"fr-FR\",\"@id\":\"https:\\\/\\\/crocjeux.com\\\/index.php\\\/produit\\\/star-wars-force-et-destinee-kit-dinitiation\\\/#primaryimage\",\"url\":\"https:\\\/\\\/crocjeux.com\\\/wp-content\\\/uploads\\\/2021\\\/01\\\/star-wars-force-et-destinee-kit-dinitiation.jpg\",\"contentUrl\":\"https:\\\/\\\/crocjeux.com\\\/wp-content\\\/uploads\\\/2021\\\/01\\\/star-wars-force-et-destinee-kit-dinitiation.jpg\",\"width\":372,\"height\":372},{\"@type\":\"BreadcrumbList\",\"@id\":\"https:\\\/\\\/crocjeux.com\\\/index.php\\\/produit\\\/star-wars-force-et-destinee-kit-dinitiation\\\/#breadcrumb\",\"itemListElement\":[{\"@type\":\"ListItem\",\"position\":1,\"name\":\"Accueil\",\"item\":\"https:\\\/\\\/crocjeux.com\\\/\"},{\"@type\":\"ListItem\",\"position\":2,\"name\":\"Boutique\",\"item\":\"https:\\\/\\\/crocjeux.com\\\/\"},{\"@type\":\"ListItem\",\"position\":3,\"name\":\"Star Wars : Force et Destin\u00e9e &#8211; Kit d&#8217;Initiation\"}]},{\"@type\":\"WebSite\",\"@id\":\"https:\\\/\\\/crocjeux.com\\\/#website\",\"url\":\"https:\\\/\\\/crocjeux.com\\\/\",\"name\":\"Croc Jeux\",\"description\":\"Bienvenue chez Croc Jeux!\",\"publisher\":{\"@id\":\"https:\\\/\\\/crocjeux.com\\\/#organization\"},\"potentialAction\":[{\"@type\":\"SearchAction\",\"target\":{\"@type\":\"EntryPoint\",\"urlTemplate\":\"https:\\\/\\\/crocjeux.com\\\/?s={search_term_string}\"},\"query-input\":{\"@type\":\"PropertyValueSpecification\",\"valueRequired\":true,\"valueName\":\"search_term_string\"}}],\"inLanguage\":\"fr-FR\"},{\"@type\":\"Organization\",\"@id\":\"https:\\\/\\\/crocjeux.com\\\/#organization\",\"name\":\"Croc Jeux\",\"url\":\"https:\\\/\\\/crocjeux.com\\\/\",\"logo\":{\"@type\":\"ImageObject\",\"inLanguage\":\"fr-FR\",\"@id\":\"https:\\\/\\\/crocjeux.com\\\/#\\\/schema\\\/logo\\\/image\\\/\",\"url\":\"https:\\\/\\\/crocjeux.com\\\/wp-content\\\/uploads\\\/2022\\\/01\\\/cropped-logo-croc-etape-1-e1644574034239.jpg\",\"contentUrl\":\"https:\\\/\\\/crocjeux.com\\\/wp-content\\\/uploads\\\/2022\\\/01\\\/cropped-logo-croc-etape-1-e1644574034239.jpg\",\"width\":1224,\"height\":314,\"caption\":\"Croc Jeux\"},\"image\":{\"@id\":\"https:\\\/\\\/crocjeux.com\\\/#\\\/schema\\\/logo\\\/image\\\/\"}}]}<\/script>\n<!-- \/ Yoast SEO plugin. -->","yoast_head_json":{"title":"Star Wars : Force et Destin\u00e9e - Kit d'Initiation - Croc Jeux","robots":{"index":"index","follow":"follow","max-snippet":"max-snippet:-1","max-image-preview":"max-image-preview:large","max-video-preview":"max-video-preview:-1"},"canonical":"https:\/\/crocjeux.com\/index.php\/produit\/star-wars-force-et-destinee-kit-dinitiation\/","og_locale":"fr_FR","og_type":"article","og_title":"Star Wars : Force et Destin\u00e9e - Kit d'Initiation - Croc Jeux","og_description":"Star Wars : Force et Destin\u00e9e &#8211; Kit d&rsquo;Initiation R\u00e9unissez vos amis, d\u00e9gainez vos sabres laser et accomplissez votre destin","og_url":"https:\/\/crocjeux.com\/index.php\/produit\/star-wars-force-et-destinee-kit-dinitiation\/","og_site_name":"Croc Jeux","article_modified_time":"2021-12-10T15:41:03+00:00","og_image":[{"width":372,"height":372,"url":"https:\/\/crocjeux.com\/wp-content\/uploads\/2021\/01\/star-wars-force-et-destinee-kit-dinitiation.jpg","type":"image\/jpeg"}],"twitter_card":"summary_large_image","twitter_misc":{"Dur\u00e9e de lecture estim\u00e9e":"1 minute"},"schema":{"@context":"https:\/\/schema.org","@graph":[{"@type":"WebPage","@id":"https:\/\/crocjeux.com\/index.php\/produit\/star-wars-force-et-destinee-kit-dinitiation\/","url":"https:\/\/crocjeux.com\/index.php\/produit\/star-wars-force-et-destinee-kit-dinitiation\/","name":"Star Wars : Force et Destin\u00e9e - Kit d'Initiation - Croc Jeux","isPartOf":{"@id":"https:\/\/crocjeux.com\/#website"},"primaryImageOfPage":{"@id":"https:\/\/crocjeux.com\/index.php\/produit\/star-wars-force-et-destinee-kit-dinitiation\/#primaryimage"},"image":{"@id":"https:\/\/crocjeux.com\/index.php\/produit\/star-wars-force-et-destinee-kit-dinitiation\/#primaryimage"},"thumbnailUrl":"https:\/\/crocjeux.com\/wp-content\/uploads\/2021\/01\/star-wars-force-et-destinee-kit-dinitiation.jpg","datePublished":"2021-01-13T13:57:54+00:00","dateModified":"2021-12-10T15:41:03+00:00","breadcrumb":{"@id":"https:\/\/crocjeux.com\/index.php\/produit\/star-wars-force-et-destinee-kit-dinitiation\/#breadcrumb"},"inLanguage":"fr-FR","potentialAction":[{"@type":"ReadAction","target":["https:\/\/crocjeux.com\/index.php\/produit\/star-wars-force-et-destinee-kit-dinitiation\/"]}]},{"@type":"ImageObject","inLanguage":"fr-FR","@id":"https:\/\/crocjeux.com\/index.php\/produit\/star-wars-force-et-destinee-kit-dinitiation\/#primaryimage","url":"https:\/\/crocjeux.com\/wp-content\/uploads\/2021\/01\/star-wars-force-et-destinee-kit-dinitiation.jpg","contentUrl":"https:\/\/crocjeux.com\/wp-content\/uploads\/2021\/01\/star-wars-force-et-destinee-kit-dinitiation.jpg","width":372,"height":372},{"@type":"BreadcrumbList","@id":"https:\/\/crocjeux.com\/index.php\/produit\/star-wars-force-et-destinee-kit-dinitiation\/#breadcrumb","itemListElement":[{"@type":"ListItem","position":1,"name":"Accueil","item":"https:\/\/crocjeux.com\/"},{"@type":"ListItem","position":2,"name":"Boutique","item":"https:\/\/crocjeux.com\/"},{"@type":"ListItem","position":3,"name":"Star Wars : Force et Destin\u00e9e &#8211; Kit d&#8217;Initiation"}]},{"@type":"WebSite","@id":"https:\/\/crocjeux.com\/#website","url":"https:\/\/crocjeux.com\/","name":"Croc Jeux","description":"Bienvenue chez Croc Jeux!","publisher":{"@id":"https:\/\/crocjeux.com\/#organization"},"potentialAction":[{"@type":"SearchAction","target":{"@type":"EntryPoint","urlTemplate":"https:\/\/crocjeux.com\/?s={search_term_string}"},"query-input":{"@type":"PropertyValueSpecification","valueRequired":true,"valueName":"search_term_string"}}],"inLanguage":"fr-FR"},{"@type":"Organization","@id":"https:\/\/crocjeux.com\/#organization","name":"Croc Jeux","url":"https:\/\/crocjeux.com\/","logo":{"@type":"ImageObject","inLanguage":"fr-FR","@id":"https:\/\/crocjeux.com\/#\/schema\/logo\/image\/","url":"https:\/\/crocjeux.com\/wp-content\/uploads\/2022\/01\/cropped-logo-croc-etape-1-e1644574034239.jpg","contentUrl":"https:\/\/crocjeux.com\/wp-content\/uploads\/2022\/01\/cropped-logo-croc-etape-1-e1644574034239.jpg","width":1224,"height":314,"caption":"Croc Jeux"},"image":{"@id":"https:\/\/crocjeux.com\/#\/schema\/logo\/image\/"}}]}},"_links":{"self":[{"href":"https:\/\/crocjeux.com\/index.php\/wp-json\/wp\/v2\/product\/1934","targetHints":{"allow":["GET"]}}],"collection":[{"href":"https:\/\/crocjeux.com\/index.php\/wp-json\/wp\/v2\/product"}],"about":[{"href":"https:\/\/crocjeux.com\/index.php\/wp-json\/wp\/v2\/types\/product"}],"replies":[{"embeddable":true,"href":"https:\/\/crocjeux.com\/index.php\/wp-json\/wp\/v2\/comments?post=1934"}],"wp:featuredmedia":[{"embeddable":true,"href":"https:\/\/crocjeux.com\/index.php\/wp-json\/wp\/v2\/media\/1935"}],"wp:attachment":[{"href":"https:\/\/crocjeux.com\/index.php\/wp-json\/wp\/v2\/media?parent=1934"}],"wp:term":[{"taxonomy":"product_brand","embeddable":true,"href":"https:\/\/crocjeux.com\/index.php\/wp-json\/wp\/v2\/product_brand?post=1934"},{"taxonomy":"product_cat","embeddable":true,"href":"https:\/\/crocjeux.com\/index.php\/wp-json\/wp\/v2\/product_cat?post=1934"},{"taxonomy":"product_tag","embeddable":true,"href":"https:\/\/crocjeux.com\/index.php\/wp-json\/wp\/v2\/product_tag?post=1934"}],"curies":[{"name":"wp","href":"https:\/\/api.w.org\/{rel}","templated":true}]}}