{"id":2159,"date":"2021-02-15T17:32:20","date_gmt":"2021-02-15T16:32:20","guid":{"rendered":"https:\/\/crocjeux.com\/?post_type=product&#038;p=2159"},"modified":"2022-03-10T12:18:48","modified_gmt":"2022-03-10T11:18:48","slug":"pandemic-intervention-durgence","status":"publish","type":"product","link":"https:\/\/crocjeux.com\/index.php\/produit\/pandemic-intervention-durgence\/","title":{"rendered":"Pandemic &#8211; Intervention d&rsquo;urgence"},"content":{"rendered":"<h2>Pandemic &#8211; Intervention d&rsquo;Urgence<\/h2>\n<div>\n<div>Prenant conscience de la terrible menace que font peser les catastrophes naturelles sur l\u2019humanit\u00e9, les nations du monde entier ont d\u00e9cid\u00e9 de r\u00e9agir. C\u2019est \u00e0 bord d\u2019un avion, sp\u00e9cialement con\u00e7u et am\u00e9nag\u00e9 pour r\u00e9pondre aux crises, que vous entra\u00eene le dernier jeu de la gamme Pandemic.<\/div>\n<h2>Le Sort en est jet\u00e9<\/h2>\n<div>Pandemic : Intervention d\u2019Urgence est un coop\u00e9ratif qui se joue \u00e0 un rythme effr\u00e9n\u00e9. Vous y incarnez les membres d\u2019une \u00e9quipe d\u2019\u00e9lite qui doit livrer, aux villes sinistr\u00e9es, les ravitaillements dont leurs habitants ont besoin pour survivre \u00e0 la catastrophe. Mais c\u2019est une course contre la montre. \u00c0 votre tour, jetez vos six d\u00e9s, gardez-en certains, relancez les autres, utilisez vos r\u00e9sultats pour d\u00e9placer votre personnage dans les diff\u00e9rents compartiments de l\u2019avion, faire naviguer votre appareil de ville en ville, allouer des d\u00e9s \u00e0 des secteurs pour pr\u00e9parer une production ou activer un secteur pour produire.<\/div>\n<\/div>\n<div>\n<h2>G\u00e9rer les Urgences<\/h2>\n<div>Le temps vous est compt\u00e9\u2009! Si le tour n\u2019est pas fini lorsque le dernier grain de sable est descendu, tout est interrompu, un jeton temps est d\u00e9fauss\u00e9. Le sablier est retourn\u00e9, et le tour reprend ensuite normalement. Si la situation se reproduit avant que toutes les villes ne soient secourues, et qu\u2019il n\u2019y a plus de pion temps \u00e0 d\u00e9fausser, la partie est perdue\u2009! Autre danger, toute production de caisses risque de g\u00e9n\u00e9rer des rebuts qui s\u2019accumulent dans l\u2019avion. Des d\u00e9s sont lanc\u00e9s et le marqueur rebut avance sur sa piste. S\u2019il atteint la derni\u00e8re, la partie est perdue. L\u2019activation du centre de recyclage permet de baisser le niveau.<\/div>\n<\/div>\n<div>\n<h2>Aux Quatre Coins du Monde<\/h2>\n<div>Il faut aller vite et bien, conjuguer les efforts, utiliser au mieux le pouvoir de son r\u00f4le et g\u00e9rer les rebuts afin d\u2019\u00eatre en capacit\u00e9 de livrer toutes les villes qui en ont besoin. La victoire commune et une aide humanitaire efficace n\u2019en seront qu\u2019\u00e0 ce prix.<\/div>\n<\/div>\n","protected":false},"excerpt":{"rendered":"<div id=\"short_description_block\">\n<div id=\"short_description_content\" class=\"rte align_justify hide-smartphone\">C\u2019est \u00e0 bord d\u2019un avion, sp\u00e9cialement con\u00e7u et am\u00e9nag\u00e9 pour r\u00e9pondre aux catastrophes que vous devrez faire face aux diff\u00e9rentes crises.<\/div>\n<\/div>\n<ul class=\"illustrated_features\">\n<li class=\"langue tooltips\" title=\"\" data-hasqtip=\"5\">Fran\u00e7ais<\/li>\n<li class=\"age tooltips\" title=\"\" data-hasqtip=\"6\">\u00a0\u00e0 partir de 8 ans<\/li>\n<li class=\"duree_partie tooltips\" title=\"\" data-hasqtip=\"7\">\u00a030mn \u00e0 1h<\/li>\n<li class=\"nb_joueurs tooltips\" title=\"\" data-hasqtip=\"8\" aria-describedby=\"qtip-8\">\u00a01 \u00e0 4 joueur(s)<\/li>\n<\/ul>\n","protected":false},"featured_media":2160,"comment_status":"open","ping_status":"closed","template":"","meta":{"colormag_page_container_layout":"default_layout","colormag_page_sidebar_layout":"default_layout"},"product_brand":[],"product_cat":[82,120],"product_tag":[],"class_list":{"0":"post-2159","1":"product","2":"type-product","3":"status-publish","4":"has-post-thumbnail","6":"product_cat-pandemic-jeux-collaboratifs","7":"product_cat-pandemic-jeux-experts","9":"first","10":"instock","11":"taxable","12":"shipping-taxable","13":"purchasable","14":"product-type-simple"},"yoast_head":"<!-- This site is optimized with the Yoast SEO plugin v27.3 - https:\/\/yoast.com\/product\/yoast-seo-wordpress\/ -->\n<title>Pandemic - Intervention d&#039;urgence - Croc Jeux<\/title>\n<meta name=\"robots\" content=\"index, follow, max-snippet:-1, max-image-preview:large, max-video-preview:-1\" \/>\n<link rel=\"canonical\" href=\"https:\/\/crocjeux.com\/index.php\/produit\/pandemic-intervention-durgence\/\" \/>\n<meta property=\"og:locale\" content=\"fr_FR\" \/>\n<meta property=\"og:type\" content=\"article\" \/>\n<meta property=\"og:title\" content=\"Pandemic - Intervention d&#039;urgence - Croc Jeux\" \/>\n<meta property=\"og:description\" content=\"C\u2019est \u00e0 bord d\u2019un avion, sp\u00e9cialement con\u00e7u et am\u00e9nag\u00e9 pour r\u00e9pondre aux catastrophes que vous devrez faire face aux diff\u00e9rentes crises.    Fran\u00e7ais  \u00a0\u00e0 partir de 8 ans  \u00a030mn \u00e0 1h  \u00a01 \u00e0 4 joueur(s)\" \/>\n<meta property=\"og:url\" content=\"https:\/\/crocjeux.com\/index.php\/produit\/pandemic-intervention-durgence\/\" \/>\n<meta property=\"og:site_name\" content=\"Croc Jeux\" \/>\n<meta property=\"article:modified_time\" content=\"2022-03-10T11:18:48+00:00\" \/>\n<meta property=\"og:image\" content=\"https:\/\/crocjeux.com\/wp-content\/uploads\/2021\/02\/pandemic-intervention-d-urgence.jpg\" \/>\n\t<meta property=\"og:image:width\" content=\"372\" \/>\n\t<meta property=\"og:image:height\" content=\"372\" \/>\n\t<meta property=\"og:image:type\" content=\"image\/jpeg\" \/>\n<meta name=\"twitter:card\" content=\"summary_large_image\" \/>\n<meta name=\"twitter:label1\" content=\"Dur\u00e9e de lecture estim\u00e9e\" \/>\n\t<meta name=\"twitter:data1\" content=\"2 minutes\" \/>\n<script type=\"application\/ld+json\" class=\"yoast-schema-graph\">{\"@context\":\"https:\\\/\\\/schema.org\",\"@graph\":[{\"@type\":\"WebPage\",\"@id\":\"https:\\\/\\\/crocjeux.com\\\/index.php\\\/produit\\\/pandemic-intervention-durgence\\\/\",\"url\":\"https:\\\/\\\/crocjeux.com\\\/index.php\\\/produit\\\/pandemic-intervention-durgence\\\/\",\"name\":\"Pandemic - Intervention d'urgence - Croc Jeux\",\"isPartOf\":{\"@id\":\"https:\\\/\\\/crocjeux.com\\\/#website\"},\"primaryImageOfPage\":{\"@id\":\"https:\\\/\\\/crocjeux.com\\\/index.php\\\/produit\\\/pandemic-intervention-durgence\\\/#primaryimage\"},\"image\":{\"@id\":\"https:\\\/\\\/crocjeux.com\\\/index.php\\\/produit\\\/pandemic-intervention-durgence\\\/#primaryimage\"},\"thumbnailUrl\":\"https:\\\/\\\/crocjeux.com\\\/wp-content\\\/uploads\\\/2021\\\/02\\\/pandemic-intervention-d-urgence.jpg\",\"datePublished\":\"2021-02-15T16:32:20+00:00\",\"dateModified\":\"2022-03-10T11:18:48+00:00\",\"breadcrumb\":{\"@id\":\"https:\\\/\\\/crocjeux.com\\\/index.php\\\/produit\\\/pandemic-intervention-durgence\\\/#breadcrumb\"},\"inLanguage\":\"fr-FR\",\"potentialAction\":[{\"@type\":\"ReadAction\",\"target\":[\"https:\\\/\\\/crocjeux.com\\\/index.php\\\/produit\\\/pandemic-intervention-durgence\\\/\"]}]},{\"@type\":\"ImageObject\",\"inLanguage\":\"fr-FR\",\"@id\":\"https:\\\/\\\/crocjeux.com\\\/index.php\\\/produit\\\/pandemic-intervention-durgence\\\/#primaryimage\",\"url\":\"https:\\\/\\\/crocjeux.com\\\/wp-content\\\/uploads\\\/2021\\\/02\\\/pandemic-intervention-d-urgence.jpg\",\"contentUrl\":\"https:\\\/\\\/crocjeux.com\\\/wp-content\\\/uploads\\\/2021\\\/02\\\/pandemic-intervention-d-urgence.jpg\",\"width\":372,\"height\":372},{\"@type\":\"BreadcrumbList\",\"@id\":\"https:\\\/\\\/crocjeux.com\\\/index.php\\\/produit\\\/pandemic-intervention-durgence\\\/#breadcrumb\",\"itemListElement\":[{\"@type\":\"ListItem\",\"position\":1,\"name\":\"Accueil\",\"item\":\"https:\\\/\\\/crocjeux.com\\\/\"},{\"@type\":\"ListItem\",\"position\":2,\"name\":\"Boutique\",\"item\":\"https:\\\/\\\/crocjeux.com\\\/\"},{\"@type\":\"ListItem\",\"position\":3,\"name\":\"Pandemic &#8211; Intervention d&#8217;urgence\"}]},{\"@type\":\"WebSite\",\"@id\":\"https:\\\/\\\/crocjeux.com\\\/#website\",\"url\":\"https:\\\/\\\/crocjeux.com\\\/\",\"name\":\"Croc Jeux\",\"description\":\"Bienvenue chez Croc Jeux!\",\"publisher\":{\"@id\":\"https:\\\/\\\/crocjeux.com\\\/#organization\"},\"potentialAction\":[{\"@type\":\"SearchAction\",\"target\":{\"@type\":\"EntryPoint\",\"urlTemplate\":\"https:\\\/\\\/crocjeux.com\\\/?s={search_term_string}\"},\"query-input\":{\"@type\":\"PropertyValueSpecification\",\"valueRequired\":true,\"valueName\":\"search_term_string\"}}],\"inLanguage\":\"fr-FR\"},{\"@type\":\"Organization\",\"@id\":\"https:\\\/\\\/crocjeux.com\\\/#organization\",\"name\":\"Croc Jeux\",\"url\":\"https:\\\/\\\/crocjeux.com\\\/\",\"logo\":{\"@type\":\"ImageObject\",\"inLanguage\":\"fr-FR\",\"@id\":\"https:\\\/\\\/crocjeux.com\\\/#\\\/schema\\\/logo\\\/image\\\/\",\"url\":\"https:\\\/\\\/crocjeux.com\\\/wp-content\\\/uploads\\\/2022\\\/01\\\/cropped-logo-croc-etape-1-e1644574034239.jpg\",\"contentUrl\":\"https:\\\/\\\/crocjeux.com\\\/wp-content\\\/uploads\\\/2022\\\/01\\\/cropped-logo-croc-etape-1-e1644574034239.jpg\",\"width\":1224,\"height\":314,\"caption\":\"Croc Jeux\"},\"image\":{\"@id\":\"https:\\\/\\\/crocjeux.com\\\/#\\\/schema\\\/logo\\\/image\\\/\"}}]}<\/script>\n<!-- \/ Yoast SEO plugin. -->","yoast_head_json":{"title":"Pandemic - Intervention d'urgence - Croc Jeux","robots":{"index":"index","follow":"follow","max-snippet":"max-snippet:-1","max-image-preview":"max-image-preview:large","max-video-preview":"max-video-preview:-1"},"canonical":"https:\/\/crocjeux.com\/index.php\/produit\/pandemic-intervention-durgence\/","og_locale":"fr_FR","og_type":"article","og_title":"Pandemic - Intervention d'urgence - Croc Jeux","og_description":"C\u2019est \u00e0 bord d\u2019un avion, sp\u00e9cialement con\u00e7u et am\u00e9nag\u00e9 pour r\u00e9pondre aux catastrophes que vous devrez faire face aux diff\u00e9rentes crises.    Fran\u00e7ais  \u00a0\u00e0 partir de 8 ans  \u00a030mn \u00e0 1h  \u00a01 \u00e0 4 joueur(s)","og_url":"https:\/\/crocjeux.com\/index.php\/produit\/pandemic-intervention-durgence\/","og_site_name":"Croc Jeux","article_modified_time":"2022-03-10T11:18:48+00:00","og_image":[{"width":372,"height":372,"url":"https:\/\/crocjeux.com\/wp-content\/uploads\/2021\/02\/pandemic-intervention-d-urgence.jpg","type":"image\/jpeg"}],"twitter_card":"summary_large_image","twitter_misc":{"Dur\u00e9e de lecture estim\u00e9e":"2 minutes"},"schema":{"@context":"https:\/\/schema.org","@graph":[{"@type":"WebPage","@id":"https:\/\/crocjeux.com\/index.php\/produit\/pandemic-intervention-durgence\/","url":"https:\/\/crocjeux.com\/index.php\/produit\/pandemic-intervention-durgence\/","name":"Pandemic - Intervention d'urgence - Croc Jeux","isPartOf":{"@id":"https:\/\/crocjeux.com\/#website"},"primaryImageOfPage":{"@id":"https:\/\/crocjeux.com\/index.php\/produit\/pandemic-intervention-durgence\/#primaryimage"},"image":{"@id":"https:\/\/crocjeux.com\/index.php\/produit\/pandemic-intervention-durgence\/#primaryimage"},"thumbnailUrl":"https:\/\/crocjeux.com\/wp-content\/uploads\/2021\/02\/pandemic-intervention-d-urgence.jpg","datePublished":"2021-02-15T16:32:20+00:00","dateModified":"2022-03-10T11:18:48+00:00","breadcrumb":{"@id":"https:\/\/crocjeux.com\/index.php\/produit\/pandemic-intervention-durgence\/#breadcrumb"},"inLanguage":"fr-FR","potentialAction":[{"@type":"ReadAction","target":["https:\/\/crocjeux.com\/index.php\/produit\/pandemic-intervention-durgence\/"]}]},{"@type":"ImageObject","inLanguage":"fr-FR","@id":"https:\/\/crocjeux.com\/index.php\/produit\/pandemic-intervention-durgence\/#primaryimage","url":"https:\/\/crocjeux.com\/wp-content\/uploads\/2021\/02\/pandemic-intervention-d-urgence.jpg","contentUrl":"https:\/\/crocjeux.com\/wp-content\/uploads\/2021\/02\/pandemic-intervention-d-urgence.jpg","width":372,"height":372},{"@type":"BreadcrumbList","@id":"https:\/\/crocjeux.com\/index.php\/produit\/pandemic-intervention-durgence\/#breadcrumb","itemListElement":[{"@type":"ListItem","position":1,"name":"Accueil","item":"https:\/\/crocjeux.com\/"},{"@type":"ListItem","position":2,"name":"Boutique","item":"https:\/\/crocjeux.com\/"},{"@type":"ListItem","position":3,"name":"Pandemic &#8211; Intervention d&#8217;urgence"}]},{"@type":"WebSite","@id":"https:\/\/crocjeux.com\/#website","url":"https:\/\/crocjeux.com\/","name":"Croc Jeux","description":"Bienvenue chez Croc Jeux!","publisher":{"@id":"https:\/\/crocjeux.com\/#organization"},"potentialAction":[{"@type":"SearchAction","target":{"@type":"EntryPoint","urlTemplate":"https:\/\/crocjeux.com\/?s={search_term_string}"},"query-input":{"@type":"PropertyValueSpecification","valueRequired":true,"valueName":"search_term_string"}}],"inLanguage":"fr-FR"},{"@type":"Organization","@id":"https:\/\/crocjeux.com\/#organization","name":"Croc Jeux","url":"https:\/\/crocjeux.com\/","logo":{"@type":"ImageObject","inLanguage":"fr-FR","@id":"https:\/\/crocjeux.com\/#\/schema\/logo\/image\/","url":"https:\/\/crocjeux.com\/wp-content\/uploads\/2022\/01\/cropped-logo-croc-etape-1-e1644574034239.jpg","contentUrl":"https:\/\/crocjeux.com\/wp-content\/uploads\/2022\/01\/cropped-logo-croc-etape-1-e1644574034239.jpg","width":1224,"height":314,"caption":"Croc Jeux"},"image":{"@id":"https:\/\/crocjeux.com\/#\/schema\/logo\/image\/"}}]}},"_links":{"self":[{"href":"https:\/\/crocjeux.com\/index.php\/wp-json\/wp\/v2\/product\/2159","targetHints":{"allow":["GET"]}}],"collection":[{"href":"https:\/\/crocjeux.com\/index.php\/wp-json\/wp\/v2\/product"}],"about":[{"href":"https:\/\/crocjeux.com\/index.php\/wp-json\/wp\/v2\/types\/product"}],"replies":[{"embeddable":true,"href":"https:\/\/crocjeux.com\/index.php\/wp-json\/wp\/v2\/comments?post=2159"}],"wp:featuredmedia":[{"embeddable":true,"href":"https:\/\/crocjeux.com\/index.php\/wp-json\/wp\/v2\/media\/2160"}],"wp:attachment":[{"href":"https:\/\/crocjeux.com\/index.php\/wp-json\/wp\/v2\/media?parent=2159"}],"wp:term":[{"taxonomy":"product_brand","embeddable":true,"href":"https:\/\/crocjeux.com\/index.php\/wp-json\/wp\/v2\/product_brand?post=2159"},{"taxonomy":"product_cat","embeddable":true,"href":"https:\/\/crocjeux.com\/index.php\/wp-json\/wp\/v2\/product_cat?post=2159"},{"taxonomy":"product_tag","embeddable":true,"href":"https:\/\/crocjeux.com\/index.php\/wp-json\/wp\/v2\/product_tag?post=2159"}],"curies":[{"name":"wp","href":"https:\/\/api.w.org\/{rel}","templated":true}]}}