{"id":2670,"date":"2021-12-31T12:35:56","date_gmt":"2021-12-31T11:35:56","guid":{"rendered":"https:\/\/crocjeux.com\/?post_type=product&#038;p=2670"},"modified":"2025-02-13T10:36:37","modified_gmt":"2025-02-13T09:36:37","slug":"carcassonne-big-box-v1","status":"publish","type":"product","link":"https:\/\/crocjeux.com\/index.php\/produit\/carcassonne-big-box-v1\/","title":{"rendered":"Carcassonne &#8211; Big Box v1"},"content":{"rendered":"<div id=\"product-description-short-12705\" class=\"rte-content\">\n<p class=\"p1\">D\u00e9couvrez\u00a0<strong>Carcassonne Big Box<\/strong>, le cadeau id\u00e9al pour les fans de Carcassonne car elle comprend le\u00a0<strong>jeu de base<\/strong>\u00a0mais aussi\u00a0<strong>11 extensions<\/strong>. Ce coffret ravira les joueurs v\u00e9t\u00e9rans, gr\u00e2ce \u00e0 des titres comme \u00ab Marchands et B\u00e2tisseurs \u00bb, \u00ab Auberges et Cath\u00e9drales \u00bb, \u00ab Les H\u00e9rauts \u00bb, \u00ab Les Agroglyphes \u00bb, \u00ab Les bacs \u00bb, \u00ab Les Mines d\u2019or \u00bb ou encore \u00ab Mage &amp; Sorci\u00e8re \u00bb, parmi tant d\u2019autres.<\/p>\n<p class=\"p1\"><span class=\"s1\">Elles sont combinables \u00e0 volont\u00e9. La Big Box est \u00e9galement un excellent coffret d\u2019initiation, qui garantit des dizaines d\u2019heures de jeu.<\/span><\/p>\n<\/div>\n","protected":false},"excerpt":{"rendered":"<p>D\u00e9couvrez\u00a0Carcassonne Big Box, le cadeau id\u00e9al pour les fans de Carcassonne car elle comprend le\u00a0jeu de base\u00a0mais aussi\u00a011 extensions. Ce<\/p>\n","protected":false},"featured_media":2671,"comment_status":"open","ping_status":"closed","template":"","meta":{"colormag_page_container_layout":"default_layout","colormag_page_sidebar_layout":"default_layout"},"product_brand":[],"product_cat":[43,18,36,29],"product_tag":[],"class_list":{"0":"post-2670","1":"product","2":"type-product","3":"status-publish","4":"has-post-thumbnail","6":"product_cat-grand-classique","7":"product_cat-jeux-de-strategie","8":"product_cat-jeux-familiaux","9":"product_cat-jeux-2-joueurs","11":"first","12":"outofstock","13":"taxable","14":"shipping-taxable","15":"purchasable","16":"product-type-simple"},"yoast_head":"<!-- This site is optimized with the Yoast SEO plugin v27.4 - https:\/\/yoast.com\/product\/yoast-seo-wordpress\/ -->\n<title>Carcassonne - Big Box v1 - Croc Jeux<\/title>\n<meta name=\"robots\" content=\"index, follow, max-snippet:-1, max-image-preview:large, max-video-preview:-1\" \/>\n<link rel=\"canonical\" href=\"https:\/\/crocjeux.com\/index.php\/produit\/carcassonne-big-box-v1\/\" \/>\n<meta property=\"og:locale\" content=\"fr_FR\" \/>\n<meta property=\"og:type\" content=\"article\" \/>\n<meta property=\"og:title\" content=\"Carcassonne - Big Box v1 - Croc Jeux\" \/>\n<meta property=\"og:description\" content=\"D\u00e9couvrez\u00a0Carcassonne Big Box, le cadeau id\u00e9al pour les fans de Carcassonne car elle comprend le\u00a0jeu de base\u00a0mais aussi\u00a011 extensions. Ce\" \/>\n<meta property=\"og:url\" content=\"https:\/\/crocjeux.com\/index.php\/produit\/carcassonne-big-box-v1\/\" \/>\n<meta property=\"og:site_name\" content=\"Croc Jeux\" \/>\n<meta property=\"article:modified_time\" content=\"2025-02-13T09:36:37+00:00\" \/>\n<meta property=\"og:image\" content=\"https:\/\/crocjeux.com\/wp-content\/uploads\/2021\/12\/carcassonne-big-box.jpg\" \/>\n\t<meta property=\"og:image:width\" content=\"500\" \/>\n\t<meta property=\"og:image:height\" content=\"500\" \/>\n\t<meta property=\"og:image:type\" content=\"image\/jpeg\" \/>\n<meta name=\"twitter:card\" content=\"summary_large_image\" \/>\n<script type=\"application\/ld+json\" class=\"yoast-schema-graph\">{\"@context\":\"https:\\\/\\\/schema.org\",\"@graph\":[{\"@type\":\"WebPage\",\"@id\":\"https:\\\/\\\/crocjeux.com\\\/index.php\\\/produit\\\/carcassonne-big-box-v1\\\/\",\"url\":\"https:\\\/\\\/crocjeux.com\\\/index.php\\\/produit\\\/carcassonne-big-box-v1\\\/\",\"name\":\"Carcassonne - Big Box v1 - Croc Jeux\",\"isPartOf\":{\"@id\":\"https:\\\/\\\/crocjeux.com\\\/#website\"},\"primaryImageOfPage\":{\"@id\":\"https:\\\/\\\/crocjeux.com\\\/index.php\\\/produit\\\/carcassonne-big-box-v1\\\/#primaryimage\"},\"image\":{\"@id\":\"https:\\\/\\\/crocjeux.com\\\/index.php\\\/produit\\\/carcassonne-big-box-v1\\\/#primaryimage\"},\"thumbnailUrl\":\"https:\\\/\\\/crocjeux.com\\\/wp-content\\\/uploads\\\/2021\\\/12\\\/carcassonne-big-box.jpg\",\"datePublished\":\"2021-12-31T11:35:56+00:00\",\"dateModified\":\"2025-02-13T09:36:37+00:00\",\"breadcrumb\":{\"@id\":\"https:\\\/\\\/crocjeux.com\\\/index.php\\\/produit\\\/carcassonne-big-box-v1\\\/#breadcrumb\"},\"inLanguage\":\"fr-FR\",\"potentialAction\":[{\"@type\":\"ReadAction\",\"target\":[\"https:\\\/\\\/crocjeux.com\\\/index.php\\\/produit\\\/carcassonne-big-box-v1\\\/\"]}]},{\"@type\":\"ImageObject\",\"inLanguage\":\"fr-FR\",\"@id\":\"https:\\\/\\\/crocjeux.com\\\/index.php\\\/produit\\\/carcassonne-big-box-v1\\\/#primaryimage\",\"url\":\"https:\\\/\\\/crocjeux.com\\\/wp-content\\\/uploads\\\/2021\\\/12\\\/carcassonne-big-box.jpg\",\"contentUrl\":\"https:\\\/\\\/crocjeux.com\\\/wp-content\\\/uploads\\\/2021\\\/12\\\/carcassonne-big-box.jpg\",\"width\":500,\"height\":500},{\"@type\":\"BreadcrumbList\",\"@id\":\"https:\\\/\\\/crocjeux.com\\\/index.php\\\/produit\\\/carcassonne-big-box-v1\\\/#breadcrumb\",\"itemListElement\":[{\"@type\":\"ListItem\",\"position\":1,\"name\":\"Accueil\",\"item\":\"https:\\\/\\\/crocjeux.com\\\/\"},{\"@type\":\"ListItem\",\"position\":2,\"name\":\"Boutique\",\"item\":\"https:\\\/\\\/crocjeux.com\\\/\"},{\"@type\":\"ListItem\",\"position\":3,\"name\":\"Carcassonne &#8211; Big Box v1\"}]},{\"@type\":\"WebSite\",\"@id\":\"https:\\\/\\\/crocjeux.com\\\/#website\",\"url\":\"https:\\\/\\\/crocjeux.com\\\/\",\"name\":\"Croc Jeux\",\"description\":\"Bienvenue chez Croc Jeux!\",\"publisher\":{\"@id\":\"https:\\\/\\\/crocjeux.com\\\/#organization\"},\"potentialAction\":[{\"@type\":\"SearchAction\",\"target\":{\"@type\":\"EntryPoint\",\"urlTemplate\":\"https:\\\/\\\/crocjeux.com\\\/?s={search_term_string}\"},\"query-input\":{\"@type\":\"PropertyValueSpecification\",\"valueRequired\":true,\"valueName\":\"search_term_string\"}}],\"inLanguage\":\"fr-FR\"},{\"@type\":\"Organization\",\"@id\":\"https:\\\/\\\/crocjeux.com\\\/#organization\",\"name\":\"Croc Jeux\",\"url\":\"https:\\\/\\\/crocjeux.com\\\/\",\"logo\":{\"@type\":\"ImageObject\",\"inLanguage\":\"fr-FR\",\"@id\":\"https:\\\/\\\/crocjeux.com\\\/#\\\/schema\\\/logo\\\/image\\\/\",\"url\":\"https:\\\/\\\/crocjeux.com\\\/wp-content\\\/uploads\\\/2022\\\/01\\\/cropped-logo-croc-etape-1-e1644574034239.jpg\",\"contentUrl\":\"https:\\\/\\\/crocjeux.com\\\/wp-content\\\/uploads\\\/2022\\\/01\\\/cropped-logo-croc-etape-1-e1644574034239.jpg\",\"width\":1224,\"height\":314,\"caption\":\"Croc Jeux\"},\"image\":{\"@id\":\"https:\\\/\\\/crocjeux.com\\\/#\\\/schema\\\/logo\\\/image\\\/\"}}]}<\/script>\n<!-- \/ Yoast SEO plugin. -->","yoast_head_json":{"title":"Carcassonne - Big Box v1 - Croc Jeux","robots":{"index":"index","follow":"follow","max-snippet":"max-snippet:-1","max-image-preview":"max-image-preview:large","max-video-preview":"max-video-preview:-1"},"canonical":"https:\/\/crocjeux.com\/index.php\/produit\/carcassonne-big-box-v1\/","og_locale":"fr_FR","og_type":"article","og_title":"Carcassonne - Big Box v1 - Croc Jeux","og_description":"D\u00e9couvrez\u00a0Carcassonne Big Box, le cadeau id\u00e9al pour les fans de Carcassonne car elle comprend le\u00a0jeu de base\u00a0mais aussi\u00a011 extensions. Ce","og_url":"https:\/\/crocjeux.com\/index.php\/produit\/carcassonne-big-box-v1\/","og_site_name":"Croc Jeux","article_modified_time":"2025-02-13T09:36:37+00:00","og_image":[{"width":500,"height":500,"url":"https:\/\/crocjeux.com\/wp-content\/uploads\/2021\/12\/carcassonne-big-box.jpg","type":"image\/jpeg"}],"twitter_card":"summary_large_image","schema":{"@context":"https:\/\/schema.org","@graph":[{"@type":"WebPage","@id":"https:\/\/crocjeux.com\/index.php\/produit\/carcassonne-big-box-v1\/","url":"https:\/\/crocjeux.com\/index.php\/produit\/carcassonne-big-box-v1\/","name":"Carcassonne - Big Box v1 - Croc Jeux","isPartOf":{"@id":"https:\/\/crocjeux.com\/#website"},"primaryImageOfPage":{"@id":"https:\/\/crocjeux.com\/index.php\/produit\/carcassonne-big-box-v1\/#primaryimage"},"image":{"@id":"https:\/\/crocjeux.com\/index.php\/produit\/carcassonne-big-box-v1\/#primaryimage"},"thumbnailUrl":"https:\/\/crocjeux.com\/wp-content\/uploads\/2021\/12\/carcassonne-big-box.jpg","datePublished":"2021-12-31T11:35:56+00:00","dateModified":"2025-02-13T09:36:37+00:00","breadcrumb":{"@id":"https:\/\/crocjeux.com\/index.php\/produit\/carcassonne-big-box-v1\/#breadcrumb"},"inLanguage":"fr-FR","potentialAction":[{"@type":"ReadAction","target":["https:\/\/crocjeux.com\/index.php\/produit\/carcassonne-big-box-v1\/"]}]},{"@type":"ImageObject","inLanguage":"fr-FR","@id":"https:\/\/crocjeux.com\/index.php\/produit\/carcassonne-big-box-v1\/#primaryimage","url":"https:\/\/crocjeux.com\/wp-content\/uploads\/2021\/12\/carcassonne-big-box.jpg","contentUrl":"https:\/\/crocjeux.com\/wp-content\/uploads\/2021\/12\/carcassonne-big-box.jpg","width":500,"height":500},{"@type":"BreadcrumbList","@id":"https:\/\/crocjeux.com\/index.php\/produit\/carcassonne-big-box-v1\/#breadcrumb","itemListElement":[{"@type":"ListItem","position":1,"name":"Accueil","item":"https:\/\/crocjeux.com\/"},{"@type":"ListItem","position":2,"name":"Boutique","item":"https:\/\/crocjeux.com\/"},{"@type":"ListItem","position":3,"name":"Carcassonne &#8211; Big Box v1"}]},{"@type":"WebSite","@id":"https:\/\/crocjeux.com\/#website","url":"https:\/\/crocjeux.com\/","name":"Croc Jeux","description":"Bienvenue chez Croc Jeux!","publisher":{"@id":"https:\/\/crocjeux.com\/#organization"},"potentialAction":[{"@type":"SearchAction","target":{"@type":"EntryPoint","urlTemplate":"https:\/\/crocjeux.com\/?s={search_term_string}"},"query-input":{"@type":"PropertyValueSpecification","valueRequired":true,"valueName":"search_term_string"}}],"inLanguage":"fr-FR"},{"@type":"Organization","@id":"https:\/\/crocjeux.com\/#organization","name":"Croc Jeux","url":"https:\/\/crocjeux.com\/","logo":{"@type":"ImageObject","inLanguage":"fr-FR","@id":"https:\/\/crocjeux.com\/#\/schema\/logo\/image\/","url":"https:\/\/crocjeux.com\/wp-content\/uploads\/2022\/01\/cropped-logo-croc-etape-1-e1644574034239.jpg","contentUrl":"https:\/\/crocjeux.com\/wp-content\/uploads\/2022\/01\/cropped-logo-croc-etape-1-e1644574034239.jpg","width":1224,"height":314,"caption":"Croc Jeux"},"image":{"@id":"https:\/\/crocjeux.com\/#\/schema\/logo\/image\/"}}]}},"_links":{"self":[{"href":"https:\/\/crocjeux.com\/index.php\/wp-json\/wp\/v2\/product\/2670","targetHints":{"allow":["GET"]}}],"collection":[{"href":"https:\/\/crocjeux.com\/index.php\/wp-json\/wp\/v2\/product"}],"about":[{"href":"https:\/\/crocjeux.com\/index.php\/wp-json\/wp\/v2\/types\/product"}],"replies":[{"embeddable":true,"href":"https:\/\/crocjeux.com\/index.php\/wp-json\/wp\/v2\/comments?post=2670"}],"wp:featuredmedia":[{"embeddable":true,"href":"https:\/\/crocjeux.com\/index.php\/wp-json\/wp\/v2\/media\/2671"}],"wp:attachment":[{"href":"https:\/\/crocjeux.com\/index.php\/wp-json\/wp\/v2\/media?parent=2670"}],"wp:term":[{"taxonomy":"product_brand","embeddable":true,"href":"https:\/\/crocjeux.com\/index.php\/wp-json\/wp\/v2\/product_brand?post=2670"},{"taxonomy":"product_cat","embeddable":true,"href":"https:\/\/crocjeux.com\/index.php\/wp-json\/wp\/v2\/product_cat?post=2670"},{"taxonomy":"product_tag","embeddable":true,"href":"https:\/\/crocjeux.com\/index.php\/wp-json\/wp\/v2\/product_tag?post=2670"}],"curies":[{"name":"wp","href":"https:\/\/api.w.org\/{rel}","templated":true}]}}