{"id":289,"date":"2020-11-02T16:38:48","date_gmt":"2020-11-02T15:38:48","guid":{"rendered":"https:\/\/crocjeux.com\/?post_type=product&#038;p=289"},"modified":"2021-12-21T15:08:37","modified_gmt":"2021-12-21T14:08:37","slug":"exit-les-catacombes-de-leffroi","status":"publish","type":"product","link":"https:\/\/crocjeux.com\/index.php\/produit\/exit-les-catacombes-de-leffroi\/","title":{"rendered":"Exit &#8211; Les Catacombes de l&rsquo;Effroi"},"content":{"rendered":"<p>Vous recevez une lettre inqui\u00e9tante de votre ami. Il est parti dans les catacombes de Paris depuis plusieurs jours. Vous avez peur pour et vous d\u00e9cidez de partir \u00e0 sa recherche. Mais attention : ne laissez pas les noirs secrets qui dorment sous la ville se refermer sur vous&#8230;<\/p>\n<p>La gamme Exit est un jeu qui reprend le principe des escape games mais chez vous. La gamme comprend plusieurs sc\u00e9narios : Le Laboratoire Secret, La Cabane Abandonn\u00e9e, La Station Polaire, Le Ch\u00e2teau Interdit, L\u2019\u00cele Oubli\u00e9e, Le Tr\u00e9sor Englouti, Le Tombeau du Pharaon et Le Cadavre de l\u2019Orient Express.<br \/>\nVous devrez utilis\u00e9s faire preuve de coop\u00e9ration, d&rsquo;observation et de logique.<\/p>\n<p>Attention : cet opus est le plus difficile et le plus long de toute la s\u00e9rie EXIT. La bo\u00eete contient plus de mat\u00e9riel que n&rsquo;importe quel autre EXIT et l&rsquo;aventure se divise en deux parties distinctes. A noter enfin que ce titre est conditionn\u00e9 \u00e0 l&rsquo;unit\u00e9, et est vendu \u00e0 un prix plus \u00e9lev\u00e9 que les autres EXIT.<\/p>\n","protected":false},"excerpt":{"rendered":"<div id=\"short_description_block\">\n<div id=\"short_description_content\" class=\"rte align_justify hide-smartphone\">Un de vos amis a d\u00e9cid\u00e9 de faire une excursion dans les catacombes de Paris. Vous comprenez qu&rsquo;il a disparu et vous \u00eates bien d\u00e9cid\u00e9 \u00e0 le retrouver.<\/div>\n<\/div>\n","protected":false},"featured_media":290,"comment_status":"open","ping_status":"closed","template":"","meta":{"colormag_page_container_layout":"default_layout","colormag_page_sidebar_layout":"default_layout"},"product_brand":[],"product_cat":[78,83,108,109],"product_tag":[],"class_list":{"0":"post-289","1":"product","2":"type-product","3":"status-publish","4":"has-post-thumbnail","6":"product_cat-exit-jeux-a-deux","7":"product_cat-exit-jeux-collaboratifs","8":"product_cat-exit-escape-room","9":"product_cat-exit-jeux-solo","11":"first","12":"outofstock","13":"taxable","14":"shipping-taxable","15":"purchasable","16":"product-type-simple"},"yoast_head":"<!-- This site is optimized with the Yoast SEO plugin v27.3 - https:\/\/yoast.com\/product\/yoast-seo-wordpress\/ -->\n<title>Exit - Les Catacombes de l&#039;Effroi - Croc Jeux<\/title>\n<meta name=\"robots\" content=\"index, follow, max-snippet:-1, max-image-preview:large, max-video-preview:-1\" \/>\n<link rel=\"canonical\" href=\"https:\/\/crocjeux.com\/index.php\/produit\/exit-les-catacombes-de-leffroi\/\" \/>\n<meta property=\"og:locale\" content=\"fr_FR\" \/>\n<meta property=\"og:type\" content=\"article\" \/>\n<meta property=\"og:title\" content=\"Exit - Les Catacombes de l&#039;Effroi - Croc Jeux\" \/>\n<meta property=\"og:description\" content=\"Un de vos amis a d\u00e9cid\u00e9 de faire une excursion dans les catacombes de Paris. Vous comprenez qu&#039;il a disparu et vous \u00eates bien d\u00e9cid\u00e9 \u00e0 le retrouver.\" \/>\n<meta property=\"og:url\" content=\"https:\/\/crocjeux.com\/index.php\/produit\/exit-les-catacombes-de-leffroi\/\" \/>\n<meta property=\"og:site_name\" content=\"Croc Jeux\" \/>\n<meta property=\"article:modified_time\" content=\"2021-12-21T14:08:37+00:00\" \/>\n<meta property=\"og:image\" content=\"https:\/\/crocjeux.com\/wp-content\/uploads\/2020\/11\/exit_catacombes.png\" \/>\n\t<meta property=\"og:image:width\" content=\"516\" \/>\n\t<meta property=\"og:image:height\" content=\"899\" \/>\n\t<meta property=\"og:image:type\" content=\"image\/png\" \/>\n<meta name=\"twitter:card\" content=\"summary_large_image\" \/>\n<meta name=\"twitter:label1\" content=\"Dur\u00e9e de lecture estim\u00e9e\" \/>\n\t<meta name=\"twitter:data1\" content=\"1 minute\" \/>\n<script type=\"application\/ld+json\" class=\"yoast-schema-graph\">{\"@context\":\"https:\\\/\\\/schema.org\",\"@graph\":[{\"@type\":\"WebPage\",\"@id\":\"https:\\\/\\\/crocjeux.com\\\/index.php\\\/produit\\\/exit-les-catacombes-de-leffroi\\\/\",\"url\":\"https:\\\/\\\/crocjeux.com\\\/index.php\\\/produit\\\/exit-les-catacombes-de-leffroi\\\/\",\"name\":\"Exit - Les Catacombes de l'Effroi - Croc Jeux\",\"isPartOf\":{\"@id\":\"https:\\\/\\\/crocjeux.com\\\/#website\"},\"primaryImageOfPage\":{\"@id\":\"https:\\\/\\\/crocjeux.com\\\/index.php\\\/produit\\\/exit-les-catacombes-de-leffroi\\\/#primaryimage\"},\"image\":{\"@id\":\"https:\\\/\\\/crocjeux.com\\\/index.php\\\/produit\\\/exit-les-catacombes-de-leffroi\\\/#primaryimage\"},\"thumbnailUrl\":\"https:\\\/\\\/crocjeux.com\\\/wp-content\\\/uploads\\\/2020\\\/11\\\/exit_catacombes.png\",\"datePublished\":\"2020-11-02T15:38:48+00:00\",\"dateModified\":\"2021-12-21T14:08:37+00:00\",\"breadcrumb\":{\"@id\":\"https:\\\/\\\/crocjeux.com\\\/index.php\\\/produit\\\/exit-les-catacombes-de-leffroi\\\/#breadcrumb\"},\"inLanguage\":\"fr-FR\",\"potentialAction\":[{\"@type\":\"ReadAction\",\"target\":[\"https:\\\/\\\/crocjeux.com\\\/index.php\\\/produit\\\/exit-les-catacombes-de-leffroi\\\/\"]}]},{\"@type\":\"ImageObject\",\"inLanguage\":\"fr-FR\",\"@id\":\"https:\\\/\\\/crocjeux.com\\\/index.php\\\/produit\\\/exit-les-catacombes-de-leffroi\\\/#primaryimage\",\"url\":\"https:\\\/\\\/crocjeux.com\\\/wp-content\\\/uploads\\\/2020\\\/11\\\/exit_catacombes.png\",\"contentUrl\":\"https:\\\/\\\/crocjeux.com\\\/wp-content\\\/uploads\\\/2020\\\/11\\\/exit_catacombes.png\",\"width\":516,\"height\":899},{\"@type\":\"BreadcrumbList\",\"@id\":\"https:\\\/\\\/crocjeux.com\\\/index.php\\\/produit\\\/exit-les-catacombes-de-leffroi\\\/#breadcrumb\",\"itemListElement\":[{\"@type\":\"ListItem\",\"position\":1,\"name\":\"Accueil\",\"item\":\"https:\\\/\\\/crocjeux.com\\\/\"},{\"@type\":\"ListItem\",\"position\":2,\"name\":\"Boutique\",\"item\":\"https:\\\/\\\/crocjeux.com\\\/\"},{\"@type\":\"ListItem\",\"position\":3,\"name\":\"Exit &#8211; Les Catacombes de l&#8217;Effroi\"}]},{\"@type\":\"WebSite\",\"@id\":\"https:\\\/\\\/crocjeux.com\\\/#website\",\"url\":\"https:\\\/\\\/crocjeux.com\\\/\",\"name\":\"Croc Jeux\",\"description\":\"Bienvenue chez Croc Jeux!\",\"publisher\":{\"@id\":\"https:\\\/\\\/crocjeux.com\\\/#organization\"},\"potentialAction\":[{\"@type\":\"SearchAction\",\"target\":{\"@type\":\"EntryPoint\",\"urlTemplate\":\"https:\\\/\\\/crocjeux.com\\\/?s={search_term_string}\"},\"query-input\":{\"@type\":\"PropertyValueSpecification\",\"valueRequired\":true,\"valueName\":\"search_term_string\"}}],\"inLanguage\":\"fr-FR\"},{\"@type\":\"Organization\",\"@id\":\"https:\\\/\\\/crocjeux.com\\\/#organization\",\"name\":\"Croc Jeux\",\"url\":\"https:\\\/\\\/crocjeux.com\\\/\",\"logo\":{\"@type\":\"ImageObject\",\"inLanguage\":\"fr-FR\",\"@id\":\"https:\\\/\\\/crocjeux.com\\\/#\\\/schema\\\/logo\\\/image\\\/\",\"url\":\"https:\\\/\\\/crocjeux.com\\\/wp-content\\\/uploads\\\/2022\\\/01\\\/cropped-logo-croc-etape-1-e1644574034239.jpg\",\"contentUrl\":\"https:\\\/\\\/crocjeux.com\\\/wp-content\\\/uploads\\\/2022\\\/01\\\/cropped-logo-croc-etape-1-e1644574034239.jpg\",\"width\":1224,\"height\":314,\"caption\":\"Croc Jeux\"},\"image\":{\"@id\":\"https:\\\/\\\/crocjeux.com\\\/#\\\/schema\\\/logo\\\/image\\\/\"}}]}<\/script>\n<!-- \/ Yoast SEO plugin. -->","yoast_head_json":{"title":"Exit - Les Catacombes de l'Effroi - Croc Jeux","robots":{"index":"index","follow":"follow","max-snippet":"max-snippet:-1","max-image-preview":"max-image-preview:large","max-video-preview":"max-video-preview:-1"},"canonical":"https:\/\/crocjeux.com\/index.php\/produit\/exit-les-catacombes-de-leffroi\/","og_locale":"fr_FR","og_type":"article","og_title":"Exit - Les Catacombes de l'Effroi - Croc Jeux","og_description":"Un de vos amis a d\u00e9cid\u00e9 de faire une excursion dans les catacombes de Paris. Vous comprenez qu'il a disparu et vous \u00eates bien d\u00e9cid\u00e9 \u00e0 le retrouver.","og_url":"https:\/\/crocjeux.com\/index.php\/produit\/exit-les-catacombes-de-leffroi\/","og_site_name":"Croc Jeux","article_modified_time":"2021-12-21T14:08:37+00:00","og_image":[{"width":516,"height":899,"url":"https:\/\/crocjeux.com\/wp-content\/uploads\/2020\/11\/exit_catacombes.png","type":"image\/png"}],"twitter_card":"summary_large_image","twitter_misc":{"Dur\u00e9e de lecture estim\u00e9e":"1 minute"},"schema":{"@context":"https:\/\/schema.org","@graph":[{"@type":"WebPage","@id":"https:\/\/crocjeux.com\/index.php\/produit\/exit-les-catacombes-de-leffroi\/","url":"https:\/\/crocjeux.com\/index.php\/produit\/exit-les-catacombes-de-leffroi\/","name":"Exit - Les Catacombes de l'Effroi - Croc Jeux","isPartOf":{"@id":"https:\/\/crocjeux.com\/#website"},"primaryImageOfPage":{"@id":"https:\/\/crocjeux.com\/index.php\/produit\/exit-les-catacombes-de-leffroi\/#primaryimage"},"image":{"@id":"https:\/\/crocjeux.com\/index.php\/produit\/exit-les-catacombes-de-leffroi\/#primaryimage"},"thumbnailUrl":"https:\/\/crocjeux.com\/wp-content\/uploads\/2020\/11\/exit_catacombes.png","datePublished":"2020-11-02T15:38:48+00:00","dateModified":"2021-12-21T14:08:37+00:00","breadcrumb":{"@id":"https:\/\/crocjeux.com\/index.php\/produit\/exit-les-catacombes-de-leffroi\/#breadcrumb"},"inLanguage":"fr-FR","potentialAction":[{"@type":"ReadAction","target":["https:\/\/crocjeux.com\/index.php\/produit\/exit-les-catacombes-de-leffroi\/"]}]},{"@type":"ImageObject","inLanguage":"fr-FR","@id":"https:\/\/crocjeux.com\/index.php\/produit\/exit-les-catacombes-de-leffroi\/#primaryimage","url":"https:\/\/crocjeux.com\/wp-content\/uploads\/2020\/11\/exit_catacombes.png","contentUrl":"https:\/\/crocjeux.com\/wp-content\/uploads\/2020\/11\/exit_catacombes.png","width":516,"height":899},{"@type":"BreadcrumbList","@id":"https:\/\/crocjeux.com\/index.php\/produit\/exit-les-catacombes-de-leffroi\/#breadcrumb","itemListElement":[{"@type":"ListItem","position":1,"name":"Accueil","item":"https:\/\/crocjeux.com\/"},{"@type":"ListItem","position":2,"name":"Boutique","item":"https:\/\/crocjeux.com\/"},{"@type":"ListItem","position":3,"name":"Exit &#8211; Les Catacombes de l&#8217;Effroi"}]},{"@type":"WebSite","@id":"https:\/\/crocjeux.com\/#website","url":"https:\/\/crocjeux.com\/","name":"Croc Jeux","description":"Bienvenue chez Croc Jeux!","publisher":{"@id":"https:\/\/crocjeux.com\/#organization"},"potentialAction":[{"@type":"SearchAction","target":{"@type":"EntryPoint","urlTemplate":"https:\/\/crocjeux.com\/?s={search_term_string}"},"query-input":{"@type":"PropertyValueSpecification","valueRequired":true,"valueName":"search_term_string"}}],"inLanguage":"fr-FR"},{"@type":"Organization","@id":"https:\/\/crocjeux.com\/#organization","name":"Croc Jeux","url":"https:\/\/crocjeux.com\/","logo":{"@type":"ImageObject","inLanguage":"fr-FR","@id":"https:\/\/crocjeux.com\/#\/schema\/logo\/image\/","url":"https:\/\/crocjeux.com\/wp-content\/uploads\/2022\/01\/cropped-logo-croc-etape-1-e1644574034239.jpg","contentUrl":"https:\/\/crocjeux.com\/wp-content\/uploads\/2022\/01\/cropped-logo-croc-etape-1-e1644574034239.jpg","width":1224,"height":314,"caption":"Croc Jeux"},"image":{"@id":"https:\/\/crocjeux.com\/#\/schema\/logo\/image\/"}}]}},"_links":{"self":[{"href":"https:\/\/crocjeux.com\/index.php\/wp-json\/wp\/v2\/product\/289","targetHints":{"allow":["GET"]}}],"collection":[{"href":"https:\/\/crocjeux.com\/index.php\/wp-json\/wp\/v2\/product"}],"about":[{"href":"https:\/\/crocjeux.com\/index.php\/wp-json\/wp\/v2\/types\/product"}],"replies":[{"embeddable":true,"href":"https:\/\/crocjeux.com\/index.php\/wp-json\/wp\/v2\/comments?post=289"}],"wp:featuredmedia":[{"embeddable":true,"href":"https:\/\/crocjeux.com\/index.php\/wp-json\/wp\/v2\/media\/290"}],"wp:attachment":[{"href":"https:\/\/crocjeux.com\/index.php\/wp-json\/wp\/v2\/media?parent=289"}],"wp:term":[{"taxonomy":"product_brand","embeddable":true,"href":"https:\/\/crocjeux.com\/index.php\/wp-json\/wp\/v2\/product_brand?post=289"},{"taxonomy":"product_cat","embeddable":true,"href":"https:\/\/crocjeux.com\/index.php\/wp-json\/wp\/v2\/product_cat?post=289"},{"taxonomy":"product_tag","embeddable":true,"href":"https:\/\/crocjeux.com\/index.php\/wp-json\/wp\/v2\/product_tag?post=289"}],"curies":[{"name":"wp","href":"https:\/\/api.w.org\/{rel}","templated":true}]}}