{"id":293,"date":"2020-11-02T16:49:33","date_gmt":"2020-11-02T15:49:33","guid":{"rendered":"https:\/\/crocjeux.com\/?post_type=product&#038;p=293"},"modified":"2023-01-26T17:38:31","modified_gmt":"2023-01-26T16:38:31","slug":"abyss-conspiracy","status":"publish","type":"product","link":"https:\/\/crocjeux.com\/index.php\/produit\/abyss-conspiracy\/","title":{"rendered":"Abyss &#8211; Conspiracy"},"content":{"rendered":"<h2>Intrigues et conspirations dans le Royaume d&rsquo;Abyss<\/h2>\n<p>Dans le royaume d\u2019Abyss, intrigues et corruption rythment la vie des profondeurs. \u00c0 l\u2019Assembl\u00e9e Oc\u00e9anique du S\u00e9nat, vous \u00eates au c\u0153ur de cette lutte de pouvoir permanente et vos adversaires manigancent sans rel\u00e2che pour gagner de l\u2019influence. Recrutez les Seigneurs les plus avantageux avant que vos opposants ne les d\u00e9tournent et organisez au mieux votre chambre s\u00e9natoriale. \u00c0 l\u2019Assembl\u00e9e Oc\u00e9anique du S\u00e9nat, intrigues et corruption rythment la vie des profondeurs. Vous \u00eates au c\u0153ur de cette lutte de pouvoir permanente et vos adversaires manigancent sans rel\u00e2che pour gagner de l\u2019influence.<\/p>\n<h2>Recrutez les Seigneurs les plus influents !<\/h2>\n<p>Recrutez les Seigneurs les plus avantageux avant que vos opposants ne les d\u00e9tournent et organisez au mieux votre Chambre S\u00e9natoriale. Votre unique objectif est d\u2019asseoir votre pouvoir et de r\u00e9gner en ma\u00eetre sur le royaume d\u2019Abyss dans lequel se c\u00f4toient les cinq guildes de Seigneurs : les Politiciens, les Marchands, les Cultivateurs, les Militaires et les Sorciers.Parviendrez-vous \u00e0 asseoir votre pouvoir et r\u00e9gner en ma\u00eetre sur l\u2019Assembl\u00e9e Oc\u00e9anique du S\u00e9nat ? Ralliez des Seigneurs \u00e0 votre cause pour constituer la Chambre S\u00e9natoriale la plus influente de l\u2019h\u00e9micycle et vous assurer ainsi la mainmise sur l\u2019Assembl\u00e9e Oc\u00e9anique du S\u00e9nat.<\/p>\n<p>Conspiracy fait partie de l\u2019univers d\u2019Abyss mais se joue ind\u00e9pendamment des autres jeux.<\/p>\n","protected":false},"excerpt":{"rendered":"<div id=\"short_description_block\">\n<div id=\"short_description_content\" class=\"rte align_justify hide-smartphone\">Parviendrez-vous \u00e0 asseoir votre pouvoir et r\u00e9gner en ma\u00eetre sur l\u2019Assembl\u00e9e Oc\u00e9anique du S\u00e9nat ? Replongez dans l&rsquo;univers d&rsquo;Abyss et Ralliez des Seigneurs \u00e0 votre cause pour constituer la Chambre S\u00e9natoriale la plus influente de l\u2019h\u00e9micycle et vous assurer ainsi la mainmise sur l\u2019Assembl\u00e9e Oc\u00e9anique du S\u00e9nat.<\/div>\n<\/div>\n","protected":false},"featured_media":53,"comment_status":"open","ping_status":"closed","template":"","meta":{"colormag_page_container_layout":"default_layout","colormag_page_sidebar_layout":"default_layout"},"product_brand":[],"product_cat":[18,36,29],"product_tag":[],"class_list":{"0":"post-293","1":"product","2":"type-product","3":"status-publish","4":"has-post-thumbnail","6":"product_cat-jeux-de-strategie","7":"product_cat-jeux-familiaux","8":"product_cat-jeux-2-joueurs","10":"first","11":"instock","12":"taxable","13":"shipping-taxable","14":"purchasable","15":"product-type-simple"},"yoast_head":"<!-- This site is optimized with the Yoast SEO plugin v27.4 - https:\/\/yoast.com\/product\/yoast-seo-wordpress\/ -->\n<title>Abyss - Conspiracy - Croc Jeux<\/title>\n<meta name=\"robots\" content=\"index, follow, max-snippet:-1, max-image-preview:large, max-video-preview:-1\" \/>\n<link rel=\"canonical\" href=\"https:\/\/crocjeux.com\/index.php\/produit\/abyss-conspiracy\/\" \/>\n<meta property=\"og:locale\" content=\"fr_FR\" \/>\n<meta property=\"og:type\" content=\"article\" \/>\n<meta property=\"og:title\" content=\"Abyss - Conspiracy - Croc Jeux\" \/>\n<meta property=\"og:description\" content=\"Parviendrez-vous \u00e0 asseoir votre pouvoir et r\u00e9gner en ma\u00eetre sur l\u2019Assembl\u00e9e Oc\u00e9anique du S\u00e9nat ? Replongez dans l&#039;univers d&#039;Abyss et Ralliez des Seigneurs \u00e0 votre cause pour constituer la Chambre S\u00e9natoriale la plus influente de l\u2019h\u00e9micycle et vous assurer ainsi la mainmise sur l\u2019Assembl\u00e9e Oc\u00e9anique du S\u00e9nat.\" \/>\n<meta property=\"og:url\" content=\"https:\/\/crocjeux.com\/index.php\/produit\/abyss-conspiracy\/\" \/>\n<meta property=\"og:site_name\" content=\"Croc Jeux\" \/>\n<meta property=\"article:modified_time\" content=\"2023-01-26T16:38:31+00:00\" \/>\n<meta property=\"og:image\" content=\"https:\/\/crocjeux.com\/wp-content\/uploads\/2020\/10\/cat_affrontement.png\" \/>\n\t<meta property=\"og:image:width\" content=\"809\" \/>\n\t<meta property=\"og:image:height\" content=\"888\" \/>\n\t<meta property=\"og:image:type\" content=\"image\/png\" \/>\n<meta name=\"twitter:card\" content=\"summary_large_image\" \/>\n<meta name=\"twitter:label1\" content=\"Dur\u00e9e de lecture estim\u00e9e\" \/>\n\t<meta name=\"twitter:data1\" content=\"1 minute\" \/>\n<script type=\"application\/ld+json\" class=\"yoast-schema-graph\">{\"@context\":\"https:\\\/\\\/schema.org\",\"@graph\":[{\"@type\":\"WebPage\",\"@id\":\"https:\\\/\\\/crocjeux.com\\\/index.php\\\/produit\\\/abyss-conspiracy\\\/\",\"url\":\"https:\\\/\\\/crocjeux.com\\\/index.php\\\/produit\\\/abyss-conspiracy\\\/\",\"name\":\"Abyss - Conspiracy - Croc Jeux\",\"isPartOf\":{\"@id\":\"https:\\\/\\\/crocjeux.com\\\/#website\"},\"primaryImageOfPage\":{\"@id\":\"https:\\\/\\\/crocjeux.com\\\/index.php\\\/produit\\\/abyss-conspiracy\\\/#primaryimage\"},\"image\":{\"@id\":\"https:\\\/\\\/crocjeux.com\\\/index.php\\\/produit\\\/abyss-conspiracy\\\/#primaryimage\"},\"thumbnailUrl\":\"https:\\\/\\\/crocjeux.com\\\/wp-content\\\/uploads\\\/2020\\\/10\\\/cat_affrontement.png\",\"datePublished\":\"2020-11-02T15:49:33+00:00\",\"dateModified\":\"2023-01-26T16:38:31+00:00\",\"breadcrumb\":{\"@id\":\"https:\\\/\\\/crocjeux.com\\\/index.php\\\/produit\\\/abyss-conspiracy\\\/#breadcrumb\"},\"inLanguage\":\"fr-FR\",\"potentialAction\":[{\"@type\":\"ReadAction\",\"target\":[\"https:\\\/\\\/crocjeux.com\\\/index.php\\\/produit\\\/abyss-conspiracy\\\/\"]}]},{\"@type\":\"ImageObject\",\"inLanguage\":\"fr-FR\",\"@id\":\"https:\\\/\\\/crocjeux.com\\\/index.php\\\/produit\\\/abyss-conspiracy\\\/#primaryimage\",\"url\":\"https:\\\/\\\/crocjeux.com\\\/wp-content\\\/uploads\\\/2020\\\/10\\\/cat_affrontement.png\",\"contentUrl\":\"https:\\\/\\\/crocjeux.com\\\/wp-content\\\/uploads\\\/2020\\\/10\\\/cat_affrontement.png\",\"width\":809,\"height\":888},{\"@type\":\"BreadcrumbList\",\"@id\":\"https:\\\/\\\/crocjeux.com\\\/index.php\\\/produit\\\/abyss-conspiracy\\\/#breadcrumb\",\"itemListElement\":[{\"@type\":\"ListItem\",\"position\":1,\"name\":\"Accueil\",\"item\":\"https:\\\/\\\/crocjeux.com\\\/\"},{\"@type\":\"ListItem\",\"position\":2,\"name\":\"Boutique\",\"item\":\"https:\\\/\\\/crocjeux.com\\\/\"},{\"@type\":\"ListItem\",\"position\":3,\"name\":\"Abyss &#8211; Conspiracy\"}]},{\"@type\":\"WebSite\",\"@id\":\"https:\\\/\\\/crocjeux.com\\\/#website\",\"url\":\"https:\\\/\\\/crocjeux.com\\\/\",\"name\":\"Croc Jeux\",\"description\":\"Bienvenue chez Croc Jeux!\",\"publisher\":{\"@id\":\"https:\\\/\\\/crocjeux.com\\\/#organization\"},\"potentialAction\":[{\"@type\":\"SearchAction\",\"target\":{\"@type\":\"EntryPoint\",\"urlTemplate\":\"https:\\\/\\\/crocjeux.com\\\/?s={search_term_string}\"},\"query-input\":{\"@type\":\"PropertyValueSpecification\",\"valueRequired\":true,\"valueName\":\"search_term_string\"}}],\"inLanguage\":\"fr-FR\"},{\"@type\":\"Organization\",\"@id\":\"https:\\\/\\\/crocjeux.com\\\/#organization\",\"name\":\"Croc Jeux\",\"url\":\"https:\\\/\\\/crocjeux.com\\\/\",\"logo\":{\"@type\":\"ImageObject\",\"inLanguage\":\"fr-FR\",\"@id\":\"https:\\\/\\\/crocjeux.com\\\/#\\\/schema\\\/logo\\\/image\\\/\",\"url\":\"https:\\\/\\\/crocjeux.com\\\/wp-content\\\/uploads\\\/2022\\\/01\\\/cropped-logo-croc-etape-1-e1644574034239.jpg\",\"contentUrl\":\"https:\\\/\\\/crocjeux.com\\\/wp-content\\\/uploads\\\/2022\\\/01\\\/cropped-logo-croc-etape-1-e1644574034239.jpg\",\"width\":1224,\"height\":314,\"caption\":\"Croc Jeux\"},\"image\":{\"@id\":\"https:\\\/\\\/crocjeux.com\\\/#\\\/schema\\\/logo\\\/image\\\/\"}}]}<\/script>\n<!-- \/ Yoast SEO plugin. -->","yoast_head_json":{"title":"Abyss - Conspiracy - Croc Jeux","robots":{"index":"index","follow":"follow","max-snippet":"max-snippet:-1","max-image-preview":"max-image-preview:large","max-video-preview":"max-video-preview:-1"},"canonical":"https:\/\/crocjeux.com\/index.php\/produit\/abyss-conspiracy\/","og_locale":"fr_FR","og_type":"article","og_title":"Abyss - Conspiracy - Croc Jeux","og_description":"Parviendrez-vous \u00e0 asseoir votre pouvoir et r\u00e9gner en ma\u00eetre sur l\u2019Assembl\u00e9e Oc\u00e9anique du S\u00e9nat ? Replongez dans l'univers d'Abyss et Ralliez des Seigneurs \u00e0 votre cause pour constituer la Chambre S\u00e9natoriale la plus influente de l\u2019h\u00e9micycle et vous assurer ainsi la mainmise sur l\u2019Assembl\u00e9e Oc\u00e9anique du S\u00e9nat.","og_url":"https:\/\/crocjeux.com\/index.php\/produit\/abyss-conspiracy\/","og_site_name":"Croc Jeux","article_modified_time":"2023-01-26T16:38:31+00:00","og_image":[{"width":809,"height":888,"url":"https:\/\/crocjeux.com\/wp-content\/uploads\/2020\/10\/cat_affrontement.png","type":"image\/png"}],"twitter_card":"summary_large_image","twitter_misc":{"Dur\u00e9e de lecture estim\u00e9e":"1 minute"},"schema":{"@context":"https:\/\/schema.org","@graph":[{"@type":"WebPage","@id":"https:\/\/crocjeux.com\/index.php\/produit\/abyss-conspiracy\/","url":"https:\/\/crocjeux.com\/index.php\/produit\/abyss-conspiracy\/","name":"Abyss - Conspiracy - Croc Jeux","isPartOf":{"@id":"https:\/\/crocjeux.com\/#website"},"primaryImageOfPage":{"@id":"https:\/\/crocjeux.com\/index.php\/produit\/abyss-conspiracy\/#primaryimage"},"image":{"@id":"https:\/\/crocjeux.com\/index.php\/produit\/abyss-conspiracy\/#primaryimage"},"thumbnailUrl":"https:\/\/crocjeux.com\/wp-content\/uploads\/2020\/10\/cat_affrontement.png","datePublished":"2020-11-02T15:49:33+00:00","dateModified":"2023-01-26T16:38:31+00:00","breadcrumb":{"@id":"https:\/\/crocjeux.com\/index.php\/produit\/abyss-conspiracy\/#breadcrumb"},"inLanguage":"fr-FR","potentialAction":[{"@type":"ReadAction","target":["https:\/\/crocjeux.com\/index.php\/produit\/abyss-conspiracy\/"]}]},{"@type":"ImageObject","inLanguage":"fr-FR","@id":"https:\/\/crocjeux.com\/index.php\/produit\/abyss-conspiracy\/#primaryimage","url":"https:\/\/crocjeux.com\/wp-content\/uploads\/2020\/10\/cat_affrontement.png","contentUrl":"https:\/\/crocjeux.com\/wp-content\/uploads\/2020\/10\/cat_affrontement.png","width":809,"height":888},{"@type":"BreadcrumbList","@id":"https:\/\/crocjeux.com\/index.php\/produit\/abyss-conspiracy\/#breadcrumb","itemListElement":[{"@type":"ListItem","position":1,"name":"Accueil","item":"https:\/\/crocjeux.com\/"},{"@type":"ListItem","position":2,"name":"Boutique","item":"https:\/\/crocjeux.com\/"},{"@type":"ListItem","position":3,"name":"Abyss &#8211; Conspiracy"}]},{"@type":"WebSite","@id":"https:\/\/crocjeux.com\/#website","url":"https:\/\/crocjeux.com\/","name":"Croc Jeux","description":"Bienvenue chez Croc Jeux!","publisher":{"@id":"https:\/\/crocjeux.com\/#organization"},"potentialAction":[{"@type":"SearchAction","target":{"@type":"EntryPoint","urlTemplate":"https:\/\/crocjeux.com\/?s={search_term_string}"},"query-input":{"@type":"PropertyValueSpecification","valueRequired":true,"valueName":"search_term_string"}}],"inLanguage":"fr-FR"},{"@type":"Organization","@id":"https:\/\/crocjeux.com\/#organization","name":"Croc Jeux","url":"https:\/\/crocjeux.com\/","logo":{"@type":"ImageObject","inLanguage":"fr-FR","@id":"https:\/\/crocjeux.com\/#\/schema\/logo\/image\/","url":"https:\/\/crocjeux.com\/wp-content\/uploads\/2022\/01\/cropped-logo-croc-etape-1-e1644574034239.jpg","contentUrl":"https:\/\/crocjeux.com\/wp-content\/uploads\/2022\/01\/cropped-logo-croc-etape-1-e1644574034239.jpg","width":1224,"height":314,"caption":"Croc Jeux"},"image":{"@id":"https:\/\/crocjeux.com\/#\/schema\/logo\/image\/"}}]}},"_links":{"self":[{"href":"https:\/\/crocjeux.com\/index.php\/wp-json\/wp\/v2\/product\/293","targetHints":{"allow":["GET"]}}],"collection":[{"href":"https:\/\/crocjeux.com\/index.php\/wp-json\/wp\/v2\/product"}],"about":[{"href":"https:\/\/crocjeux.com\/index.php\/wp-json\/wp\/v2\/types\/product"}],"replies":[{"embeddable":true,"href":"https:\/\/crocjeux.com\/index.php\/wp-json\/wp\/v2\/comments?post=293"}],"wp:featuredmedia":[{"embeddable":true,"href":"https:\/\/crocjeux.com\/index.php\/wp-json\/wp\/v2\/media\/53"}],"wp:attachment":[{"href":"https:\/\/crocjeux.com\/index.php\/wp-json\/wp\/v2\/media?parent=293"}],"wp:term":[{"taxonomy":"product_brand","embeddable":true,"href":"https:\/\/crocjeux.com\/index.php\/wp-json\/wp\/v2\/product_brand?post=293"},{"taxonomy":"product_cat","embeddable":true,"href":"https:\/\/crocjeux.com\/index.php\/wp-json\/wp\/v2\/product_cat?post=293"},{"taxonomy":"product_tag","embeddable":true,"href":"https:\/\/crocjeux.com\/index.php\/wp-json\/wp\/v2\/product_tag?post=293"}],"curies":[{"name":"wp","href":"https:\/\/api.w.org\/{rel}","templated":true}]}}