{"id":338,"date":"2020-11-03T14:25:41","date_gmt":"2020-11-03T13:25:41","guid":{"rendered":"https:\/\/crocjeux.com\/?post_type=product&#038;p=338"},"modified":"2023-02-14T13:32:02","modified_gmt":"2023-02-14T12:32:02","slug":"skyjo","status":"publish","type":"product","link":"https:\/\/crocjeux.com\/index.php\/produit\/skyjo\/","title":{"rendered":"Skyjo"},"content":{"rendered":"<section id=\"tab-description\" class=\"page-product-box r-tabs-panel r-tabs-state-active\">\n<div class=\"rte\">\n<h2>Skyjo, un jeu de cartes haut en couleur<\/h2>\n<div>Skyjo est un jeu de cartes se d\u00e9roulant en plusieurs manches. Le jeu prend fin lorsqu&rsquo;un joueur atteint la barre des 100 points ou la d\u00e9passe. \u00c0 la fin de la partie, celui qui a obtenu le moins de points est d\u00e9clar\u00e9 vainqueur. L&rsquo;objectif de Skyjo est de recueillir le moins de points possible tout au long de la partie.<\/div>\n<h2>Comment jouer ?<\/h2>\n<div>La mise place du jeu :<\/div>\n<div>\n<ol>\n<li>Chaque joueur re\u00e7oit 12 cartes<\/li>\n<li>Une carte est plac\u00e9e face visible au milieu de la table qui constituera la d\u00e9fausse. Les autres cartes formeront la pioche.<\/li>\n<li>Chaque joueur place devant lui ses 12 cartes en 4 rang\u00e9es verticales de 3 cartes face cach\u00e9e.<\/li>\n<li>Chaque joueur r\u00e9v\u00e8le 2 cartes de son choix.<\/li>\n<li>Le joueur avec la somme (des deux cartes) de points le plus \u00e9lev\u00e9e commence la partie.<\/li>\n<\/ol>\n<div>D\u00e9roulement de la partie :<\/div>\n<\/div>\n<div>\n<ol>\n<li>Le joueur tire une carte. Il a le choix entre la premi\u00e8re carte (face visible) de la d\u00e9fausse (il doit alors \u00e9changer cette carte avec l&rsquo;une de ses 12 cartes) ou la premi\u00e8re carte (face cach\u00e9e) de la pioche (il a le droit de regarder la carte et de choisir s&rsquo;il l&rsquo;\u00e9change ou non avec l&rsquo;une de ses 12 cartes).<\/li>\n<li>La manche se termine lorsqu&rsquo;un joueur a r\u00e9v\u00e9l\u00e9 toutes ses cartes. Les autres joueurs ont encore la possibilit\u00e9 de jouer encore une fois pour finir le tour de table.<\/li>\n<li>Les joueurs proc\u00e8dent au d\u00e9compte des points.<\/li>\n<li>Le joueur qui a r\u00e9v\u00e9l\u00e9 toutes ses cartes doit avoir le plus petit nombre de points. Sinon, ses points sont doubl\u00e9s.<\/li>\n<\/ol>\n<div>\n<div><\/div>\n<\/div>\n<\/div>\n<h2>Et le gagnant est &#8230;<\/h2>\n<div>\u00c0 la fin de chaque manche, les points des joueurs sont comptabilis\u00e9s et ajout\u00e9s au score total. Si \u00e0 la fin d&rsquo;une manche, un joueur atteint ou d\u00e9passe 100 points, la partie prend fin. Celui qui a le plus petit nombre de points remporte la partie.<\/div>\n<div><\/div>\n<div>Skyjo est un jeu rapide et prenant avec des r\u00e8gles simples qui poussera les joueurs a faire de nombreuses revanches !<\/div>\n<\/div>\n<\/section>\n","protected":false},"excerpt":{"rendered":"<div id=\"short_description_block\">\n<div id=\"short_description_content\" class=\"rte align_justify hide-smartphone\">Skyjo est un jeu de cartes simple et rapide dont l&rsquo;objectif des joueurs est d&rsquo;obtenir le plus petit score \u00e0 la fin de la partie qui se joue en plusieurs manches.<\/div>\n<\/div>\n","protected":false},"featured_media":339,"comment_status":"open","ping_status":"closed","template":"","meta":{"colormag_page_container_layout":"default_layout","colormag_page_sidebar_layout":"default_layout"},"product_brand":[],"product_cat":[32,36],"product_tag":[],"class_list":{"0":"post-338","1":"product","2":"type-product","3":"status-publish","4":"has-post-thumbnail","6":"product_cat-jeux-de-cartes","7":"product_cat-jeux-familiaux","9":"first","10":"instock","11":"taxable","12":"shipping-taxable","13":"purchasable","14":"product-type-simple"},"yoast_head":"<!-- This site is optimized with the Yoast SEO plugin v27.4 - https:\/\/yoast.com\/product\/yoast-seo-wordpress\/ -->\n<title>Skyjo - Croc Jeux<\/title>\n<meta name=\"robots\" content=\"index, follow, max-snippet:-1, max-image-preview:large, max-video-preview:-1\" \/>\n<link rel=\"canonical\" href=\"https:\/\/crocjeux.com\/index.php\/produit\/skyjo\/\" \/>\n<meta property=\"og:locale\" content=\"fr_FR\" \/>\n<meta property=\"og:type\" content=\"article\" \/>\n<meta property=\"og:title\" content=\"Skyjo - Croc Jeux\" \/>\n<meta property=\"og:description\" content=\"Skyjo est un jeu de cartes simple et rapide dont l&#039;objectif des joueurs est d&#039;obtenir le plus petit score \u00e0 la fin de la partie qui se joue en plusieurs manches.\" \/>\n<meta property=\"og:url\" content=\"https:\/\/crocjeux.com\/index.php\/produit\/skyjo\/\" \/>\n<meta property=\"og:site_name\" content=\"Croc Jeux\" \/>\n<meta property=\"article:modified_time\" content=\"2023-02-14T12:32:02+00:00\" \/>\n<meta property=\"og:image\" content=\"https:\/\/crocjeux.com\/wp-content\/uploads\/2020\/11\/skyjo.png\" \/>\n\t<meta property=\"og:image:width\" content=\"347\" \/>\n\t<meta property=\"og:image:height\" content=\"656\" \/>\n\t<meta property=\"og:image:type\" content=\"image\/png\" \/>\n<meta name=\"twitter:card\" content=\"summary_large_image\" \/>\n<meta name=\"twitter:label1\" content=\"Dur\u00e9e de lecture estim\u00e9e\" \/>\n\t<meta name=\"twitter:data1\" content=\"2 minutes\" \/>\n<script type=\"application\/ld+json\" class=\"yoast-schema-graph\">{\"@context\":\"https:\\\/\\\/schema.org\",\"@graph\":[{\"@type\":\"WebPage\",\"@id\":\"https:\\\/\\\/crocjeux.com\\\/index.php\\\/produit\\\/skyjo\\\/\",\"url\":\"https:\\\/\\\/crocjeux.com\\\/index.php\\\/produit\\\/skyjo\\\/\",\"name\":\"Skyjo - Croc Jeux\",\"isPartOf\":{\"@id\":\"https:\\\/\\\/crocjeux.com\\\/#website\"},\"primaryImageOfPage\":{\"@id\":\"https:\\\/\\\/crocjeux.com\\\/index.php\\\/produit\\\/skyjo\\\/#primaryimage\"},\"image\":{\"@id\":\"https:\\\/\\\/crocjeux.com\\\/index.php\\\/produit\\\/skyjo\\\/#primaryimage\"},\"thumbnailUrl\":\"https:\\\/\\\/crocjeux.com\\\/wp-content\\\/uploads\\\/2020\\\/11\\\/skyjo.png\",\"datePublished\":\"2020-11-03T13:25:41+00:00\",\"dateModified\":\"2023-02-14T12:32:02+00:00\",\"breadcrumb\":{\"@id\":\"https:\\\/\\\/crocjeux.com\\\/index.php\\\/produit\\\/skyjo\\\/#breadcrumb\"},\"inLanguage\":\"fr-FR\",\"potentialAction\":[{\"@type\":\"ReadAction\",\"target\":[\"https:\\\/\\\/crocjeux.com\\\/index.php\\\/produit\\\/skyjo\\\/\"]}]},{\"@type\":\"ImageObject\",\"inLanguage\":\"fr-FR\",\"@id\":\"https:\\\/\\\/crocjeux.com\\\/index.php\\\/produit\\\/skyjo\\\/#primaryimage\",\"url\":\"https:\\\/\\\/crocjeux.com\\\/wp-content\\\/uploads\\\/2020\\\/11\\\/skyjo.png\",\"contentUrl\":\"https:\\\/\\\/crocjeux.com\\\/wp-content\\\/uploads\\\/2020\\\/11\\\/skyjo.png\",\"width\":347,\"height\":656},{\"@type\":\"BreadcrumbList\",\"@id\":\"https:\\\/\\\/crocjeux.com\\\/index.php\\\/produit\\\/skyjo\\\/#breadcrumb\",\"itemListElement\":[{\"@type\":\"ListItem\",\"position\":1,\"name\":\"Accueil\",\"item\":\"https:\\\/\\\/crocjeux.com\\\/\"},{\"@type\":\"ListItem\",\"position\":2,\"name\":\"Boutique\",\"item\":\"https:\\\/\\\/crocjeux.com\\\/\"},{\"@type\":\"ListItem\",\"position\":3,\"name\":\"Skyjo\"}]},{\"@type\":\"WebSite\",\"@id\":\"https:\\\/\\\/crocjeux.com\\\/#website\",\"url\":\"https:\\\/\\\/crocjeux.com\\\/\",\"name\":\"Croc Jeux\",\"description\":\"Bienvenue chez Croc Jeux!\",\"publisher\":{\"@id\":\"https:\\\/\\\/crocjeux.com\\\/#organization\"},\"potentialAction\":[{\"@type\":\"SearchAction\",\"target\":{\"@type\":\"EntryPoint\",\"urlTemplate\":\"https:\\\/\\\/crocjeux.com\\\/?s={search_term_string}\"},\"query-input\":{\"@type\":\"PropertyValueSpecification\",\"valueRequired\":true,\"valueName\":\"search_term_string\"}}],\"inLanguage\":\"fr-FR\"},{\"@type\":\"Organization\",\"@id\":\"https:\\\/\\\/crocjeux.com\\\/#organization\",\"name\":\"Croc Jeux\",\"url\":\"https:\\\/\\\/crocjeux.com\\\/\",\"logo\":{\"@type\":\"ImageObject\",\"inLanguage\":\"fr-FR\",\"@id\":\"https:\\\/\\\/crocjeux.com\\\/#\\\/schema\\\/logo\\\/image\\\/\",\"url\":\"https:\\\/\\\/crocjeux.com\\\/wp-content\\\/uploads\\\/2022\\\/01\\\/cropped-logo-croc-etape-1-e1644574034239.jpg\",\"contentUrl\":\"https:\\\/\\\/crocjeux.com\\\/wp-content\\\/uploads\\\/2022\\\/01\\\/cropped-logo-croc-etape-1-e1644574034239.jpg\",\"width\":1224,\"height\":314,\"caption\":\"Croc Jeux\"},\"image\":{\"@id\":\"https:\\\/\\\/crocjeux.com\\\/#\\\/schema\\\/logo\\\/image\\\/\"}}]}<\/script>\n<!-- \/ Yoast SEO plugin. -->","yoast_head_json":{"title":"Skyjo - Croc Jeux","robots":{"index":"index","follow":"follow","max-snippet":"max-snippet:-1","max-image-preview":"max-image-preview:large","max-video-preview":"max-video-preview:-1"},"canonical":"https:\/\/crocjeux.com\/index.php\/produit\/skyjo\/","og_locale":"fr_FR","og_type":"article","og_title":"Skyjo - Croc Jeux","og_description":"Skyjo est un jeu de cartes simple et rapide dont l'objectif des joueurs est d'obtenir le plus petit score \u00e0 la fin de la partie qui se joue en plusieurs manches.","og_url":"https:\/\/crocjeux.com\/index.php\/produit\/skyjo\/","og_site_name":"Croc Jeux","article_modified_time":"2023-02-14T12:32:02+00:00","og_image":[{"width":347,"height":656,"url":"https:\/\/crocjeux.com\/wp-content\/uploads\/2020\/11\/skyjo.png","type":"image\/png"}],"twitter_card":"summary_large_image","twitter_misc":{"Dur\u00e9e de lecture estim\u00e9e":"2 minutes"},"schema":{"@context":"https:\/\/schema.org","@graph":[{"@type":"WebPage","@id":"https:\/\/crocjeux.com\/index.php\/produit\/skyjo\/","url":"https:\/\/crocjeux.com\/index.php\/produit\/skyjo\/","name":"Skyjo - Croc Jeux","isPartOf":{"@id":"https:\/\/crocjeux.com\/#website"},"primaryImageOfPage":{"@id":"https:\/\/crocjeux.com\/index.php\/produit\/skyjo\/#primaryimage"},"image":{"@id":"https:\/\/crocjeux.com\/index.php\/produit\/skyjo\/#primaryimage"},"thumbnailUrl":"https:\/\/crocjeux.com\/wp-content\/uploads\/2020\/11\/skyjo.png","datePublished":"2020-11-03T13:25:41+00:00","dateModified":"2023-02-14T12:32:02+00:00","breadcrumb":{"@id":"https:\/\/crocjeux.com\/index.php\/produit\/skyjo\/#breadcrumb"},"inLanguage":"fr-FR","potentialAction":[{"@type":"ReadAction","target":["https:\/\/crocjeux.com\/index.php\/produit\/skyjo\/"]}]},{"@type":"ImageObject","inLanguage":"fr-FR","@id":"https:\/\/crocjeux.com\/index.php\/produit\/skyjo\/#primaryimage","url":"https:\/\/crocjeux.com\/wp-content\/uploads\/2020\/11\/skyjo.png","contentUrl":"https:\/\/crocjeux.com\/wp-content\/uploads\/2020\/11\/skyjo.png","width":347,"height":656},{"@type":"BreadcrumbList","@id":"https:\/\/crocjeux.com\/index.php\/produit\/skyjo\/#breadcrumb","itemListElement":[{"@type":"ListItem","position":1,"name":"Accueil","item":"https:\/\/crocjeux.com\/"},{"@type":"ListItem","position":2,"name":"Boutique","item":"https:\/\/crocjeux.com\/"},{"@type":"ListItem","position":3,"name":"Skyjo"}]},{"@type":"WebSite","@id":"https:\/\/crocjeux.com\/#website","url":"https:\/\/crocjeux.com\/","name":"Croc Jeux","description":"Bienvenue chez Croc Jeux!","publisher":{"@id":"https:\/\/crocjeux.com\/#organization"},"potentialAction":[{"@type":"SearchAction","target":{"@type":"EntryPoint","urlTemplate":"https:\/\/crocjeux.com\/?s={search_term_string}"},"query-input":{"@type":"PropertyValueSpecification","valueRequired":true,"valueName":"search_term_string"}}],"inLanguage":"fr-FR"},{"@type":"Organization","@id":"https:\/\/crocjeux.com\/#organization","name":"Croc Jeux","url":"https:\/\/crocjeux.com\/","logo":{"@type":"ImageObject","inLanguage":"fr-FR","@id":"https:\/\/crocjeux.com\/#\/schema\/logo\/image\/","url":"https:\/\/crocjeux.com\/wp-content\/uploads\/2022\/01\/cropped-logo-croc-etape-1-e1644574034239.jpg","contentUrl":"https:\/\/crocjeux.com\/wp-content\/uploads\/2022\/01\/cropped-logo-croc-etape-1-e1644574034239.jpg","width":1224,"height":314,"caption":"Croc Jeux"},"image":{"@id":"https:\/\/crocjeux.com\/#\/schema\/logo\/image\/"}}]}},"_links":{"self":[{"href":"https:\/\/crocjeux.com\/index.php\/wp-json\/wp\/v2\/product\/338","targetHints":{"allow":["GET"]}}],"collection":[{"href":"https:\/\/crocjeux.com\/index.php\/wp-json\/wp\/v2\/product"}],"about":[{"href":"https:\/\/crocjeux.com\/index.php\/wp-json\/wp\/v2\/types\/product"}],"replies":[{"embeddable":true,"href":"https:\/\/crocjeux.com\/index.php\/wp-json\/wp\/v2\/comments?post=338"}],"wp:featuredmedia":[{"embeddable":true,"href":"https:\/\/crocjeux.com\/index.php\/wp-json\/wp\/v2\/media\/339"}],"wp:attachment":[{"href":"https:\/\/crocjeux.com\/index.php\/wp-json\/wp\/v2\/media?parent=338"}],"wp:term":[{"taxonomy":"product_brand","embeddable":true,"href":"https:\/\/crocjeux.com\/index.php\/wp-json\/wp\/v2\/product_brand?post=338"},{"taxonomy":"product_cat","embeddable":true,"href":"https:\/\/crocjeux.com\/index.php\/wp-json\/wp\/v2\/product_cat?post=338"},{"taxonomy":"product_tag","embeddable":true,"href":"https:\/\/crocjeux.com\/index.php\/wp-json\/wp\/v2\/product_tag?post=338"}],"curies":[{"name":"wp","href":"https:\/\/api.w.org\/{rel}","templated":true}]}}