{"id":353,"date":"2020-11-03T15:04:28","date_gmt":"2020-11-03T14:04:28","guid":{"rendered":"https:\/\/crocjeux.com\/?post_type=product&#038;p=353"},"modified":"2024-01-30T20:07:30","modified_gmt":"2024-01-30T19:07:30","slug":"kingdomino","status":"publish","type":"product","link":"https:\/\/crocjeux.com\/index.php\/produit\/kingdomino\/","title":{"rendered":"Kingdomino"},"content":{"rendered":"<h2>D\u00e9veloppez le plus prosp\u00e8re des royaumes<\/h2>\n<p>Dans Kingdomino, vous \u00eates un seigneur en recherche de nouvelles terres pour \u00e9tendre votre royaume. Vous devez explorer toutes les terres, les champs de bl\u00e9, les\u00a0lacs les montagnes afin de rep\u00e9rer les meilleures parcelles. Mais attention aux autres Lords qui convoiteront aussi ces terres&#8230;<\/p>\n<p>Chaque joueur d\u00e9bute avec un ch\u00e2teau. Il faudra construire son royaume tout autour, en pla\u00e7ant des tuiles que l&rsquo;on va r\u00e9cup\u00e9rer au fur et \u00e0 mesure de la partie.<br \/>\nA trois joueurs, on place trois premi\u00e8res tuiles, face visible, en les ordonnant selon leur num\u00e9rotation (ordre croissant) elles sont au centre, disponibles pour tout le monde : le premier joueur va placer son meeple sur la tuile qu&rsquo;il souhaite r\u00e9cup\u00e9rer. Certaines tuiles repr\u00e9sentent des d\u00e9sert, d&rsquo;autres des mar\u00e9cages, des for\u00eats, etc. On se r\u00e9partir les tuiles, mais l&rsquo;ordre de nos choix d\u00e9termine l&rsquo;ordre du tour suivant. Ainsi la 3e tuile sera souvent plus int\u00e9ressante, mais elle fera de vous le 3e dans l&rsquo;ordre du prochain tour. Le choix est donc important.<\/p>\n<p>Comment se fait-il que certaines tuiles soient plus int\u00e9ressantes ? Parce que certaines d&rsquo;entre elles donnent des points \u00e0 toutes celles qui sont du m\u00eame type qui lui sont\u00a0adjacente. Et cela peut se d\u00e9multiplier \u00e0 l&rsquo;envie. Le placement est donc essentiel.<\/p>\n<p>Toute la gamme Kingdomino : l&rsquo;extension Age of Giants et le Queendomino sont aussi disponibles !<\/p>\n","protected":false},"excerpt":{"rendered":"<p>D\u00e9veloppez le plus prestigieux des Royaumes ! Vous incarnez un seigneur en qu\u00eate de terres pour \u00e9tendre son royaume au sien duquel chaque domaine vous rapportera d&rsquo;autant plus de prestige qu&rsquo;il sera vaste et contiendra de b\u00e2timents.<\/p>\n","protected":false},"featured_media":2327,"comment_status":"open","ping_status":"closed","template":"","meta":{"colormag_page_container_layout":"default_layout","colormag_page_sidebar_layout":"default_layout"},"product_brand":[],"product_cat":[18,36,29,100,101,66],"product_tag":[],"class_list":{"0":"post-353","1":"product","2":"type-product","3":"status-publish","4":"has-post-thumbnail","6":"product_cat-jeux-de-strategie","7":"product_cat-jeux-familiaux","8":"product_cat-jeux-2-joueurs","9":"product_cat-kingdomino-jeux-strategie","10":"product_cat-kingdomino-jeux-familliaux","11":"product_cat-kingdomino-queendomino-ne-ratez-pas","13":"first","14":"instock","15":"taxable","16":"shipping-taxable","17":"purchasable","18":"product-type-simple"},"yoast_head":"<!-- This site is optimized with the Yoast SEO plugin v27.4 - https:\/\/yoast.com\/product\/yoast-seo-wordpress\/ -->\n<title>Kingdomino - Croc Jeux<\/title>\n<meta name=\"robots\" content=\"index, follow, max-snippet:-1, max-image-preview:large, max-video-preview:-1\" \/>\n<link rel=\"canonical\" href=\"https:\/\/crocjeux.com\/index.php\/produit\/kingdomino\/\" \/>\n<meta property=\"og:locale\" content=\"fr_FR\" \/>\n<meta property=\"og:type\" content=\"article\" \/>\n<meta property=\"og:title\" content=\"Kingdomino - Croc Jeux\" \/>\n<meta property=\"og:description\" content=\"D\u00e9veloppez le plus prestigieux des Royaumes ! Vous incarnez un seigneur en qu\u00eate de terres pour \u00e9tendre son royaume au sien duquel chaque domaine vous rapportera d&#039;autant plus de prestige qu&#039;il sera vaste et contiendra de b\u00e2timents.\" \/>\n<meta property=\"og:url\" content=\"https:\/\/crocjeux.com\/index.php\/produit\/kingdomino\/\" \/>\n<meta property=\"og:site_name\" content=\"Croc Jeux\" \/>\n<meta property=\"article:modified_time\" content=\"2024-01-30T19:07:30+00:00\" \/>\n<meta property=\"og:image\" content=\"https:\/\/crocjeux.com\/wp-content\/uploads\/2020\/11\/kingdomino-blue-orange-games.jpg\" \/>\n\t<meta property=\"og:image:width\" content=\"800\" \/>\n\t<meta property=\"og:image:height\" content=\"800\" \/>\n\t<meta property=\"og:image:type\" content=\"image\/jpeg\" \/>\n<meta name=\"twitter:card\" content=\"summary_large_image\" \/>\n<meta name=\"twitter:label1\" content=\"Dur\u00e9e de lecture estim\u00e9e\" \/>\n\t<meta name=\"twitter:data1\" content=\"1 minute\" \/>\n<script type=\"application\/ld+json\" class=\"yoast-schema-graph\">{\"@context\":\"https:\\\/\\\/schema.org\",\"@graph\":[{\"@type\":\"WebPage\",\"@id\":\"https:\\\/\\\/crocjeux.com\\\/index.php\\\/produit\\\/kingdomino\\\/\",\"url\":\"https:\\\/\\\/crocjeux.com\\\/index.php\\\/produit\\\/kingdomino\\\/\",\"name\":\"Kingdomino - Croc Jeux\",\"isPartOf\":{\"@id\":\"https:\\\/\\\/crocjeux.com\\\/#website\"},\"primaryImageOfPage\":{\"@id\":\"https:\\\/\\\/crocjeux.com\\\/index.php\\\/produit\\\/kingdomino\\\/#primaryimage\"},\"image\":{\"@id\":\"https:\\\/\\\/crocjeux.com\\\/index.php\\\/produit\\\/kingdomino\\\/#primaryimage\"},\"thumbnailUrl\":\"https:\\\/\\\/crocjeux.com\\\/wp-content\\\/uploads\\\/2020\\\/11\\\/kingdomino-blue-orange-games.jpg\",\"datePublished\":\"2020-11-03T14:04:28+00:00\",\"dateModified\":\"2024-01-30T19:07:30+00:00\",\"breadcrumb\":{\"@id\":\"https:\\\/\\\/crocjeux.com\\\/index.php\\\/produit\\\/kingdomino\\\/#breadcrumb\"},\"inLanguage\":\"fr-FR\",\"potentialAction\":[{\"@type\":\"ReadAction\",\"target\":[\"https:\\\/\\\/crocjeux.com\\\/index.php\\\/produit\\\/kingdomino\\\/\"]}]},{\"@type\":\"ImageObject\",\"inLanguage\":\"fr-FR\",\"@id\":\"https:\\\/\\\/crocjeux.com\\\/index.php\\\/produit\\\/kingdomino\\\/#primaryimage\",\"url\":\"https:\\\/\\\/crocjeux.com\\\/wp-content\\\/uploads\\\/2020\\\/11\\\/kingdomino-blue-orange-games.jpg\",\"contentUrl\":\"https:\\\/\\\/crocjeux.com\\\/wp-content\\\/uploads\\\/2020\\\/11\\\/kingdomino-blue-orange-games.jpg\",\"width\":800,\"height\":800},{\"@type\":\"BreadcrumbList\",\"@id\":\"https:\\\/\\\/crocjeux.com\\\/index.php\\\/produit\\\/kingdomino\\\/#breadcrumb\",\"itemListElement\":[{\"@type\":\"ListItem\",\"position\":1,\"name\":\"Accueil\",\"item\":\"https:\\\/\\\/crocjeux.com\\\/\"},{\"@type\":\"ListItem\",\"position\":2,\"name\":\"Boutique\",\"item\":\"https:\\\/\\\/crocjeux.com\\\/\"},{\"@type\":\"ListItem\",\"position\":3,\"name\":\"Kingdomino\"}]},{\"@type\":\"WebSite\",\"@id\":\"https:\\\/\\\/crocjeux.com\\\/#website\",\"url\":\"https:\\\/\\\/crocjeux.com\\\/\",\"name\":\"Croc Jeux\",\"description\":\"Bienvenue chez Croc Jeux!\",\"publisher\":{\"@id\":\"https:\\\/\\\/crocjeux.com\\\/#organization\"},\"potentialAction\":[{\"@type\":\"SearchAction\",\"target\":{\"@type\":\"EntryPoint\",\"urlTemplate\":\"https:\\\/\\\/crocjeux.com\\\/?s={search_term_string}\"},\"query-input\":{\"@type\":\"PropertyValueSpecification\",\"valueRequired\":true,\"valueName\":\"search_term_string\"}}],\"inLanguage\":\"fr-FR\"},{\"@type\":\"Organization\",\"@id\":\"https:\\\/\\\/crocjeux.com\\\/#organization\",\"name\":\"Croc Jeux\",\"url\":\"https:\\\/\\\/crocjeux.com\\\/\",\"logo\":{\"@type\":\"ImageObject\",\"inLanguage\":\"fr-FR\",\"@id\":\"https:\\\/\\\/crocjeux.com\\\/#\\\/schema\\\/logo\\\/image\\\/\",\"url\":\"https:\\\/\\\/crocjeux.com\\\/wp-content\\\/uploads\\\/2022\\\/01\\\/cropped-logo-croc-etape-1-e1644574034239.jpg\",\"contentUrl\":\"https:\\\/\\\/crocjeux.com\\\/wp-content\\\/uploads\\\/2022\\\/01\\\/cropped-logo-croc-etape-1-e1644574034239.jpg\",\"width\":1224,\"height\":314,\"caption\":\"Croc Jeux\"},\"image\":{\"@id\":\"https:\\\/\\\/crocjeux.com\\\/#\\\/schema\\\/logo\\\/image\\\/\"}}]}<\/script>\n<!-- \/ Yoast SEO plugin. -->","yoast_head_json":{"title":"Kingdomino - Croc Jeux","robots":{"index":"index","follow":"follow","max-snippet":"max-snippet:-1","max-image-preview":"max-image-preview:large","max-video-preview":"max-video-preview:-1"},"canonical":"https:\/\/crocjeux.com\/index.php\/produit\/kingdomino\/","og_locale":"fr_FR","og_type":"article","og_title":"Kingdomino - Croc Jeux","og_description":"D\u00e9veloppez le plus prestigieux des Royaumes ! Vous incarnez un seigneur en qu\u00eate de terres pour \u00e9tendre son royaume au sien duquel chaque domaine vous rapportera d'autant plus de prestige qu'il sera vaste et contiendra de b\u00e2timents.","og_url":"https:\/\/crocjeux.com\/index.php\/produit\/kingdomino\/","og_site_name":"Croc Jeux","article_modified_time":"2024-01-30T19:07:30+00:00","og_image":[{"width":800,"height":800,"url":"https:\/\/crocjeux.com\/wp-content\/uploads\/2020\/11\/kingdomino-blue-orange-games.jpg","type":"image\/jpeg"}],"twitter_card":"summary_large_image","twitter_misc":{"Dur\u00e9e de lecture estim\u00e9e":"1 minute"},"schema":{"@context":"https:\/\/schema.org","@graph":[{"@type":"WebPage","@id":"https:\/\/crocjeux.com\/index.php\/produit\/kingdomino\/","url":"https:\/\/crocjeux.com\/index.php\/produit\/kingdomino\/","name":"Kingdomino - Croc Jeux","isPartOf":{"@id":"https:\/\/crocjeux.com\/#website"},"primaryImageOfPage":{"@id":"https:\/\/crocjeux.com\/index.php\/produit\/kingdomino\/#primaryimage"},"image":{"@id":"https:\/\/crocjeux.com\/index.php\/produit\/kingdomino\/#primaryimage"},"thumbnailUrl":"https:\/\/crocjeux.com\/wp-content\/uploads\/2020\/11\/kingdomino-blue-orange-games.jpg","datePublished":"2020-11-03T14:04:28+00:00","dateModified":"2024-01-30T19:07:30+00:00","breadcrumb":{"@id":"https:\/\/crocjeux.com\/index.php\/produit\/kingdomino\/#breadcrumb"},"inLanguage":"fr-FR","potentialAction":[{"@type":"ReadAction","target":["https:\/\/crocjeux.com\/index.php\/produit\/kingdomino\/"]}]},{"@type":"ImageObject","inLanguage":"fr-FR","@id":"https:\/\/crocjeux.com\/index.php\/produit\/kingdomino\/#primaryimage","url":"https:\/\/crocjeux.com\/wp-content\/uploads\/2020\/11\/kingdomino-blue-orange-games.jpg","contentUrl":"https:\/\/crocjeux.com\/wp-content\/uploads\/2020\/11\/kingdomino-blue-orange-games.jpg","width":800,"height":800},{"@type":"BreadcrumbList","@id":"https:\/\/crocjeux.com\/index.php\/produit\/kingdomino\/#breadcrumb","itemListElement":[{"@type":"ListItem","position":1,"name":"Accueil","item":"https:\/\/crocjeux.com\/"},{"@type":"ListItem","position":2,"name":"Boutique","item":"https:\/\/crocjeux.com\/"},{"@type":"ListItem","position":3,"name":"Kingdomino"}]},{"@type":"WebSite","@id":"https:\/\/crocjeux.com\/#website","url":"https:\/\/crocjeux.com\/","name":"Croc Jeux","description":"Bienvenue chez Croc Jeux!","publisher":{"@id":"https:\/\/crocjeux.com\/#organization"},"potentialAction":[{"@type":"SearchAction","target":{"@type":"EntryPoint","urlTemplate":"https:\/\/crocjeux.com\/?s={search_term_string}"},"query-input":{"@type":"PropertyValueSpecification","valueRequired":true,"valueName":"search_term_string"}}],"inLanguage":"fr-FR"},{"@type":"Organization","@id":"https:\/\/crocjeux.com\/#organization","name":"Croc Jeux","url":"https:\/\/crocjeux.com\/","logo":{"@type":"ImageObject","inLanguage":"fr-FR","@id":"https:\/\/crocjeux.com\/#\/schema\/logo\/image\/","url":"https:\/\/crocjeux.com\/wp-content\/uploads\/2022\/01\/cropped-logo-croc-etape-1-e1644574034239.jpg","contentUrl":"https:\/\/crocjeux.com\/wp-content\/uploads\/2022\/01\/cropped-logo-croc-etape-1-e1644574034239.jpg","width":1224,"height":314,"caption":"Croc Jeux"},"image":{"@id":"https:\/\/crocjeux.com\/#\/schema\/logo\/image\/"}}]}},"_links":{"self":[{"href":"https:\/\/crocjeux.com\/index.php\/wp-json\/wp\/v2\/product\/353","targetHints":{"allow":["GET"]}}],"collection":[{"href":"https:\/\/crocjeux.com\/index.php\/wp-json\/wp\/v2\/product"}],"about":[{"href":"https:\/\/crocjeux.com\/index.php\/wp-json\/wp\/v2\/types\/product"}],"replies":[{"embeddable":true,"href":"https:\/\/crocjeux.com\/index.php\/wp-json\/wp\/v2\/comments?post=353"}],"wp:featuredmedia":[{"embeddable":true,"href":"https:\/\/crocjeux.com\/index.php\/wp-json\/wp\/v2\/media\/2327"}],"wp:attachment":[{"href":"https:\/\/crocjeux.com\/index.php\/wp-json\/wp\/v2\/media?parent=353"}],"wp:term":[{"taxonomy":"product_brand","embeddable":true,"href":"https:\/\/crocjeux.com\/index.php\/wp-json\/wp\/v2\/product_brand?post=353"},{"taxonomy":"product_cat","embeddable":true,"href":"https:\/\/crocjeux.com\/index.php\/wp-json\/wp\/v2\/product_cat?post=353"},{"taxonomy":"product_tag","embeddable":true,"href":"https:\/\/crocjeux.com\/index.php\/wp-json\/wp\/v2\/product_tag?post=353"}],"curies":[{"name":"wp","href":"https:\/\/api.w.org\/{rel}","templated":true}]}}