{"id":360,"date":"2020-11-03T15:10:11","date_gmt":"2020-11-03T14:10:11","guid":{"rendered":"https:\/\/crocjeux.com\/?post_type=product&#038;p=360"},"modified":"2023-01-26T18:17:58","modified_gmt":"2023-01-26T17:17:58","slug":"detective-charlie","status":"publish","type":"product","link":"https:\/\/crocjeux.com\/index.php\/produit\/detective-charlie\/","title":{"rendered":"D\u00e9tective Charlie"},"content":{"rendered":"<section id=\"tab-description\" class=\"page-product-box r-tabs-panel r-tabs-state-active\">\n<div class=\"rte\">\n<div>\n<h2>Six enqu\u00eates passionnantes \u00e0 mener en famille !<\/h2>\n<\/div>\n<div>\n<div>D\u00e9tective Charlie est un jeu d\u2019enqu\u00eate coop\u00e9ratif. Tour \u00e0 tour, d\u00e9placez D\u00e9tective Charlie \u00e0 l\u2019aide du d\u00e9 et interrogez des t\u00e9moins.<\/div>\n<\/div>\n<div>Il se passe toujours quelque chose d&rsquo;\u00e9trange sur l&rsquo;\u00eele de Mysterville. Charlie Holmes a besoin de votre aide pour mener l&rsquo;enqu\u00eate ! Au cours d&rsquo;une partie de D\u00e9tective Charlie, les enqu\u00eateurs en herbe devront :<\/div>\n<div>\n<ul>\n<li>Interroger les habitants<\/li>\n<li>Analyser les preuves<\/li>\n<li>Identifier les coupables<\/li>\n<\/ul>\n<p>Mais attention \u00e0 ne pas rentrer trop tard au commissariat. L&rsquo;heure du th\u00e9 approche \u00e0 grands pas !<\/p>\n<\/div>\n<h2>D\u00e9roulement d&rsquo;une partie<\/h2>\n<div>Au d\u00e9but de la partie, les dossiers de 5 suspects sont sur le bureau de Charlie. Pour les innocenter, elle doit parcourir le village de Mysterville et interroger les t\u00e9moins. En retenant les informations qu&rsquo;ils lui transmettent et en effectuant des recoupements dans leurs d\u00e9clarations, Charlie sera alors en mesure d\u2019innocenter les suspects les uns apr\u00e8s les autres. En effet, l\u2019un des t\u00e9moins peut fort bien innocenter l\u2019un des suspects, qu\u2019il aurait vu ailleurs au moment de faits.<\/div>\n<div><\/div>\n<div>Et \u00e0 Mysterville, tout le monde dit toujours la v\u00e9rit\u00e9 ! Une fois que tous les t\u00e9moins se sont exprim\u00e9s, les joueurs seront alors en mesure d\u2019identifier le coupable, qui devra alors expliquer les circonstances de sa petite b\u00eatise.<\/div>\n<h2>Fin de la partie<\/h2>\n<div>\n<div>Lorsqu&rsquo;il ne reste qu&rsquo;un seul suspect dans le commissariat, il est consid\u00e9r\u00e9 comme coupable et la partie s&rsquo;arr\u00eate. V\u00e9rifiez la r\u00e9ponse dans l&rsquo;enveloppe. Si c&rsquo;est le m\u00eame personnage, g\u00e9nial, vous avez gagn\u00e9 ! Sinon, ne vous inqui\u00e9tez pas, vous ferez mieux la prochaine fois !<\/div>\n<\/div>\n<\/div>\n<\/section>\n","protected":false},"excerpt":{"rendered":"<div id=\"short_description_block\">\n<div id=\"short_description_content\" class=\"rte align_justify hide-smartphone\">\n<p>D\u00e9tective Charlie est un jeu de d\u00e9duction coop\u00e9ratif. Des faits bizarres se sont produits sur l&rsquo;\u00eele de Mysterville. Incarnez ce sympathique d\u00e9tective et menez l&rsquo;enqu\u00eate pour d\u00e9masquer leurs auteurs. Mais attention, l&rsquo;heure du th\u00e9 approche !<\/p>\n<\/div>\n<\/div>\n","protected":false},"featured_media":362,"comment_status":"open","ping_status":"closed","template":"","meta":{"colormag_page_container_layout":"default_layout","colormag_page_sidebar_layout":"default_layout"},"product_brand":[],"product_cat":[45,33,37],"product_tag":[],"class_list":{"0":"post-360","1":"product","2":"type-product","3":"status-publish","4":"has-post-thumbnail","6":"product_cat-escape-room-escape-enquete","7":"product_cat-jeux-enfants","8":"product_cat-ne-ratez-pas","10":"first","11":"instock","12":"taxable","13":"shipping-taxable","14":"purchasable","15":"product-type-simple"},"yoast_head":"<!-- This site is optimized with the Yoast SEO plugin v27.4 - https:\/\/yoast.com\/product\/yoast-seo-wordpress\/ -->\n<title>D\u00e9tective Charlie - Croc Jeux<\/title>\n<meta name=\"robots\" content=\"index, follow, max-snippet:-1, max-image-preview:large, max-video-preview:-1\" \/>\n<link rel=\"canonical\" href=\"https:\/\/crocjeux.com\/index.php\/produit\/detective-charlie\/\" \/>\n<meta property=\"og:locale\" content=\"fr_FR\" \/>\n<meta property=\"og:type\" content=\"article\" \/>\n<meta property=\"og:title\" content=\"D\u00e9tective Charlie - Croc Jeux\" \/>\n<meta property=\"og:description\" content=\"D\u00e9tective Charlie est un jeu de d\u00e9duction coop\u00e9ratif. Des faits bizarres se sont produits sur l&#039;\u00eele de Mysterville. Incarnez ce sympathique d\u00e9tective et menez l&#039;enqu\u00eate pour d\u00e9masquer leurs auteurs. Mais attention, l&#039;heure du th\u00e9 approche !\" \/>\n<meta property=\"og:url\" content=\"https:\/\/crocjeux.com\/index.php\/produit\/detective-charlie\/\" \/>\n<meta property=\"og:site_name\" content=\"Croc Jeux\" \/>\n<meta property=\"article:modified_time\" content=\"2023-01-26T17:17:58+00:00\" \/>\n<meta property=\"og:image\" content=\"https:\/\/crocjeux.com\/wp-content\/uploads\/2020\/11\/detective_charlie.png\" \/>\n\t<meta property=\"og:image:width\" content=\"733\" \/>\n\t<meta property=\"og:image:height\" content=\"839\" \/>\n\t<meta property=\"og:image:type\" content=\"image\/png\" \/>\n<meta name=\"twitter:card\" content=\"summary_large_image\" \/>\n<meta name=\"twitter:label1\" content=\"Dur\u00e9e de lecture estim\u00e9e\" \/>\n\t<meta name=\"twitter:data1\" content=\"1 minute\" \/>\n<script type=\"application\/ld+json\" class=\"yoast-schema-graph\">{\"@context\":\"https:\\\/\\\/schema.org\",\"@graph\":[{\"@type\":\"WebPage\",\"@id\":\"https:\\\/\\\/crocjeux.com\\\/index.php\\\/produit\\\/detective-charlie\\\/\",\"url\":\"https:\\\/\\\/crocjeux.com\\\/index.php\\\/produit\\\/detective-charlie\\\/\",\"name\":\"D\u00e9tective Charlie - Croc Jeux\",\"isPartOf\":{\"@id\":\"https:\\\/\\\/crocjeux.com\\\/#website\"},\"primaryImageOfPage\":{\"@id\":\"https:\\\/\\\/crocjeux.com\\\/index.php\\\/produit\\\/detective-charlie\\\/#primaryimage\"},\"image\":{\"@id\":\"https:\\\/\\\/crocjeux.com\\\/index.php\\\/produit\\\/detective-charlie\\\/#primaryimage\"},\"thumbnailUrl\":\"https:\\\/\\\/crocjeux.com\\\/wp-content\\\/uploads\\\/2020\\\/11\\\/detective_charlie.png\",\"datePublished\":\"2020-11-03T14:10:11+00:00\",\"dateModified\":\"2023-01-26T17:17:58+00:00\",\"breadcrumb\":{\"@id\":\"https:\\\/\\\/crocjeux.com\\\/index.php\\\/produit\\\/detective-charlie\\\/#breadcrumb\"},\"inLanguage\":\"fr-FR\",\"potentialAction\":[{\"@type\":\"ReadAction\",\"target\":[\"https:\\\/\\\/crocjeux.com\\\/index.php\\\/produit\\\/detective-charlie\\\/\"]}]},{\"@type\":\"ImageObject\",\"inLanguage\":\"fr-FR\",\"@id\":\"https:\\\/\\\/crocjeux.com\\\/index.php\\\/produit\\\/detective-charlie\\\/#primaryimage\",\"url\":\"https:\\\/\\\/crocjeux.com\\\/wp-content\\\/uploads\\\/2020\\\/11\\\/detective_charlie.png\",\"contentUrl\":\"https:\\\/\\\/crocjeux.com\\\/wp-content\\\/uploads\\\/2020\\\/11\\\/detective_charlie.png\",\"width\":733,\"height\":839},{\"@type\":\"BreadcrumbList\",\"@id\":\"https:\\\/\\\/crocjeux.com\\\/index.php\\\/produit\\\/detective-charlie\\\/#breadcrumb\",\"itemListElement\":[{\"@type\":\"ListItem\",\"position\":1,\"name\":\"Accueil\",\"item\":\"https:\\\/\\\/crocjeux.com\\\/\"},{\"@type\":\"ListItem\",\"position\":2,\"name\":\"Boutique\",\"item\":\"https:\\\/\\\/crocjeux.com\\\/\"},{\"@type\":\"ListItem\",\"position\":3,\"name\":\"D\u00e9tective Charlie\"}]},{\"@type\":\"WebSite\",\"@id\":\"https:\\\/\\\/crocjeux.com\\\/#website\",\"url\":\"https:\\\/\\\/crocjeux.com\\\/\",\"name\":\"Croc Jeux\",\"description\":\"Bienvenue chez Croc Jeux!\",\"publisher\":{\"@id\":\"https:\\\/\\\/crocjeux.com\\\/#organization\"},\"potentialAction\":[{\"@type\":\"SearchAction\",\"target\":{\"@type\":\"EntryPoint\",\"urlTemplate\":\"https:\\\/\\\/crocjeux.com\\\/?s={search_term_string}\"},\"query-input\":{\"@type\":\"PropertyValueSpecification\",\"valueRequired\":true,\"valueName\":\"search_term_string\"}}],\"inLanguage\":\"fr-FR\"},{\"@type\":\"Organization\",\"@id\":\"https:\\\/\\\/crocjeux.com\\\/#organization\",\"name\":\"Croc Jeux\",\"url\":\"https:\\\/\\\/crocjeux.com\\\/\",\"logo\":{\"@type\":\"ImageObject\",\"inLanguage\":\"fr-FR\",\"@id\":\"https:\\\/\\\/crocjeux.com\\\/#\\\/schema\\\/logo\\\/image\\\/\",\"url\":\"https:\\\/\\\/crocjeux.com\\\/wp-content\\\/uploads\\\/2022\\\/01\\\/cropped-logo-croc-etape-1-e1644574034239.jpg\",\"contentUrl\":\"https:\\\/\\\/crocjeux.com\\\/wp-content\\\/uploads\\\/2022\\\/01\\\/cropped-logo-croc-etape-1-e1644574034239.jpg\",\"width\":1224,\"height\":314,\"caption\":\"Croc Jeux\"},\"image\":{\"@id\":\"https:\\\/\\\/crocjeux.com\\\/#\\\/schema\\\/logo\\\/image\\\/\"}}]}<\/script>\n<!-- \/ Yoast SEO plugin. -->","yoast_head_json":{"title":"D\u00e9tective Charlie - Croc Jeux","robots":{"index":"index","follow":"follow","max-snippet":"max-snippet:-1","max-image-preview":"max-image-preview:large","max-video-preview":"max-video-preview:-1"},"canonical":"https:\/\/crocjeux.com\/index.php\/produit\/detective-charlie\/","og_locale":"fr_FR","og_type":"article","og_title":"D\u00e9tective Charlie - Croc Jeux","og_description":"D\u00e9tective Charlie est un jeu de d\u00e9duction coop\u00e9ratif. Des faits bizarres se sont produits sur l'\u00eele de Mysterville. Incarnez ce sympathique d\u00e9tective et menez l'enqu\u00eate pour d\u00e9masquer leurs auteurs. Mais attention, l'heure du th\u00e9 approche !","og_url":"https:\/\/crocjeux.com\/index.php\/produit\/detective-charlie\/","og_site_name":"Croc Jeux","article_modified_time":"2023-01-26T17:17:58+00:00","og_image":[{"width":733,"height":839,"url":"https:\/\/crocjeux.com\/wp-content\/uploads\/2020\/11\/detective_charlie.png","type":"image\/png"}],"twitter_card":"summary_large_image","twitter_misc":{"Dur\u00e9e de lecture estim\u00e9e":"1 minute"},"schema":{"@context":"https:\/\/schema.org","@graph":[{"@type":"WebPage","@id":"https:\/\/crocjeux.com\/index.php\/produit\/detective-charlie\/","url":"https:\/\/crocjeux.com\/index.php\/produit\/detective-charlie\/","name":"D\u00e9tective Charlie - Croc Jeux","isPartOf":{"@id":"https:\/\/crocjeux.com\/#website"},"primaryImageOfPage":{"@id":"https:\/\/crocjeux.com\/index.php\/produit\/detective-charlie\/#primaryimage"},"image":{"@id":"https:\/\/crocjeux.com\/index.php\/produit\/detective-charlie\/#primaryimage"},"thumbnailUrl":"https:\/\/crocjeux.com\/wp-content\/uploads\/2020\/11\/detective_charlie.png","datePublished":"2020-11-03T14:10:11+00:00","dateModified":"2023-01-26T17:17:58+00:00","breadcrumb":{"@id":"https:\/\/crocjeux.com\/index.php\/produit\/detective-charlie\/#breadcrumb"},"inLanguage":"fr-FR","potentialAction":[{"@type":"ReadAction","target":["https:\/\/crocjeux.com\/index.php\/produit\/detective-charlie\/"]}]},{"@type":"ImageObject","inLanguage":"fr-FR","@id":"https:\/\/crocjeux.com\/index.php\/produit\/detective-charlie\/#primaryimage","url":"https:\/\/crocjeux.com\/wp-content\/uploads\/2020\/11\/detective_charlie.png","contentUrl":"https:\/\/crocjeux.com\/wp-content\/uploads\/2020\/11\/detective_charlie.png","width":733,"height":839},{"@type":"BreadcrumbList","@id":"https:\/\/crocjeux.com\/index.php\/produit\/detective-charlie\/#breadcrumb","itemListElement":[{"@type":"ListItem","position":1,"name":"Accueil","item":"https:\/\/crocjeux.com\/"},{"@type":"ListItem","position":2,"name":"Boutique","item":"https:\/\/crocjeux.com\/"},{"@type":"ListItem","position":3,"name":"D\u00e9tective Charlie"}]},{"@type":"WebSite","@id":"https:\/\/crocjeux.com\/#website","url":"https:\/\/crocjeux.com\/","name":"Croc Jeux","description":"Bienvenue chez Croc Jeux!","publisher":{"@id":"https:\/\/crocjeux.com\/#organization"},"potentialAction":[{"@type":"SearchAction","target":{"@type":"EntryPoint","urlTemplate":"https:\/\/crocjeux.com\/?s={search_term_string}"},"query-input":{"@type":"PropertyValueSpecification","valueRequired":true,"valueName":"search_term_string"}}],"inLanguage":"fr-FR"},{"@type":"Organization","@id":"https:\/\/crocjeux.com\/#organization","name":"Croc Jeux","url":"https:\/\/crocjeux.com\/","logo":{"@type":"ImageObject","inLanguage":"fr-FR","@id":"https:\/\/crocjeux.com\/#\/schema\/logo\/image\/","url":"https:\/\/crocjeux.com\/wp-content\/uploads\/2022\/01\/cropped-logo-croc-etape-1-e1644574034239.jpg","contentUrl":"https:\/\/crocjeux.com\/wp-content\/uploads\/2022\/01\/cropped-logo-croc-etape-1-e1644574034239.jpg","width":1224,"height":314,"caption":"Croc Jeux"},"image":{"@id":"https:\/\/crocjeux.com\/#\/schema\/logo\/image\/"}}]}},"_links":{"self":[{"href":"https:\/\/crocjeux.com\/index.php\/wp-json\/wp\/v2\/product\/360","targetHints":{"allow":["GET"]}}],"collection":[{"href":"https:\/\/crocjeux.com\/index.php\/wp-json\/wp\/v2\/product"}],"about":[{"href":"https:\/\/crocjeux.com\/index.php\/wp-json\/wp\/v2\/types\/product"}],"replies":[{"embeddable":true,"href":"https:\/\/crocjeux.com\/index.php\/wp-json\/wp\/v2\/comments?post=360"}],"wp:featuredmedia":[{"embeddable":true,"href":"https:\/\/crocjeux.com\/index.php\/wp-json\/wp\/v2\/media\/362"}],"wp:attachment":[{"href":"https:\/\/crocjeux.com\/index.php\/wp-json\/wp\/v2\/media?parent=360"}],"wp:term":[{"taxonomy":"product_brand","embeddable":true,"href":"https:\/\/crocjeux.com\/index.php\/wp-json\/wp\/v2\/product_brand?post=360"},{"taxonomy":"product_cat","embeddable":true,"href":"https:\/\/crocjeux.com\/index.php\/wp-json\/wp\/v2\/product_cat?post=360"},{"taxonomy":"product_tag","embeddable":true,"href":"https:\/\/crocjeux.com\/index.php\/wp-json\/wp\/v2\/product_tag?post=360"}],"curies":[{"name":"wp","href":"https:\/\/api.w.org\/{rel}","templated":true}]}}