{"id":4183,"date":"2022-02-12T11:30:50","date_gmt":"2022-02-12T10:30:50","guid":{"rendered":"https:\/\/crocjeux.com\/?post_type=product&#038;p=4183"},"modified":"2022-02-12T12:06:54","modified_gmt":"2022-02-12T11:06:54","slug":"hero-realms-le-village-perdu","status":"publish","type":"product","link":"https:\/\/crocjeux.com\/index.php\/produit\/hero-realms-le-village-perdu\/","title":{"rendered":"Hero Realms &#8211; Le Village Perdu"},"content":{"rendered":"<section id=\"tab-description\" class=\"page-product-box r-tabs-panel r-tabs-state-active\">\n<div class=\"rte\">\n<div>\n<h2>Hero Realms &#8211; Le Village Perdu est la deuxi\u00e8me partie de la campagne Hero Realms &#8211; La Ruine de Thandar.<\/h2>\n<\/div>\n<div>Il fait nuit quand on arrive au village d\u00e9sert. Votre groupe est fatigu\u00e9, et un brouillard se forme. Il serait sage d&rsquo;attendre le matin pour commencer votre enqu\u00eate. Mais quelque chose vous intrigue&#8230;<\/div>\n<div><\/div>\n<div>D\u00e9gainez vos \u00e9p\u00e9es, aventuriers. Vous \u00eates entr\u00e9s dans le Village Perdu !<\/div>\n<div><\/div>\n<div>Cette extension est la deuxi\u00e8me partie de la campagne Ruine de Thandar &#8211; qui transforme Hero Realms en un jeu de deckbuilding coop\u00e9ratif et aventureux !<\/div>\n<div><\/div>\n<div>N\u00e9cessite le jeu de base Hero Realms, un deck de personnages par joueur et l&rsquo;extension la campagne Ruine de Thandar.<\/div>\n<div><\/div>\n<div>Cette bo\u00eete contient 88 cartes de jeu, 12 cartes de Boss surdimensionn\u00e9es, 2 cartes de d\u00e9fi surdimensionn\u00e9es, un livre de r\u00e8gles et un livre d&rsquo;aventures.<\/div>\n<\/div>\n<\/section>\n","protected":false},"excerpt":{"rendered":"<p>Hero Realms &#8211; Le Village Perdu est la deuxi\u00e8me partie de la campagne Hero Realms &#8211; La Ruine de Thandar.<\/p>\n","protected":false},"featured_media":4187,"comment_status":"open","ping_status":"closed","template":"","meta":{"colormag_page_container_layout":"default_layout","colormag_page_sidebar_layout":"default_layout"},"product_brand":[],"product_cat":[51,32],"product_tag":[],"class_list":{"0":"post-4183","1":"product","2":"type-product","3":"status-publish","4":"has-post-thumbnail","6":"product_cat-hero-realms-jeux-cartes","7":"product_cat-jeux-de-cartes","9":"first","10":"instock","11":"taxable","12":"shipping-taxable","13":"purchasable","14":"product-type-simple"},"yoast_head":"<!-- This site is optimized with the Yoast SEO plugin v27.1.1 - https:\/\/yoast.com\/product\/yoast-seo-wordpress\/ -->\n<title>Hero Realms - Le Village Perdu - Croc Jeux<\/title>\n<meta name=\"robots\" content=\"index, follow, max-snippet:-1, max-image-preview:large, max-video-preview:-1\" \/>\n<link rel=\"canonical\" href=\"https:\/\/crocjeux.com\/index.php\/produit\/hero-realms-le-village-perdu\/\" \/>\n<meta property=\"og:locale\" content=\"fr_FR\" \/>\n<meta property=\"og:type\" content=\"article\" \/>\n<meta property=\"og:title\" content=\"Hero Realms - Le Village Perdu - Croc Jeux\" \/>\n<meta property=\"og:description\" content=\"Hero Realms &#8211; Le Village Perdu est la deuxi\u00e8me partie de la campagne Hero Realms &#8211; La Ruine de Thandar.\" \/>\n<meta property=\"og:url\" content=\"https:\/\/crocjeux.com\/index.php\/produit\/hero-realms-le-village-perdu\/\" \/>\n<meta property=\"og:site_name\" content=\"Croc Jeux\" \/>\n<meta property=\"article:modified_time\" content=\"2022-02-12T11:06:54+00:00\" \/>\n<meta property=\"og:image\" content=\"https:\/\/crocjeux.com\/wp-content\/uploads\/2022\/02\/Le-village-perdu.png\" \/>\n\t<meta property=\"og:image:width\" content=\"815\" \/>\n\t<meta property=\"og:image:height\" content=\"721\" \/>\n\t<meta property=\"og:image:type\" content=\"image\/png\" \/>\n<meta name=\"twitter:card\" content=\"summary_large_image\" \/>\n<meta name=\"twitter:label1\" content=\"Dur\u00e9e de lecture estim\u00e9e\" \/>\n\t<meta name=\"twitter:data1\" content=\"1 minute\" \/>\n<script type=\"application\/ld+json\" class=\"yoast-schema-graph\">{\"@context\":\"https:\/\/schema.org\",\"@graph\":[{\"@type\":\"WebPage\",\"@id\":\"https:\/\/crocjeux.com\/index.php\/produit\/hero-realms-le-village-perdu\/\",\"url\":\"https:\/\/crocjeux.com\/index.php\/produit\/hero-realms-le-village-perdu\/\",\"name\":\"Hero Realms - Le Village Perdu - Croc Jeux\",\"isPartOf\":{\"@id\":\"https:\/\/crocjeux.com\/#website\"},\"primaryImageOfPage\":{\"@id\":\"https:\/\/crocjeux.com\/index.php\/produit\/hero-realms-le-village-perdu\/#primaryimage\"},\"image\":{\"@id\":\"https:\/\/crocjeux.com\/index.php\/produit\/hero-realms-le-village-perdu\/#primaryimage\"},\"thumbnailUrl\":\"https:\/\/crocjeux.com\/wp-content\/uploads\/2022\/02\/Le-village-perdu.png\",\"datePublished\":\"2022-02-12T10:30:50+00:00\",\"dateModified\":\"2022-02-12T11:06:54+00:00\",\"breadcrumb\":{\"@id\":\"https:\/\/crocjeux.com\/index.php\/produit\/hero-realms-le-village-perdu\/#breadcrumb\"},\"inLanguage\":\"fr-FR\",\"potentialAction\":[{\"@type\":\"ReadAction\",\"target\":[\"https:\/\/crocjeux.com\/index.php\/produit\/hero-realms-le-village-perdu\/\"]}]},{\"@type\":\"ImageObject\",\"inLanguage\":\"fr-FR\",\"@id\":\"https:\/\/crocjeux.com\/index.php\/produit\/hero-realms-le-village-perdu\/#primaryimage\",\"url\":\"https:\/\/crocjeux.com\/wp-content\/uploads\/2022\/02\/Le-village-perdu.png\",\"contentUrl\":\"https:\/\/crocjeux.com\/wp-content\/uploads\/2022\/02\/Le-village-perdu.png\",\"width\":815,\"height\":721},{\"@type\":\"BreadcrumbList\",\"@id\":\"https:\/\/crocjeux.com\/index.php\/produit\/hero-realms-le-village-perdu\/#breadcrumb\",\"itemListElement\":[{\"@type\":\"ListItem\",\"position\":1,\"name\":\"Accueil\",\"item\":\"https:\/\/crocjeux.com\/\"},{\"@type\":\"ListItem\",\"position\":2,\"name\":\"Boutique\",\"item\":\"https:\/\/crocjeux.com\/\"},{\"@type\":\"ListItem\",\"position\":3,\"name\":\"Hero Realms &#8211; Le Village Perdu\"}]},{\"@type\":\"WebSite\",\"@id\":\"https:\/\/crocjeux.com\/#website\",\"url\":\"https:\/\/crocjeux.com\/\",\"name\":\"Croc Jeux\",\"description\":\"Bienvenue chez Croc Jeux!\",\"publisher\":{\"@id\":\"https:\/\/crocjeux.com\/#organization\"},\"potentialAction\":[{\"@type\":\"SearchAction\",\"target\":{\"@type\":\"EntryPoint\",\"urlTemplate\":\"https:\/\/crocjeux.com\/?s={search_term_string}\"},\"query-input\":{\"@type\":\"PropertyValueSpecification\",\"valueRequired\":true,\"valueName\":\"search_term_string\"}}],\"inLanguage\":\"fr-FR\"},{\"@type\":\"Organization\",\"@id\":\"https:\/\/crocjeux.com\/#organization\",\"name\":\"Croc Jeux\",\"url\":\"https:\/\/crocjeux.com\/\",\"logo\":{\"@type\":\"ImageObject\",\"inLanguage\":\"fr-FR\",\"@id\":\"https:\/\/crocjeux.com\/#\/schema\/logo\/image\/\",\"url\":\"https:\/\/crocjeux.com\/wp-content\/uploads\/2022\/01\/cropped-logo-croc-etape-1-e1644574034239.jpg\",\"contentUrl\":\"https:\/\/crocjeux.com\/wp-content\/uploads\/2022\/01\/cropped-logo-croc-etape-1-e1644574034239.jpg\",\"width\":1224,\"height\":314,\"caption\":\"Croc Jeux\"},\"image\":{\"@id\":\"https:\/\/crocjeux.com\/#\/schema\/logo\/image\/\"}}]}<\/script>\n<!-- \/ Yoast SEO plugin. -->","yoast_head_json":{"title":"Hero Realms - Le Village Perdu - Croc Jeux","robots":{"index":"index","follow":"follow","max-snippet":"max-snippet:-1","max-image-preview":"max-image-preview:large","max-video-preview":"max-video-preview:-1"},"canonical":"https:\/\/crocjeux.com\/index.php\/produit\/hero-realms-le-village-perdu\/","og_locale":"fr_FR","og_type":"article","og_title":"Hero Realms - Le Village Perdu - Croc Jeux","og_description":"Hero Realms &#8211; Le Village Perdu est la deuxi\u00e8me partie de la campagne Hero Realms &#8211; La Ruine de Thandar.","og_url":"https:\/\/crocjeux.com\/index.php\/produit\/hero-realms-le-village-perdu\/","og_site_name":"Croc Jeux","article_modified_time":"2022-02-12T11:06:54+00:00","og_image":[{"width":815,"height":721,"url":"https:\/\/crocjeux.com\/wp-content\/uploads\/2022\/02\/Le-village-perdu.png","type":"image\/png"}],"twitter_card":"summary_large_image","twitter_misc":{"Dur\u00e9e de lecture estim\u00e9e":"1 minute"},"schema":{"@context":"https:\/\/schema.org","@graph":[{"@type":"WebPage","@id":"https:\/\/crocjeux.com\/index.php\/produit\/hero-realms-le-village-perdu\/","url":"https:\/\/crocjeux.com\/index.php\/produit\/hero-realms-le-village-perdu\/","name":"Hero Realms - Le Village Perdu - Croc Jeux","isPartOf":{"@id":"https:\/\/crocjeux.com\/#website"},"primaryImageOfPage":{"@id":"https:\/\/crocjeux.com\/index.php\/produit\/hero-realms-le-village-perdu\/#primaryimage"},"image":{"@id":"https:\/\/crocjeux.com\/index.php\/produit\/hero-realms-le-village-perdu\/#primaryimage"},"thumbnailUrl":"https:\/\/crocjeux.com\/wp-content\/uploads\/2022\/02\/Le-village-perdu.png","datePublished":"2022-02-12T10:30:50+00:00","dateModified":"2022-02-12T11:06:54+00:00","breadcrumb":{"@id":"https:\/\/crocjeux.com\/index.php\/produit\/hero-realms-le-village-perdu\/#breadcrumb"},"inLanguage":"fr-FR","potentialAction":[{"@type":"ReadAction","target":["https:\/\/crocjeux.com\/index.php\/produit\/hero-realms-le-village-perdu\/"]}]},{"@type":"ImageObject","inLanguage":"fr-FR","@id":"https:\/\/crocjeux.com\/index.php\/produit\/hero-realms-le-village-perdu\/#primaryimage","url":"https:\/\/crocjeux.com\/wp-content\/uploads\/2022\/02\/Le-village-perdu.png","contentUrl":"https:\/\/crocjeux.com\/wp-content\/uploads\/2022\/02\/Le-village-perdu.png","width":815,"height":721},{"@type":"BreadcrumbList","@id":"https:\/\/crocjeux.com\/index.php\/produit\/hero-realms-le-village-perdu\/#breadcrumb","itemListElement":[{"@type":"ListItem","position":1,"name":"Accueil","item":"https:\/\/crocjeux.com\/"},{"@type":"ListItem","position":2,"name":"Boutique","item":"https:\/\/crocjeux.com\/"},{"@type":"ListItem","position":3,"name":"Hero Realms &#8211; Le Village Perdu"}]},{"@type":"WebSite","@id":"https:\/\/crocjeux.com\/#website","url":"https:\/\/crocjeux.com\/","name":"Croc Jeux","description":"Bienvenue chez Croc Jeux!","publisher":{"@id":"https:\/\/crocjeux.com\/#organization"},"potentialAction":[{"@type":"SearchAction","target":{"@type":"EntryPoint","urlTemplate":"https:\/\/crocjeux.com\/?s={search_term_string}"},"query-input":{"@type":"PropertyValueSpecification","valueRequired":true,"valueName":"search_term_string"}}],"inLanguage":"fr-FR"},{"@type":"Organization","@id":"https:\/\/crocjeux.com\/#organization","name":"Croc Jeux","url":"https:\/\/crocjeux.com\/","logo":{"@type":"ImageObject","inLanguage":"fr-FR","@id":"https:\/\/crocjeux.com\/#\/schema\/logo\/image\/","url":"https:\/\/crocjeux.com\/wp-content\/uploads\/2022\/01\/cropped-logo-croc-etape-1-e1644574034239.jpg","contentUrl":"https:\/\/crocjeux.com\/wp-content\/uploads\/2022\/01\/cropped-logo-croc-etape-1-e1644574034239.jpg","width":1224,"height":314,"caption":"Croc Jeux"},"image":{"@id":"https:\/\/crocjeux.com\/#\/schema\/logo\/image\/"}}]}},"_links":{"self":[{"href":"https:\/\/crocjeux.com\/index.php\/wp-json\/wp\/v2\/product\/4183","targetHints":{"allow":["GET"]}}],"collection":[{"href":"https:\/\/crocjeux.com\/index.php\/wp-json\/wp\/v2\/product"}],"about":[{"href":"https:\/\/crocjeux.com\/index.php\/wp-json\/wp\/v2\/types\/product"}],"replies":[{"embeddable":true,"href":"https:\/\/crocjeux.com\/index.php\/wp-json\/wp\/v2\/comments?post=4183"}],"wp:featuredmedia":[{"embeddable":true,"href":"https:\/\/crocjeux.com\/index.php\/wp-json\/wp\/v2\/media\/4187"}],"wp:attachment":[{"href":"https:\/\/crocjeux.com\/index.php\/wp-json\/wp\/v2\/media?parent=4183"}],"wp:term":[{"taxonomy":"product_brand","embeddable":true,"href":"https:\/\/crocjeux.com\/index.php\/wp-json\/wp\/v2\/product_brand?post=4183"},{"taxonomy":"product_cat","embeddable":true,"href":"https:\/\/crocjeux.com\/index.php\/wp-json\/wp\/v2\/product_cat?post=4183"},{"taxonomy":"product_tag","embeddable":true,"href":"https:\/\/crocjeux.com\/index.php\/wp-json\/wp\/v2\/product_tag?post=4183"}],"curies":[{"name":"wp","href":"https:\/\/api.w.org\/{rel}","templated":true}]}}