{"id":4352,"date":"2022-02-26T13:01:33","date_gmt":"2022-02-26T12:01:33","guid":{"rendered":"https:\/\/crocjeux.com\/?post_type=product&#038;p=4352"},"modified":"2023-01-25T11:24:21","modified_gmt":"2023-01-25T10:24:21","slug":"dune-imperium","status":"publish","type":"product","link":"https:\/\/crocjeux.com\/index.php\/produit\/dune-imperium\/","title":{"rendered":"Dune Imperium"},"content":{"rendered":"<section id=\"tab-description\" class=\"page-product-box r-tabs-panel r-tabs-state-active\">\n<div class=\"rte\">\n<h2>Dune : Imperium, le jeu adapt\u00e9 de l&rsquo;oeuvre culte de Frank Herbert et du film de Denis Villeneuve !<\/h2>\n<p>Arrakis. Dune. La Plan\u00e8te des Sables. Hissez vos \u00e9tendard par-dessus les vastes d\u00e9serts qui s&rsquo;\u00e9tendent devant vous. Alors que les Grandes Maisons du Landstraad rassemblent leurs troupes et leurs espions, qui influencerez-vous, et qui trahirez-vous ? Un Empereur tyrannique. Les dissimulatrices du Bene Gesserit. L&rsquo;habile Guilde Spatiale. Les f\u00e9roces Fremen du D\u00e9sert Profond.<br \/>\nLa puissance de l&rsquo;Imperium peut \u00eatre v\u00f4tre, mais la guerre n&rsquo;est pas le seul moyen<\/p>\n<p>Dune: Imperium est un jeu qui puise son inspiration dans l\u2019univers et les personnages de Dune, \u00e0 la fois dans l\u2019oeuvre litt\u00e9raire de Frank Herbert, Brian Herbert, and Kevin J. Anderson dont il tire ses origines, mais \u00e9galement dans le prochain film de Legendary Pictures, r\u00e9alis\u00e9 par Denis Villeneuve.<\/p>\n<h2>Un jeu de strat\u00e9gie m\u00ealant deckbuilding et placement d&rsquo;ouvriers<\/h2>\n<p>En leader de l\u2019une des grandes maisons de Landsraad, \u00e9rigez votre banni\u00e8re et rassemblez vos forces et vos espions. La guerre est proche, et au centre du conflit se tient Arrakis &#8211; Dune, la plan\u00e8te des sables.<br \/>\nDune: Imperium emploie le deck-building pour ajouter une m\u00e9canique astucieuse d\u2019informations cach\u00e9es au traditionnel placement d\u2019ouvriers. Vous commencez avec une carte de leader, et un deck identique pour tous les joueurs.<\/p>\n<p>Alors que vous allez acqu\u00e9rir de nouvelles cartes et fa\u00e7onner votre deck, vos choix d\u00e9finiront vos forces et vos faiblesses. Ces cartes vous permettent d\u2019envoyer vos Agents sur les diff\u00e9rents lieux du plateau de jeu, votre strat\u00e9gie est donc affect\u00e9e par l\u2019\u00e9volution-m\u00eame de votre deck<\/p>\n<p>Vous pouvez devenir un puissance militaire, capable de d\u00e9ployer plus de troupes que vos adversaires, ou vous pouvez acqu\u00e9rir des cartes vous ouvrant les portes des quatre factions politiques repr\u00e9sent\u00e9es dans le jeu : l\u2019Empereur, la Guilde Spatiale, l\u2019Ordre du Bene Gesserit et bien s\u00fbr, les Fremens.<\/p>\n<p>Battez vos adversaires au combat, manipulez habilement les factions politiques, et obtenez les pr\u00e9cieuses cartes \u00ab\u00a0L\u2019\u00e9pice doit couler\u00a0\u00bb pour mener votre Maison \u00e0 la victoire !<\/p>\n<\/div>\n<\/section>\n","protected":false},"excerpt":{"rendered":"<p>Dune : Imperium, le jeu adapt\u00e9 de l&rsquo;oeuvre culte de Frank Herbert et du film de Denis Villeneuve ! Arrakis.<\/p>\n","protected":false},"featured_media":4353,"comment_status":"open","ping_status":"closed","template":"","meta":{"colormag_page_container_layout":"default_layout","colormag_page_sidebar_layout":"default_layout"},"product_brand":[],"product_cat":[18,38,29,37],"product_tag":[],"class_list":{"0":"post-4352","1":"product","2":"type-product","3":"status-publish","4":"has-post-thumbnail","6":"product_cat-jeux-de-strategie","7":"product_cat-jeux-experts","8":"product_cat-jeux-2-joueurs","9":"product_cat-ne-ratez-pas","11":"first","12":"instock","13":"taxable","14":"shipping-taxable","15":"purchasable","16":"product-type-simple"},"yoast_head":"<!-- This site is optimized with the Yoast SEO plugin v27.3 - https:\/\/yoast.com\/product\/yoast-seo-wordpress\/ -->\n<title>Dune Imperium - Croc Jeux<\/title>\n<meta name=\"robots\" content=\"index, follow, max-snippet:-1, max-image-preview:large, max-video-preview:-1\" \/>\n<link rel=\"canonical\" href=\"https:\/\/crocjeux.com\/index.php\/produit\/dune-imperium\/\" \/>\n<meta property=\"og:locale\" content=\"fr_FR\" \/>\n<meta property=\"og:type\" content=\"article\" \/>\n<meta property=\"og:title\" content=\"Dune Imperium - Croc Jeux\" \/>\n<meta property=\"og:description\" content=\"Dune : Imperium, le jeu adapt\u00e9 de l&rsquo;oeuvre culte de Frank Herbert et du film de Denis Villeneuve ! Arrakis.\" \/>\n<meta property=\"og:url\" content=\"https:\/\/crocjeux.com\/index.php\/produit\/dune-imperium\/\" \/>\n<meta property=\"og:site_name\" content=\"Croc Jeux\" \/>\n<meta property=\"article:modified_time\" content=\"2023-01-25T10:24:21+00:00\" \/>\n<meta property=\"og:image\" content=\"https:\/\/crocjeux.com\/wp-content\/uploads\/2022\/02\/Dune-Imperium.jpg\" \/>\n\t<meta property=\"og:image:width\" content=\"800\" \/>\n\t<meta property=\"og:image:height\" content=\"800\" \/>\n\t<meta property=\"og:image:type\" content=\"image\/jpeg\" \/>\n<meta name=\"twitter:card\" content=\"summary_large_image\" \/>\n<meta name=\"twitter:label1\" content=\"Dur\u00e9e de lecture estim\u00e9e\" \/>\n\t<meta name=\"twitter:data1\" content=\"2 minutes\" \/>\n<script type=\"application\/ld+json\" class=\"yoast-schema-graph\">{\"@context\":\"https:\\\/\\\/schema.org\",\"@graph\":[{\"@type\":\"WebPage\",\"@id\":\"https:\\\/\\\/crocjeux.com\\\/index.php\\\/produit\\\/dune-imperium\\\/\",\"url\":\"https:\\\/\\\/crocjeux.com\\\/index.php\\\/produit\\\/dune-imperium\\\/\",\"name\":\"Dune Imperium - Croc Jeux\",\"isPartOf\":{\"@id\":\"https:\\\/\\\/crocjeux.com\\\/#website\"},\"primaryImageOfPage\":{\"@id\":\"https:\\\/\\\/crocjeux.com\\\/index.php\\\/produit\\\/dune-imperium\\\/#primaryimage\"},\"image\":{\"@id\":\"https:\\\/\\\/crocjeux.com\\\/index.php\\\/produit\\\/dune-imperium\\\/#primaryimage\"},\"thumbnailUrl\":\"https:\\\/\\\/crocjeux.com\\\/wp-content\\\/uploads\\\/2022\\\/02\\\/Dune-Imperium.jpg\",\"datePublished\":\"2022-02-26T12:01:33+00:00\",\"dateModified\":\"2023-01-25T10:24:21+00:00\",\"breadcrumb\":{\"@id\":\"https:\\\/\\\/crocjeux.com\\\/index.php\\\/produit\\\/dune-imperium\\\/#breadcrumb\"},\"inLanguage\":\"fr-FR\",\"potentialAction\":[{\"@type\":\"ReadAction\",\"target\":[\"https:\\\/\\\/crocjeux.com\\\/index.php\\\/produit\\\/dune-imperium\\\/\"]}]},{\"@type\":\"ImageObject\",\"inLanguage\":\"fr-FR\",\"@id\":\"https:\\\/\\\/crocjeux.com\\\/index.php\\\/produit\\\/dune-imperium\\\/#primaryimage\",\"url\":\"https:\\\/\\\/crocjeux.com\\\/wp-content\\\/uploads\\\/2022\\\/02\\\/Dune-Imperium.jpg\",\"contentUrl\":\"https:\\\/\\\/crocjeux.com\\\/wp-content\\\/uploads\\\/2022\\\/02\\\/Dune-Imperium.jpg\",\"width\":800,\"height\":800},{\"@type\":\"BreadcrumbList\",\"@id\":\"https:\\\/\\\/crocjeux.com\\\/index.php\\\/produit\\\/dune-imperium\\\/#breadcrumb\",\"itemListElement\":[{\"@type\":\"ListItem\",\"position\":1,\"name\":\"Accueil\",\"item\":\"https:\\\/\\\/crocjeux.com\\\/\"},{\"@type\":\"ListItem\",\"position\":2,\"name\":\"Boutique\",\"item\":\"https:\\\/\\\/crocjeux.com\\\/\"},{\"@type\":\"ListItem\",\"position\":3,\"name\":\"Dune Imperium\"}]},{\"@type\":\"WebSite\",\"@id\":\"https:\\\/\\\/crocjeux.com\\\/#website\",\"url\":\"https:\\\/\\\/crocjeux.com\\\/\",\"name\":\"Croc Jeux\",\"description\":\"Bienvenue chez Croc Jeux!\",\"publisher\":{\"@id\":\"https:\\\/\\\/crocjeux.com\\\/#organization\"},\"potentialAction\":[{\"@type\":\"SearchAction\",\"target\":{\"@type\":\"EntryPoint\",\"urlTemplate\":\"https:\\\/\\\/crocjeux.com\\\/?s={search_term_string}\"},\"query-input\":{\"@type\":\"PropertyValueSpecification\",\"valueRequired\":true,\"valueName\":\"search_term_string\"}}],\"inLanguage\":\"fr-FR\"},{\"@type\":\"Organization\",\"@id\":\"https:\\\/\\\/crocjeux.com\\\/#organization\",\"name\":\"Croc Jeux\",\"url\":\"https:\\\/\\\/crocjeux.com\\\/\",\"logo\":{\"@type\":\"ImageObject\",\"inLanguage\":\"fr-FR\",\"@id\":\"https:\\\/\\\/crocjeux.com\\\/#\\\/schema\\\/logo\\\/image\\\/\",\"url\":\"https:\\\/\\\/crocjeux.com\\\/wp-content\\\/uploads\\\/2022\\\/01\\\/cropped-logo-croc-etape-1-e1644574034239.jpg\",\"contentUrl\":\"https:\\\/\\\/crocjeux.com\\\/wp-content\\\/uploads\\\/2022\\\/01\\\/cropped-logo-croc-etape-1-e1644574034239.jpg\",\"width\":1224,\"height\":314,\"caption\":\"Croc Jeux\"},\"image\":{\"@id\":\"https:\\\/\\\/crocjeux.com\\\/#\\\/schema\\\/logo\\\/image\\\/\"}}]}<\/script>\n<!-- \/ Yoast SEO plugin. -->","yoast_head_json":{"title":"Dune Imperium - Croc Jeux","robots":{"index":"index","follow":"follow","max-snippet":"max-snippet:-1","max-image-preview":"max-image-preview:large","max-video-preview":"max-video-preview:-1"},"canonical":"https:\/\/crocjeux.com\/index.php\/produit\/dune-imperium\/","og_locale":"fr_FR","og_type":"article","og_title":"Dune Imperium - Croc Jeux","og_description":"Dune : Imperium, le jeu adapt\u00e9 de l&rsquo;oeuvre culte de Frank Herbert et du film de Denis Villeneuve ! Arrakis.","og_url":"https:\/\/crocjeux.com\/index.php\/produit\/dune-imperium\/","og_site_name":"Croc Jeux","article_modified_time":"2023-01-25T10:24:21+00:00","og_image":[{"width":800,"height":800,"url":"https:\/\/crocjeux.com\/wp-content\/uploads\/2022\/02\/Dune-Imperium.jpg","type":"image\/jpeg"}],"twitter_card":"summary_large_image","twitter_misc":{"Dur\u00e9e de lecture estim\u00e9e":"2 minutes"},"schema":{"@context":"https:\/\/schema.org","@graph":[{"@type":"WebPage","@id":"https:\/\/crocjeux.com\/index.php\/produit\/dune-imperium\/","url":"https:\/\/crocjeux.com\/index.php\/produit\/dune-imperium\/","name":"Dune Imperium - Croc Jeux","isPartOf":{"@id":"https:\/\/crocjeux.com\/#website"},"primaryImageOfPage":{"@id":"https:\/\/crocjeux.com\/index.php\/produit\/dune-imperium\/#primaryimage"},"image":{"@id":"https:\/\/crocjeux.com\/index.php\/produit\/dune-imperium\/#primaryimage"},"thumbnailUrl":"https:\/\/crocjeux.com\/wp-content\/uploads\/2022\/02\/Dune-Imperium.jpg","datePublished":"2022-02-26T12:01:33+00:00","dateModified":"2023-01-25T10:24:21+00:00","breadcrumb":{"@id":"https:\/\/crocjeux.com\/index.php\/produit\/dune-imperium\/#breadcrumb"},"inLanguage":"fr-FR","potentialAction":[{"@type":"ReadAction","target":["https:\/\/crocjeux.com\/index.php\/produit\/dune-imperium\/"]}]},{"@type":"ImageObject","inLanguage":"fr-FR","@id":"https:\/\/crocjeux.com\/index.php\/produit\/dune-imperium\/#primaryimage","url":"https:\/\/crocjeux.com\/wp-content\/uploads\/2022\/02\/Dune-Imperium.jpg","contentUrl":"https:\/\/crocjeux.com\/wp-content\/uploads\/2022\/02\/Dune-Imperium.jpg","width":800,"height":800},{"@type":"BreadcrumbList","@id":"https:\/\/crocjeux.com\/index.php\/produit\/dune-imperium\/#breadcrumb","itemListElement":[{"@type":"ListItem","position":1,"name":"Accueil","item":"https:\/\/crocjeux.com\/"},{"@type":"ListItem","position":2,"name":"Boutique","item":"https:\/\/crocjeux.com\/"},{"@type":"ListItem","position":3,"name":"Dune Imperium"}]},{"@type":"WebSite","@id":"https:\/\/crocjeux.com\/#website","url":"https:\/\/crocjeux.com\/","name":"Croc Jeux","description":"Bienvenue chez Croc Jeux!","publisher":{"@id":"https:\/\/crocjeux.com\/#organization"},"potentialAction":[{"@type":"SearchAction","target":{"@type":"EntryPoint","urlTemplate":"https:\/\/crocjeux.com\/?s={search_term_string}"},"query-input":{"@type":"PropertyValueSpecification","valueRequired":true,"valueName":"search_term_string"}}],"inLanguage":"fr-FR"},{"@type":"Organization","@id":"https:\/\/crocjeux.com\/#organization","name":"Croc Jeux","url":"https:\/\/crocjeux.com\/","logo":{"@type":"ImageObject","inLanguage":"fr-FR","@id":"https:\/\/crocjeux.com\/#\/schema\/logo\/image\/","url":"https:\/\/crocjeux.com\/wp-content\/uploads\/2022\/01\/cropped-logo-croc-etape-1-e1644574034239.jpg","contentUrl":"https:\/\/crocjeux.com\/wp-content\/uploads\/2022\/01\/cropped-logo-croc-etape-1-e1644574034239.jpg","width":1224,"height":314,"caption":"Croc Jeux"},"image":{"@id":"https:\/\/crocjeux.com\/#\/schema\/logo\/image\/"}}]}},"_links":{"self":[{"href":"https:\/\/crocjeux.com\/index.php\/wp-json\/wp\/v2\/product\/4352","targetHints":{"allow":["GET"]}}],"collection":[{"href":"https:\/\/crocjeux.com\/index.php\/wp-json\/wp\/v2\/product"}],"about":[{"href":"https:\/\/crocjeux.com\/index.php\/wp-json\/wp\/v2\/types\/product"}],"replies":[{"embeddable":true,"href":"https:\/\/crocjeux.com\/index.php\/wp-json\/wp\/v2\/comments?post=4352"}],"wp:featuredmedia":[{"embeddable":true,"href":"https:\/\/crocjeux.com\/index.php\/wp-json\/wp\/v2\/media\/4353"}],"wp:attachment":[{"href":"https:\/\/crocjeux.com\/index.php\/wp-json\/wp\/v2\/media?parent=4352"}],"wp:term":[{"taxonomy":"product_brand","embeddable":true,"href":"https:\/\/crocjeux.com\/index.php\/wp-json\/wp\/v2\/product_brand?post=4352"},{"taxonomy":"product_cat","embeddable":true,"href":"https:\/\/crocjeux.com\/index.php\/wp-json\/wp\/v2\/product_cat?post=4352"},{"taxonomy":"product_tag","embeddable":true,"href":"https:\/\/crocjeux.com\/index.php\/wp-json\/wp\/v2\/product_tag?post=4352"}],"curies":[{"name":"wp","href":"https:\/\/api.w.org\/{rel}","templated":true}]}}