{"id":4501,"date":"2023-01-31T17:56:23","date_gmt":"2023-01-31T16:56:23","guid":{"rendered":"https:\/\/crocjeux.com\/?post_type=product&#038;p=4501"},"modified":"2025-11-27T18:00:13","modified_gmt":"2025-11-27T17:00:13","slug":"catan-a-laube-de-lhumanite","status":"publish","type":"product","link":"https:\/\/crocjeux.com\/index.php\/produit\/catan-a-laube-de-lhumanite\/","title":{"rendered":"Catan \u00e0 l&rsquo;Aube de l&rsquo;Humanit\u00e9"},"content":{"rendered":"<div>Catan : \u00c0 l\u2019Aube de l\u2019Humanit\u00e9 vous invite \u00e0 jouer les d\u00e9buts de l\u2019histoire de l\u2019humanit\u00e9. R\u00e9ussirez-vous \u00e0 faire migrer vos tribus d\u2019Afrique vers l\u2019Europe, l\u2019Asie, l\u2019Oc\u00e9anie et l\u2019Am\u00e9rique et \u00e0 les installer dans leur nouvel environnement\u2009?<\/div>\n<h2>Catan : Aidez l&rsquo;humanit\u00e9 \u00e0 \u00e9merger dans un monde rempli de d\u00e9fis !<\/h2>\n<div>D\u00e9veloppez votre tribu et partez explorer de nouveaux continents afin de cueillir des fruits jusqu\u2019alors inconnus et chasser de gros animaux.<\/div>\n<div>Dans cette nouvelle d\u00e9clinaison de Catan, les d\u00e9fis \u00e0 surmonter sont nombreux. Entre les Smilodons, les Hommes de N\u00e9andertal et les tribus rivales d\u2019Homo Sapiens, l\u2019exploration ne sera pas de tout repos. Tous veulent s\u2019emparer des pr\u00e9cieuses ressources et de ces emplacements id\u00e9aux o\u00f9 installer vos campements. Serez-vous le premier \u00e0 mettre le pied sur chaque continent\u2009?<\/div>\n<div><\/div>\n<div>Un jeu enti\u00e8rement ind\u00e9pendant, dans l\u2019univers Catan. Vous y retrouverez les grandes m\u00e9caniques qui font le succ\u00e8s mondial de ce jeu, ainsi que de nouvelles r\u00e8gles de d\u00e9placement et d\u2019exploration.<\/div>\n<div><\/div>\n<h3>Contenu :<\/h3>\n<div>\n<ul>\n<li>1 plateau de jeu<\/li>\n<li>4 pistes Am\u00e9lioration<\/li>\n<li>13 jetons num\u00e9rot\u00e9s<\/li>\n<li>8 fiches R\u00e9f\u00e9rence<\/li>\n<li>80 cartes Ressource<\/li>\n<li>1 sabot \u00e0 cartes<\/li>\n<li>48 figures homo sapiens<\/li>\n<li>1 figurine N\u00e9andertal<\/li>\n<li>1 figurine Smilodon<\/li>\n<li>18 marqueurs exploration<\/li>\n<li>33 marqueurs Campement<\/li>\n<li>14 marqueurs de points de victoire<\/li>\n<li>2 d\u00e9s<\/li>\n<li>1 livret de r\u00e8gles.<\/li>\n<\/ul>\n<\/div>\n","protected":false},"excerpt":{"rendered":"<p>Catan : \u00c0 l\u2019Aube de l\u2019Humanit\u00e9 vous invite \u00e0 jouer les d\u00e9buts de l\u2019histoire de l\u2019humanit\u00e9. R\u00e9ussirez-vous \u00e0 faire migrer vos tribus d\u2019Afrique vers l\u2019Europe, l\u2019Asie, l\u2019Oc\u00e9anie et l\u2019Am\u00e9rique et \u00e0 les installer dans leur nouvel environnement\u2009?<\/p>\n","protected":false},"featured_media":4502,"comment_status":"open","ping_status":"closed","template":"","meta":{"colormag_page_container_layout":"default_layout","colormag_page_sidebar_layout":"default_layout"},"product_brand":[],"product_cat":[18],"product_tag":[],"class_list":{"0":"post-4501","1":"product","2":"type-product","3":"status-publish","4":"has-post-thumbnail","6":"product_cat-jeux-de-strategie","8":"first","9":"outofstock","10":"taxable","11":"shipping-taxable","12":"purchasable","13":"product-type-simple"},"yoast_head":"<!-- This site is optimized with the Yoast SEO plugin v27.3 - https:\/\/yoast.com\/product\/yoast-seo-wordpress\/ -->\n<title>Catan \u00e0 l&#039;Aube de l&#039;Humanit\u00e9 - Croc Jeux<\/title>\n<meta name=\"description\" content=\"Catan : \u00c0 l\u2019Aube de l\u2019Humanit\u00e9 vous invite \u00e0 jouer les d\u00e9buts de l\u2019histoire de l\u2019humanit\u00e9. R\u00e9ussirez-vous \u00e0 faire migrer vos tribus d\u2019Afrique vers l\u2019Europe, l\u2019Asie, l\u2019Oc\u00e9anie et l\u2019Am\u00e9rique et \u00e0 les installer dans leur nouvel environnement\u2009?\" \/>\n<meta name=\"robots\" content=\"index, follow, max-snippet:-1, max-image-preview:large, max-video-preview:-1\" \/>\n<link rel=\"canonical\" href=\"https:\/\/crocjeux.com\/index.php\/produit\/catan-a-laube-de-lhumanite\/\" \/>\n<meta property=\"og:locale\" content=\"fr_FR\" \/>\n<meta property=\"og:type\" content=\"article\" \/>\n<meta property=\"og:title\" content=\"Catan \u00e0 l&#039;Aube de l&#039;Humanit\u00e9 - Croc Jeux\" \/>\n<meta property=\"og:description\" content=\"Catan : \u00c0 l\u2019Aube de l\u2019Humanit\u00e9 vous invite \u00e0 jouer les d\u00e9buts de l\u2019histoire de l\u2019humanit\u00e9. R\u00e9ussirez-vous \u00e0 faire migrer vos tribus d\u2019Afrique vers l\u2019Europe, l\u2019Asie, l\u2019Oc\u00e9anie et l\u2019Am\u00e9rique et \u00e0 les installer dans leur nouvel environnement\u2009?\" \/>\n<meta property=\"og:url\" content=\"https:\/\/crocjeux.com\/index.php\/produit\/catan-a-laube-de-lhumanite\/\" \/>\n<meta property=\"og:site_name\" content=\"Croc Jeux\" \/>\n<meta property=\"article:modified_time\" content=\"2025-11-27T17:00:13+00:00\" \/>\n<meta property=\"og:image\" content=\"https:\/\/crocjeux.com\/wp-content\/uploads\/2023\/01\/catan-a-l-aube-de-l-humanite.jpg\" \/>\n\t<meta property=\"og:image:width\" content=\"1024\" \/>\n\t<meta property=\"og:image:height\" content=\"1024\" \/>\n\t<meta property=\"og:image:type\" content=\"image\/jpeg\" \/>\n<meta name=\"twitter:card\" content=\"summary_large_image\" \/>\n<meta name=\"twitter:label1\" content=\"Dur\u00e9e de lecture estim\u00e9e\" \/>\n\t<meta name=\"twitter:data1\" content=\"2 minutes\" \/>\n<script type=\"application\/ld+json\" class=\"yoast-schema-graph\">{\"@context\":\"https:\\\/\\\/schema.org\",\"@graph\":[{\"@type\":\"WebPage\",\"@id\":\"https:\\\/\\\/crocjeux.com\\\/index.php\\\/produit\\\/catan-a-laube-de-lhumanite\\\/\",\"url\":\"https:\\\/\\\/crocjeux.com\\\/index.php\\\/produit\\\/catan-a-laube-de-lhumanite\\\/\",\"name\":\"Catan \u00e0 l'Aube de l'Humanit\u00e9 - Croc Jeux\",\"isPartOf\":{\"@id\":\"https:\\\/\\\/crocjeux.com\\\/#website\"},\"primaryImageOfPage\":{\"@id\":\"https:\\\/\\\/crocjeux.com\\\/index.php\\\/produit\\\/catan-a-laube-de-lhumanite\\\/#primaryimage\"},\"image\":{\"@id\":\"https:\\\/\\\/crocjeux.com\\\/index.php\\\/produit\\\/catan-a-laube-de-lhumanite\\\/#primaryimage\"},\"thumbnailUrl\":\"https:\\\/\\\/crocjeux.com\\\/wp-content\\\/uploads\\\/2023\\\/01\\\/catan-a-l-aube-de-l-humanite.jpg\",\"datePublished\":\"2023-01-31T16:56:23+00:00\",\"dateModified\":\"2025-11-27T17:00:13+00:00\",\"description\":\"Catan : \u00c0 l\u2019Aube de l\u2019Humanit\u00e9 vous invite \u00e0 jouer les d\u00e9buts de l\u2019histoire de l\u2019humanit\u00e9. R\u00e9ussirez-vous \u00e0 faire migrer vos tribus d\u2019Afrique vers l\u2019Europe, l\u2019Asie, l\u2019Oc\u00e9anie et l\u2019Am\u00e9rique et \u00e0 les installer dans leur nouvel environnement\u2009?\",\"breadcrumb\":{\"@id\":\"https:\\\/\\\/crocjeux.com\\\/index.php\\\/produit\\\/catan-a-laube-de-lhumanite\\\/#breadcrumb\"},\"inLanguage\":\"fr-FR\",\"potentialAction\":[{\"@type\":\"ReadAction\",\"target\":[\"https:\\\/\\\/crocjeux.com\\\/index.php\\\/produit\\\/catan-a-laube-de-lhumanite\\\/\"]}]},{\"@type\":\"ImageObject\",\"inLanguage\":\"fr-FR\",\"@id\":\"https:\\\/\\\/crocjeux.com\\\/index.php\\\/produit\\\/catan-a-laube-de-lhumanite\\\/#primaryimage\",\"url\":\"https:\\\/\\\/crocjeux.com\\\/wp-content\\\/uploads\\\/2023\\\/01\\\/catan-a-l-aube-de-l-humanite.jpg\",\"contentUrl\":\"https:\\\/\\\/crocjeux.com\\\/wp-content\\\/uploads\\\/2023\\\/01\\\/catan-a-l-aube-de-l-humanite.jpg\",\"width\":1024,\"height\":1024},{\"@type\":\"BreadcrumbList\",\"@id\":\"https:\\\/\\\/crocjeux.com\\\/index.php\\\/produit\\\/catan-a-laube-de-lhumanite\\\/#breadcrumb\",\"itemListElement\":[{\"@type\":\"ListItem\",\"position\":1,\"name\":\"Accueil\",\"item\":\"https:\\\/\\\/crocjeux.com\\\/\"},{\"@type\":\"ListItem\",\"position\":2,\"name\":\"Boutique\",\"item\":\"https:\\\/\\\/crocjeux.com\\\/\"},{\"@type\":\"ListItem\",\"position\":3,\"name\":\"Catan \u00e0 l&rsquo;Aube de l&rsquo;Humanit\u00e9\"}]},{\"@type\":\"WebSite\",\"@id\":\"https:\\\/\\\/crocjeux.com\\\/#website\",\"url\":\"https:\\\/\\\/crocjeux.com\\\/\",\"name\":\"Croc Jeux\",\"description\":\"Bienvenue chez Croc Jeux!\",\"publisher\":{\"@id\":\"https:\\\/\\\/crocjeux.com\\\/#organization\"},\"potentialAction\":[{\"@type\":\"SearchAction\",\"target\":{\"@type\":\"EntryPoint\",\"urlTemplate\":\"https:\\\/\\\/crocjeux.com\\\/?s={search_term_string}\"},\"query-input\":{\"@type\":\"PropertyValueSpecification\",\"valueRequired\":true,\"valueName\":\"search_term_string\"}}],\"inLanguage\":\"fr-FR\"},{\"@type\":\"Organization\",\"@id\":\"https:\\\/\\\/crocjeux.com\\\/#organization\",\"name\":\"Croc Jeux\",\"url\":\"https:\\\/\\\/crocjeux.com\\\/\",\"logo\":{\"@type\":\"ImageObject\",\"inLanguage\":\"fr-FR\",\"@id\":\"https:\\\/\\\/crocjeux.com\\\/#\\\/schema\\\/logo\\\/image\\\/\",\"url\":\"https:\\\/\\\/crocjeux.com\\\/wp-content\\\/uploads\\\/2022\\\/01\\\/cropped-logo-croc-etape-1-e1644574034239.jpg\",\"contentUrl\":\"https:\\\/\\\/crocjeux.com\\\/wp-content\\\/uploads\\\/2022\\\/01\\\/cropped-logo-croc-etape-1-e1644574034239.jpg\",\"width\":1224,\"height\":314,\"caption\":\"Croc Jeux\"},\"image\":{\"@id\":\"https:\\\/\\\/crocjeux.com\\\/#\\\/schema\\\/logo\\\/image\\\/\"}}]}<\/script>\n<!-- \/ Yoast SEO plugin. -->","yoast_head_json":{"title":"Catan \u00e0 l'Aube de l'Humanit\u00e9 - Croc Jeux","description":"Catan : \u00c0 l\u2019Aube de l\u2019Humanit\u00e9 vous invite \u00e0 jouer les d\u00e9buts de l\u2019histoire de l\u2019humanit\u00e9. R\u00e9ussirez-vous \u00e0 faire migrer vos tribus d\u2019Afrique vers l\u2019Europe, l\u2019Asie, l\u2019Oc\u00e9anie et l\u2019Am\u00e9rique et \u00e0 les installer dans leur nouvel environnement\u2009?","robots":{"index":"index","follow":"follow","max-snippet":"max-snippet:-1","max-image-preview":"max-image-preview:large","max-video-preview":"max-video-preview:-1"},"canonical":"https:\/\/crocjeux.com\/index.php\/produit\/catan-a-laube-de-lhumanite\/","og_locale":"fr_FR","og_type":"article","og_title":"Catan \u00e0 l'Aube de l'Humanit\u00e9 - Croc Jeux","og_description":"Catan : \u00c0 l\u2019Aube de l\u2019Humanit\u00e9 vous invite \u00e0 jouer les d\u00e9buts de l\u2019histoire de l\u2019humanit\u00e9. R\u00e9ussirez-vous \u00e0 faire migrer vos tribus d\u2019Afrique vers l\u2019Europe, l\u2019Asie, l\u2019Oc\u00e9anie et l\u2019Am\u00e9rique et \u00e0 les installer dans leur nouvel environnement\u2009?","og_url":"https:\/\/crocjeux.com\/index.php\/produit\/catan-a-laube-de-lhumanite\/","og_site_name":"Croc Jeux","article_modified_time":"2025-11-27T17:00:13+00:00","og_image":[{"width":1024,"height":1024,"url":"https:\/\/crocjeux.com\/wp-content\/uploads\/2023\/01\/catan-a-l-aube-de-l-humanite.jpg","type":"image\/jpeg"}],"twitter_card":"summary_large_image","twitter_misc":{"Dur\u00e9e de lecture estim\u00e9e":"2 minutes"},"schema":{"@context":"https:\/\/schema.org","@graph":[{"@type":"WebPage","@id":"https:\/\/crocjeux.com\/index.php\/produit\/catan-a-laube-de-lhumanite\/","url":"https:\/\/crocjeux.com\/index.php\/produit\/catan-a-laube-de-lhumanite\/","name":"Catan \u00e0 l'Aube de l'Humanit\u00e9 - Croc Jeux","isPartOf":{"@id":"https:\/\/crocjeux.com\/#website"},"primaryImageOfPage":{"@id":"https:\/\/crocjeux.com\/index.php\/produit\/catan-a-laube-de-lhumanite\/#primaryimage"},"image":{"@id":"https:\/\/crocjeux.com\/index.php\/produit\/catan-a-laube-de-lhumanite\/#primaryimage"},"thumbnailUrl":"https:\/\/crocjeux.com\/wp-content\/uploads\/2023\/01\/catan-a-l-aube-de-l-humanite.jpg","datePublished":"2023-01-31T16:56:23+00:00","dateModified":"2025-11-27T17:00:13+00:00","description":"Catan : \u00c0 l\u2019Aube de l\u2019Humanit\u00e9 vous invite \u00e0 jouer les d\u00e9buts de l\u2019histoire de l\u2019humanit\u00e9. R\u00e9ussirez-vous \u00e0 faire migrer vos tribus d\u2019Afrique vers l\u2019Europe, l\u2019Asie, l\u2019Oc\u00e9anie et l\u2019Am\u00e9rique et \u00e0 les installer dans leur nouvel environnement\u2009?","breadcrumb":{"@id":"https:\/\/crocjeux.com\/index.php\/produit\/catan-a-laube-de-lhumanite\/#breadcrumb"},"inLanguage":"fr-FR","potentialAction":[{"@type":"ReadAction","target":["https:\/\/crocjeux.com\/index.php\/produit\/catan-a-laube-de-lhumanite\/"]}]},{"@type":"ImageObject","inLanguage":"fr-FR","@id":"https:\/\/crocjeux.com\/index.php\/produit\/catan-a-laube-de-lhumanite\/#primaryimage","url":"https:\/\/crocjeux.com\/wp-content\/uploads\/2023\/01\/catan-a-l-aube-de-l-humanite.jpg","contentUrl":"https:\/\/crocjeux.com\/wp-content\/uploads\/2023\/01\/catan-a-l-aube-de-l-humanite.jpg","width":1024,"height":1024},{"@type":"BreadcrumbList","@id":"https:\/\/crocjeux.com\/index.php\/produit\/catan-a-laube-de-lhumanite\/#breadcrumb","itemListElement":[{"@type":"ListItem","position":1,"name":"Accueil","item":"https:\/\/crocjeux.com\/"},{"@type":"ListItem","position":2,"name":"Boutique","item":"https:\/\/crocjeux.com\/"},{"@type":"ListItem","position":3,"name":"Catan \u00e0 l&rsquo;Aube de l&rsquo;Humanit\u00e9"}]},{"@type":"WebSite","@id":"https:\/\/crocjeux.com\/#website","url":"https:\/\/crocjeux.com\/","name":"Croc Jeux","description":"Bienvenue chez Croc Jeux!","publisher":{"@id":"https:\/\/crocjeux.com\/#organization"},"potentialAction":[{"@type":"SearchAction","target":{"@type":"EntryPoint","urlTemplate":"https:\/\/crocjeux.com\/?s={search_term_string}"},"query-input":{"@type":"PropertyValueSpecification","valueRequired":true,"valueName":"search_term_string"}}],"inLanguage":"fr-FR"},{"@type":"Organization","@id":"https:\/\/crocjeux.com\/#organization","name":"Croc Jeux","url":"https:\/\/crocjeux.com\/","logo":{"@type":"ImageObject","inLanguage":"fr-FR","@id":"https:\/\/crocjeux.com\/#\/schema\/logo\/image\/","url":"https:\/\/crocjeux.com\/wp-content\/uploads\/2022\/01\/cropped-logo-croc-etape-1-e1644574034239.jpg","contentUrl":"https:\/\/crocjeux.com\/wp-content\/uploads\/2022\/01\/cropped-logo-croc-etape-1-e1644574034239.jpg","width":1224,"height":314,"caption":"Croc Jeux"},"image":{"@id":"https:\/\/crocjeux.com\/#\/schema\/logo\/image\/"}}]}},"_links":{"self":[{"href":"https:\/\/crocjeux.com\/index.php\/wp-json\/wp\/v2\/product\/4501","targetHints":{"allow":["GET"]}}],"collection":[{"href":"https:\/\/crocjeux.com\/index.php\/wp-json\/wp\/v2\/product"}],"about":[{"href":"https:\/\/crocjeux.com\/index.php\/wp-json\/wp\/v2\/types\/product"}],"replies":[{"embeddable":true,"href":"https:\/\/crocjeux.com\/index.php\/wp-json\/wp\/v2\/comments?post=4501"}],"wp:featuredmedia":[{"embeddable":true,"href":"https:\/\/crocjeux.com\/index.php\/wp-json\/wp\/v2\/media\/4502"}],"wp:attachment":[{"href":"https:\/\/crocjeux.com\/index.php\/wp-json\/wp\/v2\/media?parent=4501"}],"wp:term":[{"taxonomy":"product_brand","embeddable":true,"href":"https:\/\/crocjeux.com\/index.php\/wp-json\/wp\/v2\/product_brand?post=4501"},{"taxonomy":"product_cat","embeddable":true,"href":"https:\/\/crocjeux.com\/index.php\/wp-json\/wp\/v2\/product_cat?post=4501"},{"taxonomy":"product_tag","embeddable":true,"href":"https:\/\/crocjeux.com\/index.php\/wp-json\/wp\/v2\/product_tag?post=4501"}],"curies":[{"name":"wp","href":"https:\/\/api.w.org\/{rel}","templated":true}]}}