{"id":4580,"date":"2023-02-01T16:31:41","date_gmt":"2023-02-01T15:31:41","guid":{"rendered":"https:\/\/crocjeux.com\/?post_type=product&#038;p=4580"},"modified":"2024-07-29T11:14:03","modified_gmt":"2024-07-29T10:14:03","slug":"canvas-extension-reflets","status":"publish","type":"product","link":"https:\/\/crocjeux.com\/index.php\/produit\/canvas-extension-reflets\/","title":{"rendered":"Canvas: Extension Reflets"},"content":{"rendered":"<h2>Canvas, un jeu d&rsquo;art en toute transparence !<\/h2>\n<div>Dans\u00a0Canvas, vous incarnez un peintre en comp\u00e9tition dans un concours d\u2019art. Collectionnez des cartes d\u2019art, en en superposant 3 pour cr\u00e9er votre propre \u0153uvre unique. En fonction de la mani\u00e8re dont vous superposerez les cartes, vous r\u00e9v\u00e9lerez certaines ic\u00f4nes qui seront utilis\u00e9es en fin de partie. Saurez-vous emporter le premier prix\u202f?<\/div>\n<h2>Peignez les plus belles toiles pour remporter la comp\u00e9tition<\/h2>\n<div>Chaque combinaison de cartes cr\u00e9e une illustration unique.<\/div>\n<div>Lorsque tous les joueurs auront compl\u00e9t\u00e9 trois toiles, la partie se termine.<\/div>\n<div><\/div>\n<div>Une bo\u00eete si jolie que vous voudrez et pourrez, l&rsquo;accrocher au mur.<\/div>\n","protected":false},"excerpt":{"rendered":"<p>Canvas est un jeu qui ne manque pas d&rsquo;\u00e9l\u00e9gance. Incarnez un peintre en comp\u00e9tition dans un concours d&rsquo;art. Collectionnez des cartes d&rsquo;art et superposez-les pour cr\u00e9er votre \u0153uvre unique.<\/p>\n","protected":false},"featured_media":4581,"comment_status":"open","ping_status":"closed","template":"","meta":{"colormag_page_container_layout":"default_layout","colormag_page_sidebar_layout":"default_layout"},"product_brand":[],"product_cat":[18,26],"product_tag":[],"class_list":{"0":"post-4580","1":"product","2":"type-product","3":"status-publish","4":"has-post-thumbnail","6":"product_cat-jeux-de-strategie","7":"product_cat-jeux-puzzles","9":"first","10":"instock","11":"taxable","12":"shipping-taxable","13":"purchasable","14":"product-type-simple"},"yoast_head":"<!-- This site is optimized with the Yoast SEO plugin v27.3 - https:\/\/yoast.com\/product\/yoast-seo-wordpress\/ -->\n<title>Canvas: Extension Reflets - Croc Jeux<\/title>\n<meta name=\"description\" content=\"Canvas est un jeu qui ne manque pas d&#039;\u00e9l\u00e9gance. Incarnez un peintre en comp\u00e9tition dans un concours d&#039;art. Collectionnez des cartes d&#039;art et superposez-les pour cr\u00e9er votre \u0153uvre unique.\" \/>\n<meta name=\"robots\" content=\"index, follow, max-snippet:-1, max-image-preview:large, max-video-preview:-1\" \/>\n<link rel=\"canonical\" href=\"https:\/\/crocjeux.com\/index.php\/produit\/canvas-extension-reflets\/\" \/>\n<meta property=\"og:locale\" content=\"fr_FR\" \/>\n<meta property=\"og:type\" content=\"article\" \/>\n<meta property=\"og:title\" content=\"Canvas: Extension Reflets - Croc Jeux\" \/>\n<meta property=\"og:description\" content=\"Canvas est un jeu qui ne manque pas d&#039;\u00e9l\u00e9gance. Incarnez un peintre en comp\u00e9tition dans un concours d&#039;art. Collectionnez des cartes d&#039;art et superposez-les pour cr\u00e9er votre \u0153uvre unique.\" \/>\n<meta property=\"og:url\" content=\"https:\/\/crocjeux.com\/index.php\/produit\/canvas-extension-reflets\/\" \/>\n<meta property=\"og:site_name\" content=\"Croc Jeux\" \/>\n<meta property=\"article:modified_time\" content=\"2024-07-29T10:14:03+00:00\" \/>\n<meta property=\"og:image\" content=\"https:\/\/crocjeux.com\/wp-content\/uploads\/2023\/02\/canvas.webp\" \/>\n\t<meta property=\"og:image:width\" content=\"372\" \/>\n\t<meta property=\"og:image:height\" content=\"372\" \/>\n\t<meta property=\"og:image:type\" content=\"image\/webp\" \/>\n<meta name=\"twitter:card\" content=\"summary_large_image\" \/>\n<meta name=\"twitter:label1\" content=\"Dur\u00e9e de lecture estim\u00e9e\" \/>\n\t<meta name=\"twitter:data1\" content=\"1 minute\" \/>\n<script type=\"application\/ld+json\" class=\"yoast-schema-graph\">{\"@context\":\"https:\\\/\\\/schema.org\",\"@graph\":[{\"@type\":\"WebPage\",\"@id\":\"https:\\\/\\\/crocjeux.com\\\/index.php\\\/produit\\\/canvas-extension-reflets\\\/\",\"url\":\"https:\\\/\\\/crocjeux.com\\\/index.php\\\/produit\\\/canvas-extension-reflets\\\/\",\"name\":\"Canvas: Extension Reflets - Croc Jeux\",\"isPartOf\":{\"@id\":\"https:\\\/\\\/crocjeux.com\\\/#website\"},\"primaryImageOfPage\":{\"@id\":\"https:\\\/\\\/crocjeux.com\\\/index.php\\\/produit\\\/canvas-extension-reflets\\\/#primaryimage\"},\"image\":{\"@id\":\"https:\\\/\\\/crocjeux.com\\\/index.php\\\/produit\\\/canvas-extension-reflets\\\/#primaryimage\"},\"thumbnailUrl\":\"https:\\\/\\\/crocjeux.com\\\/wp-content\\\/uploads\\\/2023\\\/02\\\/canvas.webp\",\"datePublished\":\"2023-02-01T15:31:41+00:00\",\"dateModified\":\"2024-07-29T10:14:03+00:00\",\"description\":\"Canvas est un jeu qui ne manque pas d'\u00e9l\u00e9gance. Incarnez un peintre en comp\u00e9tition dans un concours d'art. Collectionnez des cartes d'art et superposez-les pour cr\u00e9er votre \u0153uvre unique.\",\"breadcrumb\":{\"@id\":\"https:\\\/\\\/crocjeux.com\\\/index.php\\\/produit\\\/canvas-extension-reflets\\\/#breadcrumb\"},\"inLanguage\":\"fr-FR\",\"potentialAction\":[{\"@type\":\"ReadAction\",\"target\":[\"https:\\\/\\\/crocjeux.com\\\/index.php\\\/produit\\\/canvas-extension-reflets\\\/\"]}]},{\"@type\":\"ImageObject\",\"inLanguage\":\"fr-FR\",\"@id\":\"https:\\\/\\\/crocjeux.com\\\/index.php\\\/produit\\\/canvas-extension-reflets\\\/#primaryimage\",\"url\":\"https:\\\/\\\/crocjeux.com\\\/wp-content\\\/uploads\\\/2023\\\/02\\\/canvas.webp\",\"contentUrl\":\"https:\\\/\\\/crocjeux.com\\\/wp-content\\\/uploads\\\/2023\\\/02\\\/canvas.webp\",\"width\":372,\"height\":372},{\"@type\":\"BreadcrumbList\",\"@id\":\"https:\\\/\\\/crocjeux.com\\\/index.php\\\/produit\\\/canvas-extension-reflets\\\/#breadcrumb\",\"itemListElement\":[{\"@type\":\"ListItem\",\"position\":1,\"name\":\"Accueil\",\"item\":\"https:\\\/\\\/crocjeux.com\\\/\"},{\"@type\":\"ListItem\",\"position\":2,\"name\":\"Boutique\",\"item\":\"https:\\\/\\\/crocjeux.com\\\/\"},{\"@type\":\"ListItem\",\"position\":3,\"name\":\"Canvas: Extension Reflets\"}]},{\"@type\":\"WebSite\",\"@id\":\"https:\\\/\\\/crocjeux.com\\\/#website\",\"url\":\"https:\\\/\\\/crocjeux.com\\\/\",\"name\":\"Croc Jeux\",\"description\":\"Bienvenue chez Croc Jeux!\",\"publisher\":{\"@id\":\"https:\\\/\\\/crocjeux.com\\\/#organization\"},\"potentialAction\":[{\"@type\":\"SearchAction\",\"target\":{\"@type\":\"EntryPoint\",\"urlTemplate\":\"https:\\\/\\\/crocjeux.com\\\/?s={search_term_string}\"},\"query-input\":{\"@type\":\"PropertyValueSpecification\",\"valueRequired\":true,\"valueName\":\"search_term_string\"}}],\"inLanguage\":\"fr-FR\"},{\"@type\":\"Organization\",\"@id\":\"https:\\\/\\\/crocjeux.com\\\/#organization\",\"name\":\"Croc Jeux\",\"url\":\"https:\\\/\\\/crocjeux.com\\\/\",\"logo\":{\"@type\":\"ImageObject\",\"inLanguage\":\"fr-FR\",\"@id\":\"https:\\\/\\\/crocjeux.com\\\/#\\\/schema\\\/logo\\\/image\\\/\",\"url\":\"https:\\\/\\\/crocjeux.com\\\/wp-content\\\/uploads\\\/2022\\\/01\\\/cropped-logo-croc-etape-1-e1644574034239.jpg\",\"contentUrl\":\"https:\\\/\\\/crocjeux.com\\\/wp-content\\\/uploads\\\/2022\\\/01\\\/cropped-logo-croc-etape-1-e1644574034239.jpg\",\"width\":1224,\"height\":314,\"caption\":\"Croc Jeux\"},\"image\":{\"@id\":\"https:\\\/\\\/crocjeux.com\\\/#\\\/schema\\\/logo\\\/image\\\/\"}}]}<\/script>\n<!-- \/ Yoast SEO plugin. -->","yoast_head_json":{"title":"Canvas: Extension Reflets - Croc Jeux","description":"Canvas est un jeu qui ne manque pas d'\u00e9l\u00e9gance. Incarnez un peintre en comp\u00e9tition dans un concours d'art. Collectionnez des cartes d'art et superposez-les pour cr\u00e9er votre \u0153uvre unique.","robots":{"index":"index","follow":"follow","max-snippet":"max-snippet:-1","max-image-preview":"max-image-preview:large","max-video-preview":"max-video-preview:-1"},"canonical":"https:\/\/crocjeux.com\/index.php\/produit\/canvas-extension-reflets\/","og_locale":"fr_FR","og_type":"article","og_title":"Canvas: Extension Reflets - Croc Jeux","og_description":"Canvas est un jeu qui ne manque pas d'\u00e9l\u00e9gance. Incarnez un peintre en comp\u00e9tition dans un concours d'art. Collectionnez des cartes d'art et superposez-les pour cr\u00e9er votre \u0153uvre unique.","og_url":"https:\/\/crocjeux.com\/index.php\/produit\/canvas-extension-reflets\/","og_site_name":"Croc Jeux","article_modified_time":"2024-07-29T10:14:03+00:00","og_image":[{"width":372,"height":372,"url":"https:\/\/crocjeux.com\/wp-content\/uploads\/2023\/02\/canvas.webp","type":"image\/webp"}],"twitter_card":"summary_large_image","twitter_misc":{"Dur\u00e9e de lecture estim\u00e9e":"1 minute"},"schema":{"@context":"https:\/\/schema.org","@graph":[{"@type":"WebPage","@id":"https:\/\/crocjeux.com\/index.php\/produit\/canvas-extension-reflets\/","url":"https:\/\/crocjeux.com\/index.php\/produit\/canvas-extension-reflets\/","name":"Canvas: Extension Reflets - Croc Jeux","isPartOf":{"@id":"https:\/\/crocjeux.com\/#website"},"primaryImageOfPage":{"@id":"https:\/\/crocjeux.com\/index.php\/produit\/canvas-extension-reflets\/#primaryimage"},"image":{"@id":"https:\/\/crocjeux.com\/index.php\/produit\/canvas-extension-reflets\/#primaryimage"},"thumbnailUrl":"https:\/\/crocjeux.com\/wp-content\/uploads\/2023\/02\/canvas.webp","datePublished":"2023-02-01T15:31:41+00:00","dateModified":"2024-07-29T10:14:03+00:00","description":"Canvas est un jeu qui ne manque pas d'\u00e9l\u00e9gance. Incarnez un peintre en comp\u00e9tition dans un concours d'art. Collectionnez des cartes d'art et superposez-les pour cr\u00e9er votre \u0153uvre unique.","breadcrumb":{"@id":"https:\/\/crocjeux.com\/index.php\/produit\/canvas-extension-reflets\/#breadcrumb"},"inLanguage":"fr-FR","potentialAction":[{"@type":"ReadAction","target":["https:\/\/crocjeux.com\/index.php\/produit\/canvas-extension-reflets\/"]}]},{"@type":"ImageObject","inLanguage":"fr-FR","@id":"https:\/\/crocjeux.com\/index.php\/produit\/canvas-extension-reflets\/#primaryimage","url":"https:\/\/crocjeux.com\/wp-content\/uploads\/2023\/02\/canvas.webp","contentUrl":"https:\/\/crocjeux.com\/wp-content\/uploads\/2023\/02\/canvas.webp","width":372,"height":372},{"@type":"BreadcrumbList","@id":"https:\/\/crocjeux.com\/index.php\/produit\/canvas-extension-reflets\/#breadcrumb","itemListElement":[{"@type":"ListItem","position":1,"name":"Accueil","item":"https:\/\/crocjeux.com\/"},{"@type":"ListItem","position":2,"name":"Boutique","item":"https:\/\/crocjeux.com\/"},{"@type":"ListItem","position":3,"name":"Canvas: Extension Reflets"}]},{"@type":"WebSite","@id":"https:\/\/crocjeux.com\/#website","url":"https:\/\/crocjeux.com\/","name":"Croc Jeux","description":"Bienvenue chez Croc Jeux!","publisher":{"@id":"https:\/\/crocjeux.com\/#organization"},"potentialAction":[{"@type":"SearchAction","target":{"@type":"EntryPoint","urlTemplate":"https:\/\/crocjeux.com\/?s={search_term_string}"},"query-input":{"@type":"PropertyValueSpecification","valueRequired":true,"valueName":"search_term_string"}}],"inLanguage":"fr-FR"},{"@type":"Organization","@id":"https:\/\/crocjeux.com\/#organization","name":"Croc Jeux","url":"https:\/\/crocjeux.com\/","logo":{"@type":"ImageObject","inLanguage":"fr-FR","@id":"https:\/\/crocjeux.com\/#\/schema\/logo\/image\/","url":"https:\/\/crocjeux.com\/wp-content\/uploads\/2022\/01\/cropped-logo-croc-etape-1-e1644574034239.jpg","contentUrl":"https:\/\/crocjeux.com\/wp-content\/uploads\/2022\/01\/cropped-logo-croc-etape-1-e1644574034239.jpg","width":1224,"height":314,"caption":"Croc Jeux"},"image":{"@id":"https:\/\/crocjeux.com\/#\/schema\/logo\/image\/"}}]}},"_links":{"self":[{"href":"https:\/\/crocjeux.com\/index.php\/wp-json\/wp\/v2\/product\/4580","targetHints":{"allow":["GET"]}}],"collection":[{"href":"https:\/\/crocjeux.com\/index.php\/wp-json\/wp\/v2\/product"}],"about":[{"href":"https:\/\/crocjeux.com\/index.php\/wp-json\/wp\/v2\/types\/product"}],"replies":[{"embeddable":true,"href":"https:\/\/crocjeux.com\/index.php\/wp-json\/wp\/v2\/comments?post=4580"}],"wp:featuredmedia":[{"embeddable":true,"href":"https:\/\/crocjeux.com\/index.php\/wp-json\/wp\/v2\/media\/4581"}],"wp:attachment":[{"href":"https:\/\/crocjeux.com\/index.php\/wp-json\/wp\/v2\/media?parent=4580"}],"wp:term":[{"taxonomy":"product_brand","embeddable":true,"href":"https:\/\/crocjeux.com\/index.php\/wp-json\/wp\/v2\/product_brand?post=4580"},{"taxonomy":"product_cat","embeddable":true,"href":"https:\/\/crocjeux.com\/index.php\/wp-json\/wp\/v2\/product_cat?post=4580"},{"taxonomy":"product_tag","embeddable":true,"href":"https:\/\/crocjeux.com\/index.php\/wp-json\/wp\/v2\/product_tag?post=4580"}],"curies":[{"name":"wp","href":"https:\/\/api.w.org\/{rel}","templated":true}]}}