{"id":4801,"date":"2023-02-09T10:41:56","date_gmt":"2023-02-09T09:41:56","guid":{"rendered":"https:\/\/crocjeux.com\/?post_type=product&#038;p=4801"},"modified":"2024-04-24T13:39:49","modified_gmt":"2024-04-24T12:39:49","slug":"loup-garou-pour-une-nuit","status":"publish","type":"product","link":"https:\/\/crocjeux.com\/index.php\/produit\/loup-garou-pour-une-nuit\/","title":{"rendered":"Loup-Garou pour une Nuit"},"content":{"rendered":"<h2>Un jeu d\u00e9conseill\u00e9 aux froussards !<\/h2>\n<p>Au plus profond d\u2019une for\u00eat se cache un village frapp\u00e9 par une terrible mal\u00e9diction. La nuit, des villageois, en apparence inoffensifs, se transforment en terrifiants Loups-Garous. Le village ne retrouvera son calme que s\u2019il parvient \u00e0 s\u2019en d\u00e9barrasser\u2026<\/p>\n<h2>Un jeu \u00e0 r\u00f4le cach\u00e9<\/h2>\n<p>\u00c0\u00a0Loup-Garou pour une Nuit, chaque joueur incarne un personnage tir\u00e9 au hasard : simple villageois, villageois avec des capacit\u00e9s sp\u00e9ciales ou Loup-Garou.<\/p>\n<p>Pour gagner, il faut retrouver derri\u00e8re quels joueurs se cachent les Loups-Garous\u2026 \u00e0 moins que vous en soyez un vous-m\u00eame\u2026 Dans ce cas, \u00e0 vous de semer la confusion et de d\u00e9tourner les soup\u00e7ons sur les autres !<\/p>\n<h2><span style=\"font-size: small;\">Un jeu fait pour vous !<\/span><\/h2>\n<p><span style=\"font-size: small;\">Vous savez feinter et manipuler d\u2019une main de ma\u00eetre ? Vous pensez que personne ne peut rien faire contre vous ? Alors, vous avez frapp\u00e9 \u00e0 la bonne porte ! Glissez-vous dans la peau de l&rsquo;un des douze r\u00f4les diff\u00e9rents et soyez \u00e0 l\u2019affut : Qui est un redoutable Loup-Garou ? Qui est un inoffensif villageois ? Vous n\u2019aurez qu\u2019une seule chance de le d\u00e9couvrir !<\/span><\/p>\n<p><span style=\"font-size: small;\">Du plaisir et du fun pour tous : parties courtes, \u00e9galement adapt\u00e9 aux petits groupes, pas d\u2019\u00e9limination, le Ma\u00eetre du jeu joue aussi !<\/span><\/p>\n<p><span style=\"font-size: small;\">En bonus : L\u2019application gratuite remplace le ma\u00eetre du jeu !\u00a0<\/span><\/p>\n<h2><span style=\"font-size: small;\">Contenu\u00a0<\/span><\/h2>\n<ul>\n<li><span style=\"font-size: small;\">16 cartes personnages,<\/span><\/li>\n<li><span style=\"font-size: small;\">16 jetons,<\/span><\/li>\n<li><span style=\"font-size: small;\">une r\u00e8gle du jeu.<\/span><\/li>\n<\/ul>\n","protected":false},"excerpt":{"rendered":"<p>Loup Garou pour une nuit est un jeu d&rsquo;ambiance adapt\u00e9 aux petits groupes. Les parties sont courtes et sans \u00e9limination. Tout le monde joue en m\u00eame temps, m\u00eame le Ma\u00eetre du jeu.<\/p>\n","protected":false},"featured_media":4802,"comment_status":"open","ping_status":"closed","template":"","meta":{"colormag_page_container_layout":"default_layout","colormag_page_sidebar_layout":"default_layout"},"product_brand":[],"product_cat":[43,42,40],"product_tag":[],"class_list":{"0":"post-4801","1":"product","2":"type-product","3":"status-publish","4":"has-post-thumbnail","6":"product_cat-grand-classique","7":"product_cat-jeux-a-roles-caches","8":"product_cat-jeux-dambiance","10":"first","11":"instock","12":"taxable","13":"shipping-taxable","14":"purchasable","15":"product-type-simple"},"yoast_head":"<!-- This site is optimized with the Yoast SEO plugin v27.4 - https:\/\/yoast.com\/product\/yoast-seo-wordpress\/ -->\n<title>Loup-Garou pour une Nuit - Croc Jeux<\/title>\n<meta name=\"description\" content=\"Loup Garou pour une nuit est un jeu d&#039;ambiance adapt\u00e9 aux petits groupes. Les parties sont courtes et sans \u00e9limination. Tout le monde joue en m\u00eame temps, m\u00eame le Ma\u00eetre du jeu.\" \/>\n<meta name=\"robots\" content=\"index, follow, max-snippet:-1, max-image-preview:large, max-video-preview:-1\" \/>\n<link rel=\"canonical\" href=\"https:\/\/crocjeux.com\/index.php\/produit\/loup-garou-pour-une-nuit\/\" \/>\n<meta property=\"og:locale\" content=\"fr_FR\" \/>\n<meta property=\"og:type\" content=\"article\" \/>\n<meta property=\"og:title\" content=\"Loup-Garou pour une Nuit - Croc Jeux\" \/>\n<meta property=\"og:description\" content=\"Loup Garou pour une nuit est un jeu d&#039;ambiance adapt\u00e9 aux petits groupes. Les parties sont courtes et sans \u00e9limination. Tout le monde joue en m\u00eame temps, m\u00eame le Ma\u00eetre du jeu.\" \/>\n<meta property=\"og:url\" content=\"https:\/\/crocjeux.com\/index.php\/produit\/loup-garou-pour-une-nuit\/\" \/>\n<meta property=\"og:site_name\" content=\"Croc Jeux\" \/>\n<meta property=\"article:modified_time\" content=\"2024-04-24T12:39:49+00:00\" \/>\n<meta property=\"og:image\" content=\"https:\/\/crocjeux.com\/wp-content\/uploads\/2023\/02\/loup-garou-pour-une-nuit-1.webp\" \/>\n\t<meta property=\"og:image:width\" content=\"372\" \/>\n\t<meta property=\"og:image:height\" content=\"372\" \/>\n\t<meta property=\"og:image:type\" content=\"image\/webp\" \/>\n<meta name=\"twitter:card\" content=\"summary_large_image\" \/>\n<meta name=\"twitter:label1\" content=\"Dur\u00e9e de lecture estim\u00e9e\" \/>\n\t<meta name=\"twitter:data1\" content=\"2 minutes\" \/>\n<script type=\"application\/ld+json\" class=\"yoast-schema-graph\">{\"@context\":\"https:\\\/\\\/schema.org\",\"@graph\":[{\"@type\":\"WebPage\",\"@id\":\"https:\\\/\\\/crocjeux.com\\\/index.php\\\/produit\\\/loup-garou-pour-une-nuit\\\/\",\"url\":\"https:\\\/\\\/crocjeux.com\\\/index.php\\\/produit\\\/loup-garou-pour-une-nuit\\\/\",\"name\":\"Loup-Garou pour une Nuit - Croc Jeux\",\"isPartOf\":{\"@id\":\"https:\\\/\\\/crocjeux.com\\\/#website\"},\"primaryImageOfPage\":{\"@id\":\"https:\\\/\\\/crocjeux.com\\\/index.php\\\/produit\\\/loup-garou-pour-une-nuit\\\/#primaryimage\"},\"image\":{\"@id\":\"https:\\\/\\\/crocjeux.com\\\/index.php\\\/produit\\\/loup-garou-pour-une-nuit\\\/#primaryimage\"},\"thumbnailUrl\":\"https:\\\/\\\/crocjeux.com\\\/wp-content\\\/uploads\\\/2023\\\/02\\\/loup-garou-pour-une-nuit-1.webp\",\"datePublished\":\"2023-02-09T09:41:56+00:00\",\"dateModified\":\"2024-04-24T12:39:49+00:00\",\"description\":\"Loup Garou pour une nuit est un jeu d'ambiance adapt\u00e9 aux petits groupes. Les parties sont courtes et sans \u00e9limination. Tout le monde joue en m\u00eame temps, m\u00eame le Ma\u00eetre du jeu.\",\"breadcrumb\":{\"@id\":\"https:\\\/\\\/crocjeux.com\\\/index.php\\\/produit\\\/loup-garou-pour-une-nuit\\\/#breadcrumb\"},\"inLanguage\":\"fr-FR\",\"potentialAction\":[{\"@type\":\"ReadAction\",\"target\":[\"https:\\\/\\\/crocjeux.com\\\/index.php\\\/produit\\\/loup-garou-pour-une-nuit\\\/\"]}]},{\"@type\":\"ImageObject\",\"inLanguage\":\"fr-FR\",\"@id\":\"https:\\\/\\\/crocjeux.com\\\/index.php\\\/produit\\\/loup-garou-pour-une-nuit\\\/#primaryimage\",\"url\":\"https:\\\/\\\/crocjeux.com\\\/wp-content\\\/uploads\\\/2023\\\/02\\\/loup-garou-pour-une-nuit-1.webp\",\"contentUrl\":\"https:\\\/\\\/crocjeux.com\\\/wp-content\\\/uploads\\\/2023\\\/02\\\/loup-garou-pour-une-nuit-1.webp\",\"width\":372,\"height\":372},{\"@type\":\"BreadcrumbList\",\"@id\":\"https:\\\/\\\/crocjeux.com\\\/index.php\\\/produit\\\/loup-garou-pour-une-nuit\\\/#breadcrumb\",\"itemListElement\":[{\"@type\":\"ListItem\",\"position\":1,\"name\":\"Accueil\",\"item\":\"https:\\\/\\\/crocjeux.com\\\/\"},{\"@type\":\"ListItem\",\"position\":2,\"name\":\"Boutique\",\"item\":\"https:\\\/\\\/crocjeux.com\\\/\"},{\"@type\":\"ListItem\",\"position\":3,\"name\":\"Loup-Garou pour une Nuit\"}]},{\"@type\":\"WebSite\",\"@id\":\"https:\\\/\\\/crocjeux.com\\\/#website\",\"url\":\"https:\\\/\\\/crocjeux.com\\\/\",\"name\":\"Croc Jeux\",\"description\":\"Bienvenue chez Croc Jeux!\",\"publisher\":{\"@id\":\"https:\\\/\\\/crocjeux.com\\\/#organization\"},\"potentialAction\":[{\"@type\":\"SearchAction\",\"target\":{\"@type\":\"EntryPoint\",\"urlTemplate\":\"https:\\\/\\\/crocjeux.com\\\/?s={search_term_string}\"},\"query-input\":{\"@type\":\"PropertyValueSpecification\",\"valueRequired\":true,\"valueName\":\"search_term_string\"}}],\"inLanguage\":\"fr-FR\"},{\"@type\":\"Organization\",\"@id\":\"https:\\\/\\\/crocjeux.com\\\/#organization\",\"name\":\"Croc Jeux\",\"url\":\"https:\\\/\\\/crocjeux.com\\\/\",\"logo\":{\"@type\":\"ImageObject\",\"inLanguage\":\"fr-FR\",\"@id\":\"https:\\\/\\\/crocjeux.com\\\/#\\\/schema\\\/logo\\\/image\\\/\",\"url\":\"https:\\\/\\\/crocjeux.com\\\/wp-content\\\/uploads\\\/2022\\\/01\\\/cropped-logo-croc-etape-1-e1644574034239.jpg\",\"contentUrl\":\"https:\\\/\\\/crocjeux.com\\\/wp-content\\\/uploads\\\/2022\\\/01\\\/cropped-logo-croc-etape-1-e1644574034239.jpg\",\"width\":1224,\"height\":314,\"caption\":\"Croc Jeux\"},\"image\":{\"@id\":\"https:\\\/\\\/crocjeux.com\\\/#\\\/schema\\\/logo\\\/image\\\/\"}}]}<\/script>\n<!-- \/ Yoast SEO plugin. -->","yoast_head_json":{"title":"Loup-Garou pour une Nuit - Croc Jeux","description":"Loup Garou pour une nuit est un jeu d'ambiance adapt\u00e9 aux petits groupes. Les parties sont courtes et sans \u00e9limination. Tout le monde joue en m\u00eame temps, m\u00eame le Ma\u00eetre du jeu.","robots":{"index":"index","follow":"follow","max-snippet":"max-snippet:-1","max-image-preview":"max-image-preview:large","max-video-preview":"max-video-preview:-1"},"canonical":"https:\/\/crocjeux.com\/index.php\/produit\/loup-garou-pour-une-nuit\/","og_locale":"fr_FR","og_type":"article","og_title":"Loup-Garou pour une Nuit - Croc Jeux","og_description":"Loup Garou pour une nuit est un jeu d'ambiance adapt\u00e9 aux petits groupes. Les parties sont courtes et sans \u00e9limination. Tout le monde joue en m\u00eame temps, m\u00eame le Ma\u00eetre du jeu.","og_url":"https:\/\/crocjeux.com\/index.php\/produit\/loup-garou-pour-une-nuit\/","og_site_name":"Croc Jeux","article_modified_time":"2024-04-24T12:39:49+00:00","og_image":[{"width":372,"height":372,"url":"https:\/\/crocjeux.com\/wp-content\/uploads\/2023\/02\/loup-garou-pour-une-nuit-1.webp","type":"image\/webp"}],"twitter_card":"summary_large_image","twitter_misc":{"Dur\u00e9e de lecture estim\u00e9e":"2 minutes"},"schema":{"@context":"https:\/\/schema.org","@graph":[{"@type":"WebPage","@id":"https:\/\/crocjeux.com\/index.php\/produit\/loup-garou-pour-une-nuit\/","url":"https:\/\/crocjeux.com\/index.php\/produit\/loup-garou-pour-une-nuit\/","name":"Loup-Garou pour une Nuit - Croc Jeux","isPartOf":{"@id":"https:\/\/crocjeux.com\/#website"},"primaryImageOfPage":{"@id":"https:\/\/crocjeux.com\/index.php\/produit\/loup-garou-pour-une-nuit\/#primaryimage"},"image":{"@id":"https:\/\/crocjeux.com\/index.php\/produit\/loup-garou-pour-une-nuit\/#primaryimage"},"thumbnailUrl":"https:\/\/crocjeux.com\/wp-content\/uploads\/2023\/02\/loup-garou-pour-une-nuit-1.webp","datePublished":"2023-02-09T09:41:56+00:00","dateModified":"2024-04-24T12:39:49+00:00","description":"Loup Garou pour une nuit est un jeu d'ambiance adapt\u00e9 aux petits groupes. Les parties sont courtes et sans \u00e9limination. Tout le monde joue en m\u00eame temps, m\u00eame le Ma\u00eetre du jeu.","breadcrumb":{"@id":"https:\/\/crocjeux.com\/index.php\/produit\/loup-garou-pour-une-nuit\/#breadcrumb"},"inLanguage":"fr-FR","potentialAction":[{"@type":"ReadAction","target":["https:\/\/crocjeux.com\/index.php\/produit\/loup-garou-pour-une-nuit\/"]}]},{"@type":"ImageObject","inLanguage":"fr-FR","@id":"https:\/\/crocjeux.com\/index.php\/produit\/loup-garou-pour-une-nuit\/#primaryimage","url":"https:\/\/crocjeux.com\/wp-content\/uploads\/2023\/02\/loup-garou-pour-une-nuit-1.webp","contentUrl":"https:\/\/crocjeux.com\/wp-content\/uploads\/2023\/02\/loup-garou-pour-une-nuit-1.webp","width":372,"height":372},{"@type":"BreadcrumbList","@id":"https:\/\/crocjeux.com\/index.php\/produit\/loup-garou-pour-une-nuit\/#breadcrumb","itemListElement":[{"@type":"ListItem","position":1,"name":"Accueil","item":"https:\/\/crocjeux.com\/"},{"@type":"ListItem","position":2,"name":"Boutique","item":"https:\/\/crocjeux.com\/"},{"@type":"ListItem","position":3,"name":"Loup-Garou pour une Nuit"}]},{"@type":"WebSite","@id":"https:\/\/crocjeux.com\/#website","url":"https:\/\/crocjeux.com\/","name":"Croc Jeux","description":"Bienvenue chez Croc Jeux!","publisher":{"@id":"https:\/\/crocjeux.com\/#organization"},"potentialAction":[{"@type":"SearchAction","target":{"@type":"EntryPoint","urlTemplate":"https:\/\/crocjeux.com\/?s={search_term_string}"},"query-input":{"@type":"PropertyValueSpecification","valueRequired":true,"valueName":"search_term_string"}}],"inLanguage":"fr-FR"},{"@type":"Organization","@id":"https:\/\/crocjeux.com\/#organization","name":"Croc Jeux","url":"https:\/\/crocjeux.com\/","logo":{"@type":"ImageObject","inLanguage":"fr-FR","@id":"https:\/\/crocjeux.com\/#\/schema\/logo\/image\/","url":"https:\/\/crocjeux.com\/wp-content\/uploads\/2022\/01\/cropped-logo-croc-etape-1-e1644574034239.jpg","contentUrl":"https:\/\/crocjeux.com\/wp-content\/uploads\/2022\/01\/cropped-logo-croc-etape-1-e1644574034239.jpg","width":1224,"height":314,"caption":"Croc Jeux"},"image":{"@id":"https:\/\/crocjeux.com\/#\/schema\/logo\/image\/"}}]}},"_links":{"self":[{"href":"https:\/\/crocjeux.com\/index.php\/wp-json\/wp\/v2\/product\/4801","targetHints":{"allow":["GET"]}}],"collection":[{"href":"https:\/\/crocjeux.com\/index.php\/wp-json\/wp\/v2\/product"}],"about":[{"href":"https:\/\/crocjeux.com\/index.php\/wp-json\/wp\/v2\/types\/product"}],"replies":[{"embeddable":true,"href":"https:\/\/crocjeux.com\/index.php\/wp-json\/wp\/v2\/comments?post=4801"}],"wp:featuredmedia":[{"embeddable":true,"href":"https:\/\/crocjeux.com\/index.php\/wp-json\/wp\/v2\/media\/4802"}],"wp:attachment":[{"href":"https:\/\/crocjeux.com\/index.php\/wp-json\/wp\/v2\/media?parent=4801"}],"wp:term":[{"taxonomy":"product_brand","embeddable":true,"href":"https:\/\/crocjeux.com\/index.php\/wp-json\/wp\/v2\/product_brand?post=4801"},{"taxonomy":"product_cat","embeddable":true,"href":"https:\/\/crocjeux.com\/index.php\/wp-json\/wp\/v2\/product_cat?post=4801"},{"taxonomy":"product_tag","embeddable":true,"href":"https:\/\/crocjeux.com\/index.php\/wp-json\/wp\/v2\/product_tag?post=4801"}],"curies":[{"name":"wp","href":"https:\/\/api.w.org\/{rel}","templated":true}]}}