{"id":4856,"date":"2023-02-09T14:25:27","date_gmt":"2023-02-09T13:25:27","guid":{"rendered":"https:\/\/crocjeux.com\/?post_type=product&#038;p=4856"},"modified":"2023-02-09T14:25:28","modified_gmt":"2023-02-09T13:25:28","slug":"cosmic-race","status":"publish","type":"product","link":"https:\/\/crocjeux.com\/index.php\/produit\/cosmic-race\/","title":{"rendered":"Cosmic Race"},"content":{"rendered":"<h2>Un jeu de course intergalactique !<\/h2>\n<p>Cosmic Race\u00a0est un jeu de course dans lequel les joueurs incarnent des pilotes supersoniques qui r\u00e9alisent enfin leur r\u00eave : participer \u00e0 la Super Course de l\u2019espace !<\/p>\n<div>Un vrai bonheur de prendre le d\u00e9part de cette course endiabl\u00e9e. Mais attention aux autres navettes spatiales et aux obstacles qui pourraient bien vous ralentir ! Qui r\u00e9ussira \u00e0 franchir la ligne d\u2019arriv\u00e9e le plus rapidement tout en r\u00e9cup\u00e9rant le plus d\u2019\u00e9toiles ? Planifiez votre meilleure trajectoire, mais gare aux autres joueurs qui ne vous laisseront pas gagner si facilement\u2026<\/div>\n<div>\n<ol>\n<li>Retourne des tuiles pour piloter ta Navette<\/li>\n<li>Evite les obstacles et r\u00e9colte le maximum d&rsquo;\u00e9toiles<\/li>\n<li>Franchis la ligne d&rsquo;arriv\u00e9e dans les premiers et compte toutes tes \u00e9toiles pour gagner la course !<\/li>\n<\/ol>\n<div>\n<h2>Comment jouer ?<\/h2>\n<div>Dans Cosmic Race, le but des joueurs est de cumuler le plus de points possible en gagnant une coupe prestigieuse et en ramassant des \u00e9toiles tout au long du circuit. Le premier arriv\u00e9 ne sera pas forc\u00e9ment le gagnant !<\/div>\n<\/div>\n<\/div>\n<div><\/div>\n<div>\n<div>Les pilotes jouent chacun leur tour, dans le sens des aiguilles d\u2019une montre, en commen\u00e7ant par le premier joueur. Le joueur actif peut :<\/p>\n<ul>\n<li><\/li>\n<li>Retourner une des tuiles Pilotage. Il applique alors obligatoirement son effet, laisse la face visible et recommence.<\/li>\n<li>Ou d\u00e9cider de s\u2019arr\u00eater. Il replace alors toutes les tuiles Pilotage face cach\u00e9e, sans les m\u00e9langer.<\/li>\n<\/ul>\n<\/div>\n<div>La partie s\u2019arr\u00eate quand tous les joueurs ont franchi la ligne d\u2019arriv\u00e9e. S\u2019il ne reste qu\u2019un seul joueur sur le parcours, vous pouvez choisir de mettre<\/div>\n<div>fin \u00e0 la partie. Le premier joueur \u00e0 passer la ligne prend la coupe en or, le second la coupe en argent, le troisi\u00e8me la coupe en bronze. Le dernier, enfin,<\/div>\n<div>prend la coupe en chocolat.<\/div>\n<\/div>\n","protected":false},"excerpt":{"rendered":"<p>Cosmic Race est un jeu de course intergalactique de folie d\u00e8s 6 ans ! Les joueurs incarnent des pilotes supersoniques qui souhaitent r\u00e9aliser leur r\u00eave : participer \u00e0 la Super Course de l\u2019espace !<\/p>\n","protected":false},"featured_media":4857,"comment_status":"open","ping_status":"closed","template":"","meta":{"colormag_page_container_layout":"default_layout","colormag_page_sidebar_layout":"default_layout"},"product_brand":[],"product_cat":[33],"product_tag":[],"class_list":{"0":"post-4856","1":"product","2":"type-product","3":"status-publish","4":"has-post-thumbnail","6":"product_cat-jeux-enfants","8":"first","9":"instock","10":"taxable","11":"shipping-taxable","12":"purchasable","13":"product-type-simple"},"yoast_head":"<!-- This site is optimized with the Yoast SEO plugin v27.3 - https:\/\/yoast.com\/product\/yoast-seo-wordpress\/ -->\n<title>Cosmic Race - Croc Jeux<\/title>\n<meta name=\"description\" content=\"Cosmic Race est un jeu de course intergalactique de folie d\u00e8s 6 ans ! Les joueurs incarnent des pilotes supersoniques qui souhaitent r\u00e9aliser leur r\u00eave : participer \u00e0 la Super Course de l\u2019espace !\" \/>\n<meta name=\"robots\" content=\"index, follow, max-snippet:-1, max-image-preview:large, max-video-preview:-1\" \/>\n<link rel=\"canonical\" href=\"https:\/\/crocjeux.com\/index.php\/produit\/cosmic-race\/\" \/>\n<meta property=\"og:locale\" content=\"fr_FR\" \/>\n<meta property=\"og:type\" content=\"article\" \/>\n<meta property=\"og:title\" content=\"Cosmic Race - Croc Jeux\" \/>\n<meta property=\"og:description\" content=\"Cosmic Race est un jeu de course intergalactique de folie d\u00e8s 6 ans ! Les joueurs incarnent des pilotes supersoniques qui souhaitent r\u00e9aliser leur r\u00eave : participer \u00e0 la Super Course de l\u2019espace !\" \/>\n<meta property=\"og:url\" content=\"https:\/\/crocjeux.com\/index.php\/produit\/cosmic-race\/\" \/>\n<meta property=\"og:site_name\" content=\"Croc Jeux\" \/>\n<meta property=\"article:modified_time\" content=\"2023-02-09T13:25:28+00:00\" \/>\n<meta property=\"og:image\" content=\"https:\/\/crocjeux.com\/wp-content\/uploads\/2023\/02\/cosmic-race.webp\" \/>\n\t<meta property=\"og:image:width\" content=\"372\" \/>\n\t<meta property=\"og:image:height\" content=\"372\" \/>\n\t<meta property=\"og:image:type\" content=\"image\/webp\" \/>\n<meta name=\"twitter:card\" content=\"summary_large_image\" \/>\n<meta name=\"twitter:label1\" content=\"Dur\u00e9e de lecture estim\u00e9e\" \/>\n\t<meta name=\"twitter:data1\" content=\"2 minutes\" \/>\n<script type=\"application\/ld+json\" class=\"yoast-schema-graph\">{\"@context\":\"https:\\\/\\\/schema.org\",\"@graph\":[{\"@type\":\"WebPage\",\"@id\":\"https:\\\/\\\/crocjeux.com\\\/index.php\\\/produit\\\/cosmic-race\\\/\",\"url\":\"https:\\\/\\\/crocjeux.com\\\/index.php\\\/produit\\\/cosmic-race\\\/\",\"name\":\"Cosmic Race - Croc Jeux\",\"isPartOf\":{\"@id\":\"https:\\\/\\\/crocjeux.com\\\/#website\"},\"primaryImageOfPage\":{\"@id\":\"https:\\\/\\\/crocjeux.com\\\/index.php\\\/produit\\\/cosmic-race\\\/#primaryimage\"},\"image\":{\"@id\":\"https:\\\/\\\/crocjeux.com\\\/index.php\\\/produit\\\/cosmic-race\\\/#primaryimage\"},\"thumbnailUrl\":\"https:\\\/\\\/crocjeux.com\\\/wp-content\\\/uploads\\\/2023\\\/02\\\/cosmic-race.webp\",\"datePublished\":\"2023-02-09T13:25:27+00:00\",\"dateModified\":\"2023-02-09T13:25:28+00:00\",\"description\":\"Cosmic Race est un jeu de course intergalactique de folie d\u00e8s 6 ans ! Les joueurs incarnent des pilotes supersoniques qui souhaitent r\u00e9aliser leur r\u00eave : participer \u00e0 la Super Course de l\u2019espace !\",\"breadcrumb\":{\"@id\":\"https:\\\/\\\/crocjeux.com\\\/index.php\\\/produit\\\/cosmic-race\\\/#breadcrumb\"},\"inLanguage\":\"fr-FR\",\"potentialAction\":[{\"@type\":\"ReadAction\",\"target\":[\"https:\\\/\\\/crocjeux.com\\\/index.php\\\/produit\\\/cosmic-race\\\/\"]}]},{\"@type\":\"ImageObject\",\"inLanguage\":\"fr-FR\",\"@id\":\"https:\\\/\\\/crocjeux.com\\\/index.php\\\/produit\\\/cosmic-race\\\/#primaryimage\",\"url\":\"https:\\\/\\\/crocjeux.com\\\/wp-content\\\/uploads\\\/2023\\\/02\\\/cosmic-race.webp\",\"contentUrl\":\"https:\\\/\\\/crocjeux.com\\\/wp-content\\\/uploads\\\/2023\\\/02\\\/cosmic-race.webp\",\"width\":372,\"height\":372},{\"@type\":\"BreadcrumbList\",\"@id\":\"https:\\\/\\\/crocjeux.com\\\/index.php\\\/produit\\\/cosmic-race\\\/#breadcrumb\",\"itemListElement\":[{\"@type\":\"ListItem\",\"position\":1,\"name\":\"Accueil\",\"item\":\"https:\\\/\\\/crocjeux.com\\\/\"},{\"@type\":\"ListItem\",\"position\":2,\"name\":\"Boutique\",\"item\":\"https:\\\/\\\/crocjeux.com\\\/\"},{\"@type\":\"ListItem\",\"position\":3,\"name\":\"Cosmic Race\"}]},{\"@type\":\"WebSite\",\"@id\":\"https:\\\/\\\/crocjeux.com\\\/#website\",\"url\":\"https:\\\/\\\/crocjeux.com\\\/\",\"name\":\"Croc Jeux\",\"description\":\"Bienvenue chez Croc Jeux!\",\"publisher\":{\"@id\":\"https:\\\/\\\/crocjeux.com\\\/#organization\"},\"potentialAction\":[{\"@type\":\"SearchAction\",\"target\":{\"@type\":\"EntryPoint\",\"urlTemplate\":\"https:\\\/\\\/crocjeux.com\\\/?s={search_term_string}\"},\"query-input\":{\"@type\":\"PropertyValueSpecification\",\"valueRequired\":true,\"valueName\":\"search_term_string\"}}],\"inLanguage\":\"fr-FR\"},{\"@type\":\"Organization\",\"@id\":\"https:\\\/\\\/crocjeux.com\\\/#organization\",\"name\":\"Croc Jeux\",\"url\":\"https:\\\/\\\/crocjeux.com\\\/\",\"logo\":{\"@type\":\"ImageObject\",\"inLanguage\":\"fr-FR\",\"@id\":\"https:\\\/\\\/crocjeux.com\\\/#\\\/schema\\\/logo\\\/image\\\/\",\"url\":\"https:\\\/\\\/crocjeux.com\\\/wp-content\\\/uploads\\\/2022\\\/01\\\/cropped-logo-croc-etape-1-e1644574034239.jpg\",\"contentUrl\":\"https:\\\/\\\/crocjeux.com\\\/wp-content\\\/uploads\\\/2022\\\/01\\\/cropped-logo-croc-etape-1-e1644574034239.jpg\",\"width\":1224,\"height\":314,\"caption\":\"Croc Jeux\"},\"image\":{\"@id\":\"https:\\\/\\\/crocjeux.com\\\/#\\\/schema\\\/logo\\\/image\\\/\"}}]}<\/script>\n<!-- \/ Yoast SEO plugin. -->","yoast_head_json":{"title":"Cosmic Race - Croc Jeux","description":"Cosmic Race est un jeu de course intergalactique de folie d\u00e8s 6 ans ! Les joueurs incarnent des pilotes supersoniques qui souhaitent r\u00e9aliser leur r\u00eave : participer \u00e0 la Super Course de l\u2019espace !","robots":{"index":"index","follow":"follow","max-snippet":"max-snippet:-1","max-image-preview":"max-image-preview:large","max-video-preview":"max-video-preview:-1"},"canonical":"https:\/\/crocjeux.com\/index.php\/produit\/cosmic-race\/","og_locale":"fr_FR","og_type":"article","og_title":"Cosmic Race - Croc Jeux","og_description":"Cosmic Race est un jeu de course intergalactique de folie d\u00e8s 6 ans ! Les joueurs incarnent des pilotes supersoniques qui souhaitent r\u00e9aliser leur r\u00eave : participer \u00e0 la Super Course de l\u2019espace !","og_url":"https:\/\/crocjeux.com\/index.php\/produit\/cosmic-race\/","og_site_name":"Croc Jeux","article_modified_time":"2023-02-09T13:25:28+00:00","og_image":[{"width":372,"height":372,"url":"https:\/\/crocjeux.com\/wp-content\/uploads\/2023\/02\/cosmic-race.webp","type":"image\/webp"}],"twitter_card":"summary_large_image","twitter_misc":{"Dur\u00e9e de lecture estim\u00e9e":"2 minutes"},"schema":{"@context":"https:\/\/schema.org","@graph":[{"@type":"WebPage","@id":"https:\/\/crocjeux.com\/index.php\/produit\/cosmic-race\/","url":"https:\/\/crocjeux.com\/index.php\/produit\/cosmic-race\/","name":"Cosmic Race - Croc Jeux","isPartOf":{"@id":"https:\/\/crocjeux.com\/#website"},"primaryImageOfPage":{"@id":"https:\/\/crocjeux.com\/index.php\/produit\/cosmic-race\/#primaryimage"},"image":{"@id":"https:\/\/crocjeux.com\/index.php\/produit\/cosmic-race\/#primaryimage"},"thumbnailUrl":"https:\/\/crocjeux.com\/wp-content\/uploads\/2023\/02\/cosmic-race.webp","datePublished":"2023-02-09T13:25:27+00:00","dateModified":"2023-02-09T13:25:28+00:00","description":"Cosmic Race est un jeu de course intergalactique de folie d\u00e8s 6 ans ! Les joueurs incarnent des pilotes supersoniques qui souhaitent r\u00e9aliser leur r\u00eave : participer \u00e0 la Super Course de l\u2019espace !","breadcrumb":{"@id":"https:\/\/crocjeux.com\/index.php\/produit\/cosmic-race\/#breadcrumb"},"inLanguage":"fr-FR","potentialAction":[{"@type":"ReadAction","target":["https:\/\/crocjeux.com\/index.php\/produit\/cosmic-race\/"]}]},{"@type":"ImageObject","inLanguage":"fr-FR","@id":"https:\/\/crocjeux.com\/index.php\/produit\/cosmic-race\/#primaryimage","url":"https:\/\/crocjeux.com\/wp-content\/uploads\/2023\/02\/cosmic-race.webp","contentUrl":"https:\/\/crocjeux.com\/wp-content\/uploads\/2023\/02\/cosmic-race.webp","width":372,"height":372},{"@type":"BreadcrumbList","@id":"https:\/\/crocjeux.com\/index.php\/produit\/cosmic-race\/#breadcrumb","itemListElement":[{"@type":"ListItem","position":1,"name":"Accueil","item":"https:\/\/crocjeux.com\/"},{"@type":"ListItem","position":2,"name":"Boutique","item":"https:\/\/crocjeux.com\/"},{"@type":"ListItem","position":3,"name":"Cosmic Race"}]},{"@type":"WebSite","@id":"https:\/\/crocjeux.com\/#website","url":"https:\/\/crocjeux.com\/","name":"Croc Jeux","description":"Bienvenue chez Croc Jeux!","publisher":{"@id":"https:\/\/crocjeux.com\/#organization"},"potentialAction":[{"@type":"SearchAction","target":{"@type":"EntryPoint","urlTemplate":"https:\/\/crocjeux.com\/?s={search_term_string}"},"query-input":{"@type":"PropertyValueSpecification","valueRequired":true,"valueName":"search_term_string"}}],"inLanguage":"fr-FR"},{"@type":"Organization","@id":"https:\/\/crocjeux.com\/#organization","name":"Croc Jeux","url":"https:\/\/crocjeux.com\/","logo":{"@type":"ImageObject","inLanguage":"fr-FR","@id":"https:\/\/crocjeux.com\/#\/schema\/logo\/image\/","url":"https:\/\/crocjeux.com\/wp-content\/uploads\/2022\/01\/cropped-logo-croc-etape-1-e1644574034239.jpg","contentUrl":"https:\/\/crocjeux.com\/wp-content\/uploads\/2022\/01\/cropped-logo-croc-etape-1-e1644574034239.jpg","width":1224,"height":314,"caption":"Croc Jeux"},"image":{"@id":"https:\/\/crocjeux.com\/#\/schema\/logo\/image\/"}}]}},"_links":{"self":[{"href":"https:\/\/crocjeux.com\/index.php\/wp-json\/wp\/v2\/product\/4856","targetHints":{"allow":["GET"]}}],"collection":[{"href":"https:\/\/crocjeux.com\/index.php\/wp-json\/wp\/v2\/product"}],"about":[{"href":"https:\/\/crocjeux.com\/index.php\/wp-json\/wp\/v2\/types\/product"}],"replies":[{"embeddable":true,"href":"https:\/\/crocjeux.com\/index.php\/wp-json\/wp\/v2\/comments?post=4856"}],"wp:featuredmedia":[{"embeddable":true,"href":"https:\/\/crocjeux.com\/index.php\/wp-json\/wp\/v2\/media\/4857"}],"wp:attachment":[{"href":"https:\/\/crocjeux.com\/index.php\/wp-json\/wp\/v2\/media?parent=4856"}],"wp:term":[{"taxonomy":"product_brand","embeddable":true,"href":"https:\/\/crocjeux.com\/index.php\/wp-json\/wp\/v2\/product_brand?post=4856"},{"taxonomy":"product_cat","embeddable":true,"href":"https:\/\/crocjeux.com\/index.php\/wp-json\/wp\/v2\/product_cat?post=4856"},{"taxonomy":"product_tag","embeddable":true,"href":"https:\/\/crocjeux.com\/index.php\/wp-json\/wp\/v2\/product_tag?post=4856"}],"curies":[{"name":"wp","href":"https:\/\/api.w.org\/{rel}","templated":true}]}}