{"id":4875,"date":"2023-02-09T15:02:08","date_gmt":"2023-02-09T14:02:08","guid":{"rendered":"https:\/\/crocjeux.com\/?post_type=product&#038;p=4875"},"modified":"2023-02-10T11:07:35","modified_gmt":"2023-02-10T10:07:35","slug":"small-world-sky-islands","status":"publish","type":"product","link":"https:\/\/crocjeux.com\/index.php\/produit\/small-world-sky-islands\/","title":{"rendered":"Small World: Sky Islands"},"content":{"rendered":"<div>Partez \u00e0 la conqu\u00eate du ciel avec la nouvelle extension Small World : Sky Islands !<\/div>\n<div><\/div>\n<div>C\u2019\u00e9tait un beau matin de printemps ; les G\u00e9ants se faisaient faire de nouveaux tatouages et les autres habitants de Small World se pr\u00e9paraient \u00e0 une nouvelle journ\u00e9e de combats. Un \u00e9trange silence s\u2019est alors install\u00e9 \u00e0 travers le pays tandis qu\u2019une ombre immense glissait au-dessus des for\u00eats et des montagnes.<\/div>\n<div><\/div>\n<div>Les Mages auraient-ils encore jou\u00e9 aux apprentis sorciers ? Que nenni ! Un archipel d\u2019\u00celes Volantes \u00e9tait venu se placer en surplomb de notre petit monde\u2026 Voil\u00e0 une occasion de se faire une place au soleil, se dit-on d\u2019un bout \u00e0 l\u2019autre du pays ! Les Peuples les plus entreprenants se mirent au travail et en moins de temps qu\u2019il n\u2019en faut pour le dire, ils prenaient les \u00celes d\u2019assaut\u2026 La bataille pour les Sky Islands venait de commencer\u2026<\/div>\n<div><\/div>\n<p>Dans Small World : Sky Islands, des territoires flottants font leur apparition mais le monde est toujours trop petit&#8230; Et ce n\u2019est pas pr\u00e8s de s\u2019arranger avec le nouveau plateau d\u2019\u00eeles Volantes car chaque \u00cele Volante enti\u00e8rement conquise par un peuple rapporte un jeton de victoire suppl\u00e9mentaire \u00e0 la fin du tour. N\u00e9anmoins, acc\u00e9der \u00e0 ces \u00eeles ne sera pas si facile. Pour aider les joueurs dans leurs conqu\u00eates, cette extension contient de nouveaux peuples fantastiques et des pouvoirs sp\u00e9ciaux, tel que les Charognards imagin\u00e9s ou les impressionnants Cyclopes.<\/p>\n<div><\/div>\n<div>L\u2019extension contient \u00e9galement un casier de rangement.<\/div>\n<div><\/div>\n<div><\/div>\n<div>Contenu :<\/div>\n<div>\n<ul>\n<li>1 plateau de jeu r\u00e9versible (2 ou 3 \u00eeles)<\/li>\n<li>7 tuiles de Peuples fantastiques<\/li>\n<li>7 tuiles de Pouvoir Sp\u00e9cial<\/li>\n<li>94 pions de Peuples<\/li>\n<li>24 pions divers<\/li>\n<li>1 livret de r\u00e8gles \/ aide de jeu<\/li>\n<\/ul>\n<\/div>\n","protected":false},"excerpt":{"rendered":"<p>Sky Islands est une extension pour le jeu Small World. Partez \u00e0 la conqu\u00eate du ciel avec l&rsquo;arriv\u00e9e des territoires flottants. De nouveaux horizons s&rsquo;offrent \u00e0 vous, m\u00eame si le monde est toujours trop petit.<\/p>\n","protected":false},"featured_media":4876,"comment_status":"open","ping_status":"closed","template":"","meta":{"colormag_page_container_layout":"default_layout","colormag_page_sidebar_layout":"default_layout"},"product_brand":[],"product_cat":[31,18],"product_tag":[],"class_list":{"0":"post-4875","1":"product","2":"type-product","3":"status-publish","4":"has-post-thumbnail","6":"product_cat-jeux-adffrontement","7":"product_cat-jeux-de-strategie","9":"first","10":"instock","11":"taxable","12":"shipping-taxable","13":"purchasable","14":"product-type-simple"},"yoast_head":"<!-- This site is optimized with the Yoast SEO plugin v27.3 - https:\/\/yoast.com\/product\/yoast-seo-wordpress\/ -->\n<title>Small World: Sky Islands - Croc Jeux<\/title>\n<meta name=\"description\" content=\"Sky Islands est une extension pour le jeu Small World. Partez \u00e0 la conqu\u00eate du ciel avec l&#039;arriv\u00e9e des territoires flottants. De nouveaux horizons s&#039;offrent \u00e0 vous, m\u00eame si le monde est toujours trop petit.\" \/>\n<meta name=\"robots\" content=\"index, follow, max-snippet:-1, max-image-preview:large, max-video-preview:-1\" \/>\n<link rel=\"canonical\" href=\"https:\/\/crocjeux.com\/index.php\/produit\/small-world-sky-islands\/\" \/>\n<meta property=\"og:locale\" content=\"fr_FR\" \/>\n<meta property=\"og:type\" content=\"article\" \/>\n<meta property=\"og:title\" content=\"Small World: Sky Islands - Croc Jeux\" \/>\n<meta property=\"og:description\" content=\"Sky Islands est une extension pour le jeu Small World. Partez \u00e0 la conqu\u00eate du ciel avec l&#039;arriv\u00e9e des territoires flottants. De nouveaux horizons s&#039;offrent \u00e0 vous, m\u00eame si le monde est toujours trop petit.\" \/>\n<meta property=\"og:url\" content=\"https:\/\/crocjeux.com\/index.php\/produit\/small-world-sky-islands\/\" \/>\n<meta property=\"og:site_name\" content=\"Croc Jeux\" \/>\n<meta property=\"article:modified_time\" content=\"2023-02-10T10:07:35+00:00\" \/>\n<meta property=\"og:image\" content=\"https:\/\/crocjeux.com\/wp-content\/uploads\/2023\/02\/small-world-sky-islands.webp\" \/>\n\t<meta property=\"og:image:width\" content=\"372\" \/>\n\t<meta property=\"og:image:height\" content=\"372\" \/>\n\t<meta property=\"og:image:type\" content=\"image\/webp\" \/>\n<meta name=\"twitter:card\" content=\"summary_large_image\" \/>\n<meta name=\"twitter:label1\" content=\"Dur\u00e9e de lecture estim\u00e9e\" \/>\n\t<meta name=\"twitter:data1\" content=\"2 minutes\" \/>\n<script type=\"application\/ld+json\" class=\"yoast-schema-graph\">{\"@context\":\"https:\\\/\\\/schema.org\",\"@graph\":[{\"@type\":\"WebPage\",\"@id\":\"https:\\\/\\\/crocjeux.com\\\/index.php\\\/produit\\\/small-world-sky-islands\\\/\",\"url\":\"https:\\\/\\\/crocjeux.com\\\/index.php\\\/produit\\\/small-world-sky-islands\\\/\",\"name\":\"Small World: Sky Islands - Croc Jeux\",\"isPartOf\":{\"@id\":\"https:\\\/\\\/crocjeux.com\\\/#website\"},\"primaryImageOfPage\":{\"@id\":\"https:\\\/\\\/crocjeux.com\\\/index.php\\\/produit\\\/small-world-sky-islands\\\/#primaryimage\"},\"image\":{\"@id\":\"https:\\\/\\\/crocjeux.com\\\/index.php\\\/produit\\\/small-world-sky-islands\\\/#primaryimage\"},\"thumbnailUrl\":\"https:\\\/\\\/crocjeux.com\\\/wp-content\\\/uploads\\\/2023\\\/02\\\/small-world-sky-islands.webp\",\"datePublished\":\"2023-02-09T14:02:08+00:00\",\"dateModified\":\"2023-02-10T10:07:35+00:00\",\"description\":\"Sky Islands est une extension pour le jeu Small World. Partez \u00e0 la conqu\u00eate du ciel avec l'arriv\u00e9e des territoires flottants. De nouveaux horizons s'offrent \u00e0 vous, m\u00eame si le monde est toujours trop petit.\",\"breadcrumb\":{\"@id\":\"https:\\\/\\\/crocjeux.com\\\/index.php\\\/produit\\\/small-world-sky-islands\\\/#breadcrumb\"},\"inLanguage\":\"fr-FR\",\"potentialAction\":[{\"@type\":\"ReadAction\",\"target\":[\"https:\\\/\\\/crocjeux.com\\\/index.php\\\/produit\\\/small-world-sky-islands\\\/\"]}]},{\"@type\":\"ImageObject\",\"inLanguage\":\"fr-FR\",\"@id\":\"https:\\\/\\\/crocjeux.com\\\/index.php\\\/produit\\\/small-world-sky-islands\\\/#primaryimage\",\"url\":\"https:\\\/\\\/crocjeux.com\\\/wp-content\\\/uploads\\\/2023\\\/02\\\/small-world-sky-islands.webp\",\"contentUrl\":\"https:\\\/\\\/crocjeux.com\\\/wp-content\\\/uploads\\\/2023\\\/02\\\/small-world-sky-islands.webp\",\"width\":372,\"height\":372},{\"@type\":\"BreadcrumbList\",\"@id\":\"https:\\\/\\\/crocjeux.com\\\/index.php\\\/produit\\\/small-world-sky-islands\\\/#breadcrumb\",\"itemListElement\":[{\"@type\":\"ListItem\",\"position\":1,\"name\":\"Accueil\",\"item\":\"https:\\\/\\\/crocjeux.com\\\/\"},{\"@type\":\"ListItem\",\"position\":2,\"name\":\"Boutique\",\"item\":\"https:\\\/\\\/crocjeux.com\\\/\"},{\"@type\":\"ListItem\",\"position\":3,\"name\":\"Small World: Sky Islands\"}]},{\"@type\":\"WebSite\",\"@id\":\"https:\\\/\\\/crocjeux.com\\\/#website\",\"url\":\"https:\\\/\\\/crocjeux.com\\\/\",\"name\":\"Croc Jeux\",\"description\":\"Bienvenue chez Croc Jeux!\",\"publisher\":{\"@id\":\"https:\\\/\\\/crocjeux.com\\\/#organization\"},\"potentialAction\":[{\"@type\":\"SearchAction\",\"target\":{\"@type\":\"EntryPoint\",\"urlTemplate\":\"https:\\\/\\\/crocjeux.com\\\/?s={search_term_string}\"},\"query-input\":{\"@type\":\"PropertyValueSpecification\",\"valueRequired\":true,\"valueName\":\"search_term_string\"}}],\"inLanguage\":\"fr-FR\"},{\"@type\":\"Organization\",\"@id\":\"https:\\\/\\\/crocjeux.com\\\/#organization\",\"name\":\"Croc Jeux\",\"url\":\"https:\\\/\\\/crocjeux.com\\\/\",\"logo\":{\"@type\":\"ImageObject\",\"inLanguage\":\"fr-FR\",\"@id\":\"https:\\\/\\\/crocjeux.com\\\/#\\\/schema\\\/logo\\\/image\\\/\",\"url\":\"https:\\\/\\\/crocjeux.com\\\/wp-content\\\/uploads\\\/2022\\\/01\\\/cropped-logo-croc-etape-1-e1644574034239.jpg\",\"contentUrl\":\"https:\\\/\\\/crocjeux.com\\\/wp-content\\\/uploads\\\/2022\\\/01\\\/cropped-logo-croc-etape-1-e1644574034239.jpg\",\"width\":1224,\"height\":314,\"caption\":\"Croc Jeux\"},\"image\":{\"@id\":\"https:\\\/\\\/crocjeux.com\\\/#\\\/schema\\\/logo\\\/image\\\/\"}}]}<\/script>\n<!-- \/ Yoast SEO plugin. -->","yoast_head_json":{"title":"Small World: Sky Islands - Croc Jeux","description":"Sky Islands est une extension pour le jeu Small World. Partez \u00e0 la conqu\u00eate du ciel avec l'arriv\u00e9e des territoires flottants. De nouveaux horizons s'offrent \u00e0 vous, m\u00eame si le monde est toujours trop petit.","robots":{"index":"index","follow":"follow","max-snippet":"max-snippet:-1","max-image-preview":"max-image-preview:large","max-video-preview":"max-video-preview:-1"},"canonical":"https:\/\/crocjeux.com\/index.php\/produit\/small-world-sky-islands\/","og_locale":"fr_FR","og_type":"article","og_title":"Small World: Sky Islands - Croc Jeux","og_description":"Sky Islands est une extension pour le jeu Small World. Partez \u00e0 la conqu\u00eate du ciel avec l'arriv\u00e9e des territoires flottants. De nouveaux horizons s'offrent \u00e0 vous, m\u00eame si le monde est toujours trop petit.","og_url":"https:\/\/crocjeux.com\/index.php\/produit\/small-world-sky-islands\/","og_site_name":"Croc Jeux","article_modified_time":"2023-02-10T10:07:35+00:00","og_image":[{"width":372,"height":372,"url":"https:\/\/crocjeux.com\/wp-content\/uploads\/2023\/02\/small-world-sky-islands.webp","type":"image\/webp"}],"twitter_card":"summary_large_image","twitter_misc":{"Dur\u00e9e de lecture estim\u00e9e":"2 minutes"},"schema":{"@context":"https:\/\/schema.org","@graph":[{"@type":"WebPage","@id":"https:\/\/crocjeux.com\/index.php\/produit\/small-world-sky-islands\/","url":"https:\/\/crocjeux.com\/index.php\/produit\/small-world-sky-islands\/","name":"Small World: Sky Islands - Croc Jeux","isPartOf":{"@id":"https:\/\/crocjeux.com\/#website"},"primaryImageOfPage":{"@id":"https:\/\/crocjeux.com\/index.php\/produit\/small-world-sky-islands\/#primaryimage"},"image":{"@id":"https:\/\/crocjeux.com\/index.php\/produit\/small-world-sky-islands\/#primaryimage"},"thumbnailUrl":"https:\/\/crocjeux.com\/wp-content\/uploads\/2023\/02\/small-world-sky-islands.webp","datePublished":"2023-02-09T14:02:08+00:00","dateModified":"2023-02-10T10:07:35+00:00","description":"Sky Islands est une extension pour le jeu Small World. Partez \u00e0 la conqu\u00eate du ciel avec l'arriv\u00e9e des territoires flottants. De nouveaux horizons s'offrent \u00e0 vous, m\u00eame si le monde est toujours trop petit.","breadcrumb":{"@id":"https:\/\/crocjeux.com\/index.php\/produit\/small-world-sky-islands\/#breadcrumb"},"inLanguage":"fr-FR","potentialAction":[{"@type":"ReadAction","target":["https:\/\/crocjeux.com\/index.php\/produit\/small-world-sky-islands\/"]}]},{"@type":"ImageObject","inLanguage":"fr-FR","@id":"https:\/\/crocjeux.com\/index.php\/produit\/small-world-sky-islands\/#primaryimage","url":"https:\/\/crocjeux.com\/wp-content\/uploads\/2023\/02\/small-world-sky-islands.webp","contentUrl":"https:\/\/crocjeux.com\/wp-content\/uploads\/2023\/02\/small-world-sky-islands.webp","width":372,"height":372},{"@type":"BreadcrumbList","@id":"https:\/\/crocjeux.com\/index.php\/produit\/small-world-sky-islands\/#breadcrumb","itemListElement":[{"@type":"ListItem","position":1,"name":"Accueil","item":"https:\/\/crocjeux.com\/"},{"@type":"ListItem","position":2,"name":"Boutique","item":"https:\/\/crocjeux.com\/"},{"@type":"ListItem","position":3,"name":"Small World: Sky Islands"}]},{"@type":"WebSite","@id":"https:\/\/crocjeux.com\/#website","url":"https:\/\/crocjeux.com\/","name":"Croc Jeux","description":"Bienvenue chez Croc Jeux!","publisher":{"@id":"https:\/\/crocjeux.com\/#organization"},"potentialAction":[{"@type":"SearchAction","target":{"@type":"EntryPoint","urlTemplate":"https:\/\/crocjeux.com\/?s={search_term_string}"},"query-input":{"@type":"PropertyValueSpecification","valueRequired":true,"valueName":"search_term_string"}}],"inLanguage":"fr-FR"},{"@type":"Organization","@id":"https:\/\/crocjeux.com\/#organization","name":"Croc Jeux","url":"https:\/\/crocjeux.com\/","logo":{"@type":"ImageObject","inLanguage":"fr-FR","@id":"https:\/\/crocjeux.com\/#\/schema\/logo\/image\/","url":"https:\/\/crocjeux.com\/wp-content\/uploads\/2022\/01\/cropped-logo-croc-etape-1-e1644574034239.jpg","contentUrl":"https:\/\/crocjeux.com\/wp-content\/uploads\/2022\/01\/cropped-logo-croc-etape-1-e1644574034239.jpg","width":1224,"height":314,"caption":"Croc Jeux"},"image":{"@id":"https:\/\/crocjeux.com\/#\/schema\/logo\/image\/"}}]}},"_links":{"self":[{"href":"https:\/\/crocjeux.com\/index.php\/wp-json\/wp\/v2\/product\/4875","targetHints":{"allow":["GET"]}}],"collection":[{"href":"https:\/\/crocjeux.com\/index.php\/wp-json\/wp\/v2\/product"}],"about":[{"href":"https:\/\/crocjeux.com\/index.php\/wp-json\/wp\/v2\/types\/product"}],"replies":[{"embeddable":true,"href":"https:\/\/crocjeux.com\/index.php\/wp-json\/wp\/v2\/comments?post=4875"}],"wp:featuredmedia":[{"embeddable":true,"href":"https:\/\/crocjeux.com\/index.php\/wp-json\/wp\/v2\/media\/4876"}],"wp:attachment":[{"href":"https:\/\/crocjeux.com\/index.php\/wp-json\/wp\/v2\/media?parent=4875"}],"wp:term":[{"taxonomy":"product_brand","embeddable":true,"href":"https:\/\/crocjeux.com\/index.php\/wp-json\/wp\/v2\/product_brand?post=4875"},{"taxonomy":"product_cat","embeddable":true,"href":"https:\/\/crocjeux.com\/index.php\/wp-json\/wp\/v2\/product_cat?post=4875"},{"taxonomy":"product_tag","embeddable":true,"href":"https:\/\/crocjeux.com\/index.php\/wp-json\/wp\/v2\/product_tag?post=4875"}],"curies":[{"name":"wp","href":"https:\/\/api.w.org\/{rel}","templated":true}]}}