{"id":5064,"date":"2023-03-02T13:38:39","date_gmt":"2023-03-02T12:38:39","guid":{"rendered":"https:\/\/crocjeux.com\/?post_type=product&#038;p=5064"},"modified":"2025-11-04T19:59:32","modified_gmt":"2025-11-04T18:59:32","slug":"star-wars-the-deckbuilding-game","status":"publish","type":"product","link":"https:\/\/crocjeux.com\/index.php\/produit\/star-wars-the-deckbuilding-game\/","title":{"rendered":"Star Wars: The Deckbuilding Game"},"content":{"rendered":"<p>Le destin de la galaxie est entre vos cartes\u2009!<\/p>\n<p>Vivez des batailles \u00e9piques avec Star Wars : The Deckbuilding Game\u2009! Un jeu de cartes rapide et facile \u00e0 ma\u00eetriser. Recrutez des personnages, amassez des primes, utilisez la Force et d\u00e9truisez la base de votre adversaire\u2009!<\/p>\n<p>Dans ce jeu comp\u00e9titif pour deux joueurs votre adversaire et vous choisissez chacun votre camp : l\u2019Empire ou les Rebelles. Chacun commence avec son propre deck de 10 cartes, qui n\u2019est pas tr\u00e8s puissant\u2009; il fournit principalement des ressources permettant d\u2019acheter de nouvelles cartes \u00e0 ajouter \u00e0 son paquet afin de l\u2019am\u00e9liorer. Petit \u00e0 petit, vous pourrez lancer des attaques de plus en plus d\u00e9vastatrices.<\/p>\n<p>Soyez attentifs aux capacit\u00e9s des cartes que vous achetez, afin qu\u2019elles se combinent efficacement \u00e0 celles que vous poss\u00e9dez d\u00e9j\u00e0. Gardez aussi un \u0153il sur celles que votre adversaire ach\u00e8te, cela vous aidera \u00e0 comprendre sa strat\u00e9gie et \u00e0 le contrer.<\/p>\n","protected":false},"excerpt":{"rendered":"<p>Le destin de la galaxie est entre vos cartes\u2009! Vivez des batailles \u00e9piques avec Star Wars : The Deckbuilding Game\u2009! Un jeu de cartes rapide et facile \u00e0 ma\u00eetriser. Recrutez des personnages, amassez des primes, utilisez la Force et d\u00e9truisez la base de votre adversaire\u2009!<\/p>\n","protected":false},"featured_media":5071,"comment_status":"open","ping_status":"closed","template":"","meta":{"colormag_page_container_layout":"default_layout","colormag_page_sidebar_layout":"default_layout"},"product_brand":[],"product_cat":[65,32,29],"product_tag":[],"class_list":{"0":"post-5064","1":"product","2":"type-product","3":"status-publish","4":"has-post-thumbnail","6":"product_cat-coups-de-coeur","7":"product_cat-jeux-de-cartes","8":"product_cat-jeux-2-joueurs","10":"first","11":"instock","12":"taxable","13":"shipping-taxable","14":"purchasable","15":"product-type-simple"},"yoast_head":"<!-- This site is optimized with the Yoast SEO plugin v27.1.1 - https:\/\/yoast.com\/product\/yoast-seo-wordpress\/ -->\n<title>Star Wars: The Deckbuilding Game - Croc Jeux<\/title>\n<meta name=\"robots\" content=\"index, follow, max-snippet:-1, max-image-preview:large, max-video-preview:-1\" \/>\n<link rel=\"canonical\" href=\"https:\/\/crocjeux.com\/index.php\/produit\/star-wars-the-deckbuilding-game\/\" \/>\n<meta property=\"og:locale\" content=\"fr_FR\" \/>\n<meta property=\"og:type\" content=\"article\" \/>\n<meta property=\"og:title\" content=\"Star Wars: The Deckbuilding Game - Croc Jeux\" \/>\n<meta property=\"og:description\" content=\"Le destin de la galaxie est entre vos cartes\u2009! Vivez des batailles \u00e9piques avec Star Wars : The Deckbuilding Game\u2009! Un jeu de cartes rapide et facile \u00e0 ma\u00eetriser. Recrutez des personnages, amassez des primes, utilisez la Force et d\u00e9truisez la base de votre adversaire\u2009!\" \/>\n<meta property=\"og:url\" content=\"https:\/\/crocjeux.com\/index.php\/produit\/star-wars-the-deckbuilding-game\/\" \/>\n<meta property=\"og:site_name\" content=\"Croc Jeux\" \/>\n<meta property=\"article:modified_time\" content=\"2025-11-04T18:59:32+00:00\" \/>\n<meta property=\"og:image\" content=\"https:\/\/crocjeux.com\/wp-content\/uploads\/2023\/03\/ffgswg01fr_box3d_20221121.png\" \/>\n\t<meta property=\"og:image:width\" content=\"912\" \/>\n\t<meta property=\"og:image:height\" content=\"1247\" \/>\n\t<meta property=\"og:image:type\" content=\"image\/png\" \/>\n<meta name=\"twitter:card\" content=\"summary_large_image\" \/>\n<meta name=\"twitter:label1\" content=\"Dur\u00e9e de lecture estim\u00e9e\" \/>\n\t<meta name=\"twitter:data1\" content=\"1 minute\" \/>\n<script type=\"application\/ld+json\" class=\"yoast-schema-graph\">{\"@context\":\"https:\/\/schema.org\",\"@graph\":[{\"@type\":\"WebPage\",\"@id\":\"https:\/\/crocjeux.com\/index.php\/produit\/star-wars-the-deckbuilding-game\/\",\"url\":\"https:\/\/crocjeux.com\/index.php\/produit\/star-wars-the-deckbuilding-game\/\",\"name\":\"Star Wars: The Deckbuilding Game - Croc Jeux\",\"isPartOf\":{\"@id\":\"https:\/\/crocjeux.com\/#website\"},\"primaryImageOfPage\":{\"@id\":\"https:\/\/crocjeux.com\/index.php\/produit\/star-wars-the-deckbuilding-game\/#primaryimage\"},\"image\":{\"@id\":\"https:\/\/crocjeux.com\/index.php\/produit\/star-wars-the-deckbuilding-game\/#primaryimage\"},\"thumbnailUrl\":\"https:\/\/crocjeux.com\/wp-content\/uploads\/2023\/03\/ffgswg01fr_box3d_20221121.png\",\"datePublished\":\"2023-03-02T12:38:39+00:00\",\"dateModified\":\"2025-11-04T18:59:32+00:00\",\"breadcrumb\":{\"@id\":\"https:\/\/crocjeux.com\/index.php\/produit\/star-wars-the-deckbuilding-game\/#breadcrumb\"},\"inLanguage\":\"fr-FR\",\"potentialAction\":[{\"@type\":\"ReadAction\",\"target\":[\"https:\/\/crocjeux.com\/index.php\/produit\/star-wars-the-deckbuilding-game\/\"]}]},{\"@type\":\"ImageObject\",\"inLanguage\":\"fr-FR\",\"@id\":\"https:\/\/crocjeux.com\/index.php\/produit\/star-wars-the-deckbuilding-game\/#primaryimage\",\"url\":\"https:\/\/crocjeux.com\/wp-content\/uploads\/2023\/03\/ffgswg01fr_box3d_20221121.png\",\"contentUrl\":\"https:\/\/crocjeux.com\/wp-content\/uploads\/2023\/03\/ffgswg01fr_box3d_20221121.png\",\"width\":912,\"height\":1247},{\"@type\":\"BreadcrumbList\",\"@id\":\"https:\/\/crocjeux.com\/index.php\/produit\/star-wars-the-deckbuilding-game\/#breadcrumb\",\"itemListElement\":[{\"@type\":\"ListItem\",\"position\":1,\"name\":\"Accueil\",\"item\":\"https:\/\/crocjeux.com\/\"},{\"@type\":\"ListItem\",\"position\":2,\"name\":\"Boutique\",\"item\":\"https:\/\/crocjeux.com\/\"},{\"@type\":\"ListItem\",\"position\":3,\"name\":\"Star Wars: The Deckbuilding Game\"}]},{\"@type\":\"WebSite\",\"@id\":\"https:\/\/crocjeux.com\/#website\",\"url\":\"https:\/\/crocjeux.com\/\",\"name\":\"Croc Jeux\",\"description\":\"Bienvenue chez Croc Jeux!\",\"publisher\":{\"@id\":\"https:\/\/crocjeux.com\/#organization\"},\"potentialAction\":[{\"@type\":\"SearchAction\",\"target\":{\"@type\":\"EntryPoint\",\"urlTemplate\":\"https:\/\/crocjeux.com\/?s={search_term_string}\"},\"query-input\":{\"@type\":\"PropertyValueSpecification\",\"valueRequired\":true,\"valueName\":\"search_term_string\"}}],\"inLanguage\":\"fr-FR\"},{\"@type\":\"Organization\",\"@id\":\"https:\/\/crocjeux.com\/#organization\",\"name\":\"Croc Jeux\",\"url\":\"https:\/\/crocjeux.com\/\",\"logo\":{\"@type\":\"ImageObject\",\"inLanguage\":\"fr-FR\",\"@id\":\"https:\/\/crocjeux.com\/#\/schema\/logo\/image\/\",\"url\":\"https:\/\/crocjeux.com\/wp-content\/uploads\/2022\/01\/cropped-logo-croc-etape-1-e1644574034239.jpg\",\"contentUrl\":\"https:\/\/crocjeux.com\/wp-content\/uploads\/2022\/01\/cropped-logo-croc-etape-1-e1644574034239.jpg\",\"width\":1224,\"height\":314,\"caption\":\"Croc Jeux\"},\"image\":{\"@id\":\"https:\/\/crocjeux.com\/#\/schema\/logo\/image\/\"}}]}<\/script>\n<!-- \/ Yoast SEO plugin. -->","yoast_head_json":{"title":"Star Wars: The Deckbuilding Game - Croc Jeux","robots":{"index":"index","follow":"follow","max-snippet":"max-snippet:-1","max-image-preview":"max-image-preview:large","max-video-preview":"max-video-preview:-1"},"canonical":"https:\/\/crocjeux.com\/index.php\/produit\/star-wars-the-deckbuilding-game\/","og_locale":"fr_FR","og_type":"article","og_title":"Star Wars: The Deckbuilding Game - Croc Jeux","og_description":"Le destin de la galaxie est entre vos cartes\u2009! Vivez des batailles \u00e9piques avec Star Wars : The Deckbuilding Game\u2009! Un jeu de cartes rapide et facile \u00e0 ma\u00eetriser. Recrutez des personnages, amassez des primes, utilisez la Force et d\u00e9truisez la base de votre adversaire\u2009!","og_url":"https:\/\/crocjeux.com\/index.php\/produit\/star-wars-the-deckbuilding-game\/","og_site_name":"Croc Jeux","article_modified_time":"2025-11-04T18:59:32+00:00","og_image":[{"width":912,"height":1247,"url":"https:\/\/crocjeux.com\/wp-content\/uploads\/2023\/03\/ffgswg01fr_box3d_20221121.png","type":"image\/png"}],"twitter_card":"summary_large_image","twitter_misc":{"Dur\u00e9e de lecture estim\u00e9e":"1 minute"},"schema":{"@context":"https:\/\/schema.org","@graph":[{"@type":"WebPage","@id":"https:\/\/crocjeux.com\/index.php\/produit\/star-wars-the-deckbuilding-game\/","url":"https:\/\/crocjeux.com\/index.php\/produit\/star-wars-the-deckbuilding-game\/","name":"Star Wars: The Deckbuilding Game - Croc Jeux","isPartOf":{"@id":"https:\/\/crocjeux.com\/#website"},"primaryImageOfPage":{"@id":"https:\/\/crocjeux.com\/index.php\/produit\/star-wars-the-deckbuilding-game\/#primaryimage"},"image":{"@id":"https:\/\/crocjeux.com\/index.php\/produit\/star-wars-the-deckbuilding-game\/#primaryimage"},"thumbnailUrl":"https:\/\/crocjeux.com\/wp-content\/uploads\/2023\/03\/ffgswg01fr_box3d_20221121.png","datePublished":"2023-03-02T12:38:39+00:00","dateModified":"2025-11-04T18:59:32+00:00","breadcrumb":{"@id":"https:\/\/crocjeux.com\/index.php\/produit\/star-wars-the-deckbuilding-game\/#breadcrumb"},"inLanguage":"fr-FR","potentialAction":[{"@type":"ReadAction","target":["https:\/\/crocjeux.com\/index.php\/produit\/star-wars-the-deckbuilding-game\/"]}]},{"@type":"ImageObject","inLanguage":"fr-FR","@id":"https:\/\/crocjeux.com\/index.php\/produit\/star-wars-the-deckbuilding-game\/#primaryimage","url":"https:\/\/crocjeux.com\/wp-content\/uploads\/2023\/03\/ffgswg01fr_box3d_20221121.png","contentUrl":"https:\/\/crocjeux.com\/wp-content\/uploads\/2023\/03\/ffgswg01fr_box3d_20221121.png","width":912,"height":1247},{"@type":"BreadcrumbList","@id":"https:\/\/crocjeux.com\/index.php\/produit\/star-wars-the-deckbuilding-game\/#breadcrumb","itemListElement":[{"@type":"ListItem","position":1,"name":"Accueil","item":"https:\/\/crocjeux.com\/"},{"@type":"ListItem","position":2,"name":"Boutique","item":"https:\/\/crocjeux.com\/"},{"@type":"ListItem","position":3,"name":"Star Wars: The Deckbuilding Game"}]},{"@type":"WebSite","@id":"https:\/\/crocjeux.com\/#website","url":"https:\/\/crocjeux.com\/","name":"Croc Jeux","description":"Bienvenue chez Croc Jeux!","publisher":{"@id":"https:\/\/crocjeux.com\/#organization"},"potentialAction":[{"@type":"SearchAction","target":{"@type":"EntryPoint","urlTemplate":"https:\/\/crocjeux.com\/?s={search_term_string}"},"query-input":{"@type":"PropertyValueSpecification","valueRequired":true,"valueName":"search_term_string"}}],"inLanguage":"fr-FR"},{"@type":"Organization","@id":"https:\/\/crocjeux.com\/#organization","name":"Croc Jeux","url":"https:\/\/crocjeux.com\/","logo":{"@type":"ImageObject","inLanguage":"fr-FR","@id":"https:\/\/crocjeux.com\/#\/schema\/logo\/image\/","url":"https:\/\/crocjeux.com\/wp-content\/uploads\/2022\/01\/cropped-logo-croc-etape-1-e1644574034239.jpg","contentUrl":"https:\/\/crocjeux.com\/wp-content\/uploads\/2022\/01\/cropped-logo-croc-etape-1-e1644574034239.jpg","width":1224,"height":314,"caption":"Croc Jeux"},"image":{"@id":"https:\/\/crocjeux.com\/#\/schema\/logo\/image\/"}}]}},"_links":{"self":[{"href":"https:\/\/crocjeux.com\/index.php\/wp-json\/wp\/v2\/product\/5064","targetHints":{"allow":["GET"]}}],"collection":[{"href":"https:\/\/crocjeux.com\/index.php\/wp-json\/wp\/v2\/product"}],"about":[{"href":"https:\/\/crocjeux.com\/index.php\/wp-json\/wp\/v2\/types\/product"}],"replies":[{"embeddable":true,"href":"https:\/\/crocjeux.com\/index.php\/wp-json\/wp\/v2\/comments?post=5064"}],"wp:featuredmedia":[{"embeddable":true,"href":"https:\/\/crocjeux.com\/index.php\/wp-json\/wp\/v2\/media\/5071"}],"wp:attachment":[{"href":"https:\/\/crocjeux.com\/index.php\/wp-json\/wp\/v2\/media?parent=5064"}],"wp:term":[{"taxonomy":"product_brand","embeddable":true,"href":"https:\/\/crocjeux.com\/index.php\/wp-json\/wp\/v2\/product_brand?post=5064"},{"taxonomy":"product_cat","embeddable":true,"href":"https:\/\/crocjeux.com\/index.php\/wp-json\/wp\/v2\/product_cat?post=5064"},{"taxonomy":"product_tag","embeddable":true,"href":"https:\/\/crocjeux.com\/index.php\/wp-json\/wp\/v2\/product_tag?post=5064"}],"curies":[{"name":"wp","href":"https:\/\/api.w.org\/{rel}","templated":true}]}}