{"id":5251,"date":"2023-04-28T10:46:57","date_gmt":"2023-04-28T09:46:57","guid":{"rendered":"https:\/\/crocjeux.com\/?post_type=product&#038;p=5251"},"modified":"2023-04-28T10:53:49","modified_gmt":"2023-04-28T09:53:49","slug":"vampire-la-mascarade-v5","status":"publish","type":"product","link":"https:\/\/crocjeux.com\/index.php\/produit\/vampire-la-mascarade-v5\/","title":{"rendered":"Vampire : La mascarade V5"},"content":{"rendered":"<p>En tant que vampire vous souffrez des affres de la Soif, cette soif intarissable pour le sang humain. Si vous refusez de la satisfaire, elle vous rendra fou et vous m\u00e8nera au pire pour l\u2019assouvir. Vous \u00eates sur le fil du rasoir toutes les nuits.<\/p>\n<p>Sombres projets, amers ennemis et \u00e9tranges alli\u00e9s vous attendent dans ce Monde de T\u00e9n\u00e8bres.<\/p>\n<p>C\u2019est le retour du classique qui a r\u00e9volutionn\u00e9 le monde du jeu de r\u00f4le! Cette cinqui\u00e8me \u00e9dition propose des r\u00e8gles actualis\u00e9es, de nombreuses illustrations in\u00e9dites et une exp\u00e9rience de jeu immersive et palpitante pour les joueurs.<\/p>\n<p>Articul\u00e9 autour du syst\u00e8me du conteur proposant une toute nouvelle gestion de la Soif, <em>Vampire: la Mascarade 5e \u00e9dition<\/em> inclut les r\u00e8gles de cr\u00e9ation de coteries, d\u2019attaches, d\u2019ambitions et de d\u00e9sirs qui permettent d\u2019impliquer directement les joueurs et d\u2019int\u00e9grer l\u2019historique des personnages pour les d\u00e9velopper pleinement en jeu.<\/p>\n<p><em>Vampire: la Mascarade 5e \u00e9dition<\/em> est un retour aux sources, \u00e0 la vision originale de <em>Vampire: la Mascarade<\/em> tout en la projetant dans le XXIe si\u00e8cle. Alors que les r\u00e8gles ont \u00e9t\u00e9 refondues, cette nouvelle \u00e9dition rend hommage \u00e0 l\u2019original en faisant avancer la \u00ab m\u00e9ta-intrigue \u00bb l\u00e0 o\u00f9 elle s\u2019\u00e9tait arr\u00eat\u00e9e il y a plus de quinze ans, d\u00e9taillant ce qui s\u2019est pass\u00e9 depuis dans le monde des ca\u00efnites.<\/p>\n<p>La terreur de la Seconde Inquisition, les conspirations derri\u00e8re la guerre de la G\u00e9henne et le retour de la guerre des \u00c2ges: voici les fondations des chroniques modernes de la 5e \u00e9dition.<\/p>\n","protected":false},"excerpt":{"rendered":"<p><em><strong>Vampire: la Mascarade<\/strong><\/em><strong>\u00a0est LE jeu d\u2019horreur personnel et politique. Vous \u00eates un vampire, luttant pour votre survie, la supr\u00e9matie et pour conserver votre humanit\u00e9 en d\u00e9liquescence, effray\u00e9 de ce dont vous \u00eates capable et par les horribles conspirations inhumaines qui vous entourent.\u00a0<\/strong><\/p>\n","protected":false},"featured_media":5252,"comment_status":"open","ping_status":"closed","template":"","meta":{"colormag_page_container_layout":"default_layout","colormag_page_sidebar_layout":"default_layout"},"product_brand":[],"product_cat":[35],"product_tag":[],"class_list":{"0":"post-5251","1":"product","2":"type-product","3":"status-publish","4":"has-post-thumbnail","6":"product_cat-jeux-jdr","8":"first","9":"instock","10":"taxable","11":"shipping-taxable","12":"purchasable","13":"product-type-simple"},"yoast_head":"<!-- This site is optimized with the Yoast SEO plugin v27.3 - https:\/\/yoast.com\/product\/yoast-seo-wordpress\/ -->\n<title>Vampire : La mascarade V5 - Croc Jeux<\/title>\n<meta name=\"robots\" content=\"index, follow, max-snippet:-1, max-image-preview:large, max-video-preview:-1\" \/>\n<link rel=\"canonical\" href=\"https:\/\/crocjeux.com\/index.php\/produit\/vampire-la-mascarade-v5\/\" \/>\n<meta property=\"og:locale\" content=\"fr_FR\" \/>\n<meta property=\"og:type\" content=\"article\" \/>\n<meta property=\"og:title\" content=\"Vampire : La mascarade V5 - Croc Jeux\" \/>\n<meta property=\"og:description\" content=\"Vampire: la Mascarade\u00a0est LE jeu d\u2019horreur personnel et politique. Vous \u00eates un vampire, luttant pour votre survie, la supr\u00e9matie et pour conserver votre humanit\u00e9 en d\u00e9liquescence, effray\u00e9 de ce dont vous \u00eates capable et par les horribles conspirations inhumaines qui vous entourent.\u00a0\" \/>\n<meta property=\"og:url\" content=\"https:\/\/crocjeux.com\/index.php\/produit\/vampire-la-mascarade-v5\/\" \/>\n<meta property=\"og:site_name\" content=\"Croc Jeux\" \/>\n<meta property=\"article:modified_time\" content=\"2023-04-28T09:53:49+00:00\" \/>\n<meta property=\"og:image\" content=\"https:\/\/crocjeux.com\/wp-content\/uploads\/2023\/04\/asyva502fr_face_230120.jpg\" \/>\n\t<meta property=\"og:image:width\" content=\"308\" \/>\n\t<meta property=\"og:image:height\" content=\"400\" \/>\n\t<meta property=\"og:image:type\" content=\"image\/jpeg\" \/>\n<meta name=\"twitter:card\" content=\"summary_large_image\" \/>\n<meta name=\"twitter:label1\" content=\"Dur\u00e9e de lecture estim\u00e9e\" \/>\n\t<meta name=\"twitter:data1\" content=\"2 minutes\" \/>\n<script type=\"application\/ld+json\" class=\"yoast-schema-graph\">{\"@context\":\"https:\\\/\\\/schema.org\",\"@graph\":[{\"@type\":\"WebPage\",\"@id\":\"https:\\\/\\\/crocjeux.com\\\/index.php\\\/produit\\\/vampire-la-mascarade-v5\\\/\",\"url\":\"https:\\\/\\\/crocjeux.com\\\/index.php\\\/produit\\\/vampire-la-mascarade-v5\\\/\",\"name\":\"Vampire : La mascarade V5 - Croc Jeux\",\"isPartOf\":{\"@id\":\"https:\\\/\\\/crocjeux.com\\\/#website\"},\"primaryImageOfPage\":{\"@id\":\"https:\\\/\\\/crocjeux.com\\\/index.php\\\/produit\\\/vampire-la-mascarade-v5\\\/#primaryimage\"},\"image\":{\"@id\":\"https:\\\/\\\/crocjeux.com\\\/index.php\\\/produit\\\/vampire-la-mascarade-v5\\\/#primaryimage\"},\"thumbnailUrl\":\"https:\\\/\\\/crocjeux.com\\\/wp-content\\\/uploads\\\/2023\\\/04\\\/asyva502fr_face_230120.jpg\",\"datePublished\":\"2023-04-28T09:46:57+00:00\",\"dateModified\":\"2023-04-28T09:53:49+00:00\",\"breadcrumb\":{\"@id\":\"https:\\\/\\\/crocjeux.com\\\/index.php\\\/produit\\\/vampire-la-mascarade-v5\\\/#breadcrumb\"},\"inLanguage\":\"fr-FR\",\"potentialAction\":[{\"@type\":\"ReadAction\",\"target\":[\"https:\\\/\\\/crocjeux.com\\\/index.php\\\/produit\\\/vampire-la-mascarade-v5\\\/\"]}]},{\"@type\":\"ImageObject\",\"inLanguage\":\"fr-FR\",\"@id\":\"https:\\\/\\\/crocjeux.com\\\/index.php\\\/produit\\\/vampire-la-mascarade-v5\\\/#primaryimage\",\"url\":\"https:\\\/\\\/crocjeux.com\\\/wp-content\\\/uploads\\\/2023\\\/04\\\/asyva502fr_face_230120.jpg\",\"contentUrl\":\"https:\\\/\\\/crocjeux.com\\\/wp-content\\\/uploads\\\/2023\\\/04\\\/asyva502fr_face_230120.jpg\",\"width\":308,\"height\":400},{\"@type\":\"BreadcrumbList\",\"@id\":\"https:\\\/\\\/crocjeux.com\\\/index.php\\\/produit\\\/vampire-la-mascarade-v5\\\/#breadcrumb\",\"itemListElement\":[{\"@type\":\"ListItem\",\"position\":1,\"name\":\"Accueil\",\"item\":\"https:\\\/\\\/crocjeux.com\\\/\"},{\"@type\":\"ListItem\",\"position\":2,\"name\":\"Boutique\",\"item\":\"https:\\\/\\\/crocjeux.com\\\/\"},{\"@type\":\"ListItem\",\"position\":3,\"name\":\"Vampire : La mascarade V5\"}]},{\"@type\":\"WebSite\",\"@id\":\"https:\\\/\\\/crocjeux.com\\\/#website\",\"url\":\"https:\\\/\\\/crocjeux.com\\\/\",\"name\":\"Croc Jeux\",\"description\":\"Bienvenue chez Croc Jeux!\",\"publisher\":{\"@id\":\"https:\\\/\\\/crocjeux.com\\\/#organization\"},\"potentialAction\":[{\"@type\":\"SearchAction\",\"target\":{\"@type\":\"EntryPoint\",\"urlTemplate\":\"https:\\\/\\\/crocjeux.com\\\/?s={search_term_string}\"},\"query-input\":{\"@type\":\"PropertyValueSpecification\",\"valueRequired\":true,\"valueName\":\"search_term_string\"}}],\"inLanguage\":\"fr-FR\"},{\"@type\":\"Organization\",\"@id\":\"https:\\\/\\\/crocjeux.com\\\/#organization\",\"name\":\"Croc Jeux\",\"url\":\"https:\\\/\\\/crocjeux.com\\\/\",\"logo\":{\"@type\":\"ImageObject\",\"inLanguage\":\"fr-FR\",\"@id\":\"https:\\\/\\\/crocjeux.com\\\/#\\\/schema\\\/logo\\\/image\\\/\",\"url\":\"https:\\\/\\\/crocjeux.com\\\/wp-content\\\/uploads\\\/2022\\\/01\\\/cropped-logo-croc-etape-1-e1644574034239.jpg\",\"contentUrl\":\"https:\\\/\\\/crocjeux.com\\\/wp-content\\\/uploads\\\/2022\\\/01\\\/cropped-logo-croc-etape-1-e1644574034239.jpg\",\"width\":1224,\"height\":314,\"caption\":\"Croc Jeux\"},\"image\":{\"@id\":\"https:\\\/\\\/crocjeux.com\\\/#\\\/schema\\\/logo\\\/image\\\/\"}}]}<\/script>\n<!-- \/ Yoast SEO plugin. -->","yoast_head_json":{"title":"Vampire : La mascarade V5 - Croc Jeux","robots":{"index":"index","follow":"follow","max-snippet":"max-snippet:-1","max-image-preview":"max-image-preview:large","max-video-preview":"max-video-preview:-1"},"canonical":"https:\/\/crocjeux.com\/index.php\/produit\/vampire-la-mascarade-v5\/","og_locale":"fr_FR","og_type":"article","og_title":"Vampire : La mascarade V5 - Croc Jeux","og_description":"Vampire: la Mascarade\u00a0est LE jeu d\u2019horreur personnel et politique. Vous \u00eates un vampire, luttant pour votre survie, la supr\u00e9matie et pour conserver votre humanit\u00e9 en d\u00e9liquescence, effray\u00e9 de ce dont vous \u00eates capable et par les horribles conspirations inhumaines qui vous entourent.\u00a0","og_url":"https:\/\/crocjeux.com\/index.php\/produit\/vampire-la-mascarade-v5\/","og_site_name":"Croc Jeux","article_modified_time":"2023-04-28T09:53:49+00:00","og_image":[{"width":308,"height":400,"url":"https:\/\/crocjeux.com\/wp-content\/uploads\/2023\/04\/asyva502fr_face_230120.jpg","type":"image\/jpeg"}],"twitter_card":"summary_large_image","twitter_misc":{"Dur\u00e9e de lecture estim\u00e9e":"2 minutes"},"schema":{"@context":"https:\/\/schema.org","@graph":[{"@type":"WebPage","@id":"https:\/\/crocjeux.com\/index.php\/produit\/vampire-la-mascarade-v5\/","url":"https:\/\/crocjeux.com\/index.php\/produit\/vampire-la-mascarade-v5\/","name":"Vampire : La mascarade V5 - Croc Jeux","isPartOf":{"@id":"https:\/\/crocjeux.com\/#website"},"primaryImageOfPage":{"@id":"https:\/\/crocjeux.com\/index.php\/produit\/vampire-la-mascarade-v5\/#primaryimage"},"image":{"@id":"https:\/\/crocjeux.com\/index.php\/produit\/vampire-la-mascarade-v5\/#primaryimage"},"thumbnailUrl":"https:\/\/crocjeux.com\/wp-content\/uploads\/2023\/04\/asyva502fr_face_230120.jpg","datePublished":"2023-04-28T09:46:57+00:00","dateModified":"2023-04-28T09:53:49+00:00","breadcrumb":{"@id":"https:\/\/crocjeux.com\/index.php\/produit\/vampire-la-mascarade-v5\/#breadcrumb"},"inLanguage":"fr-FR","potentialAction":[{"@type":"ReadAction","target":["https:\/\/crocjeux.com\/index.php\/produit\/vampire-la-mascarade-v5\/"]}]},{"@type":"ImageObject","inLanguage":"fr-FR","@id":"https:\/\/crocjeux.com\/index.php\/produit\/vampire-la-mascarade-v5\/#primaryimage","url":"https:\/\/crocjeux.com\/wp-content\/uploads\/2023\/04\/asyva502fr_face_230120.jpg","contentUrl":"https:\/\/crocjeux.com\/wp-content\/uploads\/2023\/04\/asyva502fr_face_230120.jpg","width":308,"height":400},{"@type":"BreadcrumbList","@id":"https:\/\/crocjeux.com\/index.php\/produit\/vampire-la-mascarade-v5\/#breadcrumb","itemListElement":[{"@type":"ListItem","position":1,"name":"Accueil","item":"https:\/\/crocjeux.com\/"},{"@type":"ListItem","position":2,"name":"Boutique","item":"https:\/\/crocjeux.com\/"},{"@type":"ListItem","position":3,"name":"Vampire : La mascarade V5"}]},{"@type":"WebSite","@id":"https:\/\/crocjeux.com\/#website","url":"https:\/\/crocjeux.com\/","name":"Croc Jeux","description":"Bienvenue chez Croc Jeux!","publisher":{"@id":"https:\/\/crocjeux.com\/#organization"},"potentialAction":[{"@type":"SearchAction","target":{"@type":"EntryPoint","urlTemplate":"https:\/\/crocjeux.com\/?s={search_term_string}"},"query-input":{"@type":"PropertyValueSpecification","valueRequired":true,"valueName":"search_term_string"}}],"inLanguage":"fr-FR"},{"@type":"Organization","@id":"https:\/\/crocjeux.com\/#organization","name":"Croc Jeux","url":"https:\/\/crocjeux.com\/","logo":{"@type":"ImageObject","inLanguage":"fr-FR","@id":"https:\/\/crocjeux.com\/#\/schema\/logo\/image\/","url":"https:\/\/crocjeux.com\/wp-content\/uploads\/2022\/01\/cropped-logo-croc-etape-1-e1644574034239.jpg","contentUrl":"https:\/\/crocjeux.com\/wp-content\/uploads\/2022\/01\/cropped-logo-croc-etape-1-e1644574034239.jpg","width":1224,"height":314,"caption":"Croc Jeux"},"image":{"@id":"https:\/\/crocjeux.com\/#\/schema\/logo\/image\/"}}]}},"_links":{"self":[{"href":"https:\/\/crocjeux.com\/index.php\/wp-json\/wp\/v2\/product\/5251","targetHints":{"allow":["GET"]}}],"collection":[{"href":"https:\/\/crocjeux.com\/index.php\/wp-json\/wp\/v2\/product"}],"about":[{"href":"https:\/\/crocjeux.com\/index.php\/wp-json\/wp\/v2\/types\/product"}],"replies":[{"embeddable":true,"href":"https:\/\/crocjeux.com\/index.php\/wp-json\/wp\/v2\/comments?post=5251"}],"wp:featuredmedia":[{"embeddable":true,"href":"https:\/\/crocjeux.com\/index.php\/wp-json\/wp\/v2\/media\/5252"}],"wp:attachment":[{"href":"https:\/\/crocjeux.com\/index.php\/wp-json\/wp\/v2\/media?parent=5251"}],"wp:term":[{"taxonomy":"product_brand","embeddable":true,"href":"https:\/\/crocjeux.com\/index.php\/wp-json\/wp\/v2\/product_brand?post=5251"},{"taxonomy":"product_cat","embeddable":true,"href":"https:\/\/crocjeux.com\/index.php\/wp-json\/wp\/v2\/product_cat?post=5251"},{"taxonomy":"product_tag","embeddable":true,"href":"https:\/\/crocjeux.com\/index.php\/wp-json\/wp\/v2\/product_tag?post=5251"}],"curies":[{"name":"wp","href":"https:\/\/api.w.org\/{rel}","templated":true}]}}