{"id":5292,"date":"2023-05-09T15:18:47","date_gmt":"2023-05-09T14:18:47","guid":{"rendered":"https:\/\/crocjeux.com\/?post_type=product&#038;p=5292"},"modified":"2023-05-09T15:20:48","modified_gmt":"2023-05-09T14:20:48","slug":"jeu-flechette-janod-robot","status":"publish","type":"product","link":"https:\/\/crocjeux.com\/index.php\/produit\/jeu-flechette-janod-robot\/","title":{"rendered":"Jeu fl\u00e9chette janod &#8211; Robot"},"content":{"rendered":"<div class=\"nq-c-Product-xtra-section-content nq-c-ProductFullDesc nq-c-Wysiwyg\">\n<p>Jouons aux fl\u00e9chettes en toute s\u00e9curit\u00e9 gr\u00e2ce \u00e0 ces fl\u00e9chettes aimant\u00e9es adapt\u00e9es aux enfants \u00e0 partir de 4 ans ! Plus de fl\u00e9chettes qui piquent, ces versions aimant\u00e9es se collent comme par magie \u00e0 la cible. On se d\u00e9fie en famille dans une ambiance de f\u00eate foraine ! Il faudra faire preuve de dext\u00e9rit\u00e9 et de concentration pour viser juste et remporter le plus de points ! La cible s\u2019accroche facilement au mur gr\u00e2ce \u00e0 une cordelette. Vous pourrez ainsi la d\u00e9placer facilement en int\u00e9rieur ou en ext\u00e9rieur. Petit plus, la cible est recto-verso qui permet de s&rsquo;entra\u00eener sur 2 illustrations diff\u00e9rentes ! En plus d\u2019\u00eatre ludique, ce jeu d\u2019adresse est id\u00e9al pour d\u00e9velopper la dext\u00e9rit\u00e9 et la concentration de votre enfant. Dans ce set, vous trouverez 6 fl\u00e9chettes magn\u00e9tiques, 3 rouges et 3 jaunes.<\/p>\n<\/div>\n","protected":false},"excerpt":{"rendered":"<p>une jeu de fl\u00e9chette magn\u00e9tique sur le th\u00e8me des robots, pour se d\u00e9fier en famille en toute s\u00e9curit\u00e9.<\/p>\n","protected":false},"featured_media":5293,"comment_status":"open","ping_status":"closed","template":"","meta":{"colormag_page_container_layout":"default_layout","colormag_page_sidebar_layout":"default_layout"},"product_brand":[],"product_cat":[33,16],"product_tag":[],"class_list":{"0":"post-5292","1":"product","2":"type-product","3":"status-publish","4":"has-post-thumbnail","6":"product_cat-jeux-enfants","7":"product_cat-jeux-traditionnels","9":"first","10":"instock","11":"taxable","12":"shipping-taxable","13":"purchasable","14":"product-type-simple"},"yoast_head":"<!-- This site is optimized with the Yoast SEO plugin v27.3 - https:\/\/yoast.com\/product\/yoast-seo-wordpress\/ -->\n<title>Jeu fl\u00e9chette janod - Robot - Croc Jeux<\/title>\n<meta name=\"description\" content=\"une jeu de fl\u00e9chette magn\u00e9tique sur le th\u00e8me des robots, pour se d\u00e9fier en famille en toute s\u00e9curit\u00e9.\" \/>\n<meta name=\"robots\" content=\"index, follow, max-snippet:-1, max-image-preview:large, max-video-preview:-1\" \/>\n<link rel=\"canonical\" href=\"https:\/\/crocjeux.com\/index.php\/produit\/jeu-flechette-janod-robot\/\" \/>\n<meta property=\"og:locale\" content=\"fr_FR\" \/>\n<meta property=\"og:type\" content=\"article\" \/>\n<meta property=\"og:title\" content=\"Jeu fl\u00e9chette janod - Robot - Croc Jeux\" \/>\n<meta property=\"og:description\" content=\"une jeu de fl\u00e9chette magn\u00e9tique sur le th\u00e8me des robots, pour se d\u00e9fier en famille en toute s\u00e9curit\u00e9.\" \/>\n<meta property=\"og:url\" content=\"https:\/\/crocjeux.com\/index.php\/produit\/jeu-flechette-janod-robot\/\" \/>\n<meta property=\"og:site_name\" content=\"Croc Jeux\" \/>\n<meta property=\"article:modified_time\" content=\"2023-05-09T14:20:48+00:00\" \/>\n<meta property=\"og:image\" content=\"https:\/\/crocjeux.com\/wp-content\/uploads\/2023\/05\/janod-robot.jpg\" \/>\n\t<meta property=\"og:image:width\" content=\"500\" \/>\n\t<meta property=\"og:image:height\" content=\"500\" \/>\n\t<meta property=\"og:image:type\" content=\"image\/jpeg\" \/>\n<meta name=\"twitter:card\" content=\"summary_large_image\" \/>\n<meta name=\"twitter:label1\" content=\"Dur\u00e9e de lecture estim\u00e9e\" \/>\n\t<meta name=\"twitter:data1\" content=\"1 minute\" \/>\n<script type=\"application\/ld+json\" class=\"yoast-schema-graph\">{\"@context\":\"https:\\\/\\\/schema.org\",\"@graph\":[{\"@type\":\"WebPage\",\"@id\":\"https:\\\/\\\/crocjeux.com\\\/index.php\\\/produit\\\/jeu-flechette-janod-robot\\\/\",\"url\":\"https:\\\/\\\/crocjeux.com\\\/index.php\\\/produit\\\/jeu-flechette-janod-robot\\\/\",\"name\":\"Jeu fl\u00e9chette janod - Robot - Croc Jeux\",\"isPartOf\":{\"@id\":\"https:\\\/\\\/crocjeux.com\\\/#website\"},\"primaryImageOfPage\":{\"@id\":\"https:\\\/\\\/crocjeux.com\\\/index.php\\\/produit\\\/jeu-flechette-janod-robot\\\/#primaryimage\"},\"image\":{\"@id\":\"https:\\\/\\\/crocjeux.com\\\/index.php\\\/produit\\\/jeu-flechette-janod-robot\\\/#primaryimage\"},\"thumbnailUrl\":\"https:\\\/\\\/crocjeux.com\\\/wp-content\\\/uploads\\\/2023\\\/05\\\/janod-robot.jpg\",\"datePublished\":\"2023-05-09T14:18:47+00:00\",\"dateModified\":\"2023-05-09T14:20:48+00:00\",\"description\":\"une jeu de fl\u00e9chette magn\u00e9tique sur le th\u00e8me des robots, pour se d\u00e9fier en famille en toute s\u00e9curit\u00e9.\",\"breadcrumb\":{\"@id\":\"https:\\\/\\\/crocjeux.com\\\/index.php\\\/produit\\\/jeu-flechette-janod-robot\\\/#breadcrumb\"},\"inLanguage\":\"fr-FR\",\"potentialAction\":[{\"@type\":\"ReadAction\",\"target\":[\"https:\\\/\\\/crocjeux.com\\\/index.php\\\/produit\\\/jeu-flechette-janod-robot\\\/\"]}]},{\"@type\":\"ImageObject\",\"inLanguage\":\"fr-FR\",\"@id\":\"https:\\\/\\\/crocjeux.com\\\/index.php\\\/produit\\\/jeu-flechette-janod-robot\\\/#primaryimage\",\"url\":\"https:\\\/\\\/crocjeux.com\\\/wp-content\\\/uploads\\\/2023\\\/05\\\/janod-robot.jpg\",\"contentUrl\":\"https:\\\/\\\/crocjeux.com\\\/wp-content\\\/uploads\\\/2023\\\/05\\\/janod-robot.jpg\",\"width\":500,\"height\":500},{\"@type\":\"BreadcrumbList\",\"@id\":\"https:\\\/\\\/crocjeux.com\\\/index.php\\\/produit\\\/jeu-flechette-janod-robot\\\/#breadcrumb\",\"itemListElement\":[{\"@type\":\"ListItem\",\"position\":1,\"name\":\"Accueil\",\"item\":\"https:\\\/\\\/crocjeux.com\\\/\"},{\"@type\":\"ListItem\",\"position\":2,\"name\":\"Boutique\",\"item\":\"https:\\\/\\\/crocjeux.com\\\/\"},{\"@type\":\"ListItem\",\"position\":3,\"name\":\"Jeu fl\u00e9chette janod &#8211; Robot\"}]},{\"@type\":\"WebSite\",\"@id\":\"https:\\\/\\\/crocjeux.com\\\/#website\",\"url\":\"https:\\\/\\\/crocjeux.com\\\/\",\"name\":\"Croc Jeux\",\"description\":\"Bienvenue chez Croc Jeux!\",\"publisher\":{\"@id\":\"https:\\\/\\\/crocjeux.com\\\/#organization\"},\"potentialAction\":[{\"@type\":\"SearchAction\",\"target\":{\"@type\":\"EntryPoint\",\"urlTemplate\":\"https:\\\/\\\/crocjeux.com\\\/?s={search_term_string}\"},\"query-input\":{\"@type\":\"PropertyValueSpecification\",\"valueRequired\":true,\"valueName\":\"search_term_string\"}}],\"inLanguage\":\"fr-FR\"},{\"@type\":\"Organization\",\"@id\":\"https:\\\/\\\/crocjeux.com\\\/#organization\",\"name\":\"Croc Jeux\",\"url\":\"https:\\\/\\\/crocjeux.com\\\/\",\"logo\":{\"@type\":\"ImageObject\",\"inLanguage\":\"fr-FR\",\"@id\":\"https:\\\/\\\/crocjeux.com\\\/#\\\/schema\\\/logo\\\/image\\\/\",\"url\":\"https:\\\/\\\/crocjeux.com\\\/wp-content\\\/uploads\\\/2022\\\/01\\\/cropped-logo-croc-etape-1-e1644574034239.jpg\",\"contentUrl\":\"https:\\\/\\\/crocjeux.com\\\/wp-content\\\/uploads\\\/2022\\\/01\\\/cropped-logo-croc-etape-1-e1644574034239.jpg\",\"width\":1224,\"height\":314,\"caption\":\"Croc Jeux\"},\"image\":{\"@id\":\"https:\\\/\\\/crocjeux.com\\\/#\\\/schema\\\/logo\\\/image\\\/\"}}]}<\/script>\n<!-- \/ Yoast SEO plugin. -->","yoast_head_json":{"title":"Jeu fl\u00e9chette janod - Robot - Croc Jeux","description":"une jeu de fl\u00e9chette magn\u00e9tique sur le th\u00e8me des robots, pour se d\u00e9fier en famille en toute s\u00e9curit\u00e9.","robots":{"index":"index","follow":"follow","max-snippet":"max-snippet:-1","max-image-preview":"max-image-preview:large","max-video-preview":"max-video-preview:-1"},"canonical":"https:\/\/crocjeux.com\/index.php\/produit\/jeu-flechette-janod-robot\/","og_locale":"fr_FR","og_type":"article","og_title":"Jeu fl\u00e9chette janod - Robot - Croc Jeux","og_description":"une jeu de fl\u00e9chette magn\u00e9tique sur le th\u00e8me des robots, pour se d\u00e9fier en famille en toute s\u00e9curit\u00e9.","og_url":"https:\/\/crocjeux.com\/index.php\/produit\/jeu-flechette-janod-robot\/","og_site_name":"Croc Jeux","article_modified_time":"2023-05-09T14:20:48+00:00","og_image":[{"width":500,"height":500,"url":"https:\/\/crocjeux.com\/wp-content\/uploads\/2023\/05\/janod-robot.jpg","type":"image\/jpeg"}],"twitter_card":"summary_large_image","twitter_misc":{"Dur\u00e9e de lecture estim\u00e9e":"1 minute"},"schema":{"@context":"https:\/\/schema.org","@graph":[{"@type":"WebPage","@id":"https:\/\/crocjeux.com\/index.php\/produit\/jeu-flechette-janod-robot\/","url":"https:\/\/crocjeux.com\/index.php\/produit\/jeu-flechette-janod-robot\/","name":"Jeu fl\u00e9chette janod - Robot - Croc Jeux","isPartOf":{"@id":"https:\/\/crocjeux.com\/#website"},"primaryImageOfPage":{"@id":"https:\/\/crocjeux.com\/index.php\/produit\/jeu-flechette-janod-robot\/#primaryimage"},"image":{"@id":"https:\/\/crocjeux.com\/index.php\/produit\/jeu-flechette-janod-robot\/#primaryimage"},"thumbnailUrl":"https:\/\/crocjeux.com\/wp-content\/uploads\/2023\/05\/janod-robot.jpg","datePublished":"2023-05-09T14:18:47+00:00","dateModified":"2023-05-09T14:20:48+00:00","description":"une jeu de fl\u00e9chette magn\u00e9tique sur le th\u00e8me des robots, pour se d\u00e9fier en famille en toute s\u00e9curit\u00e9.","breadcrumb":{"@id":"https:\/\/crocjeux.com\/index.php\/produit\/jeu-flechette-janod-robot\/#breadcrumb"},"inLanguage":"fr-FR","potentialAction":[{"@type":"ReadAction","target":["https:\/\/crocjeux.com\/index.php\/produit\/jeu-flechette-janod-robot\/"]}]},{"@type":"ImageObject","inLanguage":"fr-FR","@id":"https:\/\/crocjeux.com\/index.php\/produit\/jeu-flechette-janod-robot\/#primaryimage","url":"https:\/\/crocjeux.com\/wp-content\/uploads\/2023\/05\/janod-robot.jpg","contentUrl":"https:\/\/crocjeux.com\/wp-content\/uploads\/2023\/05\/janod-robot.jpg","width":500,"height":500},{"@type":"BreadcrumbList","@id":"https:\/\/crocjeux.com\/index.php\/produit\/jeu-flechette-janod-robot\/#breadcrumb","itemListElement":[{"@type":"ListItem","position":1,"name":"Accueil","item":"https:\/\/crocjeux.com\/"},{"@type":"ListItem","position":2,"name":"Boutique","item":"https:\/\/crocjeux.com\/"},{"@type":"ListItem","position":3,"name":"Jeu fl\u00e9chette janod &#8211; Robot"}]},{"@type":"WebSite","@id":"https:\/\/crocjeux.com\/#website","url":"https:\/\/crocjeux.com\/","name":"Croc Jeux","description":"Bienvenue chez Croc Jeux!","publisher":{"@id":"https:\/\/crocjeux.com\/#organization"},"potentialAction":[{"@type":"SearchAction","target":{"@type":"EntryPoint","urlTemplate":"https:\/\/crocjeux.com\/?s={search_term_string}"},"query-input":{"@type":"PropertyValueSpecification","valueRequired":true,"valueName":"search_term_string"}}],"inLanguage":"fr-FR"},{"@type":"Organization","@id":"https:\/\/crocjeux.com\/#organization","name":"Croc Jeux","url":"https:\/\/crocjeux.com\/","logo":{"@type":"ImageObject","inLanguage":"fr-FR","@id":"https:\/\/crocjeux.com\/#\/schema\/logo\/image\/","url":"https:\/\/crocjeux.com\/wp-content\/uploads\/2022\/01\/cropped-logo-croc-etape-1-e1644574034239.jpg","contentUrl":"https:\/\/crocjeux.com\/wp-content\/uploads\/2022\/01\/cropped-logo-croc-etape-1-e1644574034239.jpg","width":1224,"height":314,"caption":"Croc Jeux"},"image":{"@id":"https:\/\/crocjeux.com\/#\/schema\/logo\/image\/"}}]}},"_links":{"self":[{"href":"https:\/\/crocjeux.com\/index.php\/wp-json\/wp\/v2\/product\/5292","targetHints":{"allow":["GET"]}}],"collection":[{"href":"https:\/\/crocjeux.com\/index.php\/wp-json\/wp\/v2\/product"}],"about":[{"href":"https:\/\/crocjeux.com\/index.php\/wp-json\/wp\/v2\/types\/product"}],"replies":[{"embeddable":true,"href":"https:\/\/crocjeux.com\/index.php\/wp-json\/wp\/v2\/comments?post=5292"}],"wp:featuredmedia":[{"embeddable":true,"href":"https:\/\/crocjeux.com\/index.php\/wp-json\/wp\/v2\/media\/5293"}],"wp:attachment":[{"href":"https:\/\/crocjeux.com\/index.php\/wp-json\/wp\/v2\/media?parent=5292"}],"wp:term":[{"taxonomy":"product_brand","embeddable":true,"href":"https:\/\/crocjeux.com\/index.php\/wp-json\/wp\/v2\/product_brand?post=5292"},{"taxonomy":"product_cat","embeddable":true,"href":"https:\/\/crocjeux.com\/index.php\/wp-json\/wp\/v2\/product_cat?post=5292"},{"taxonomy":"product_tag","embeddable":true,"href":"https:\/\/crocjeux.com\/index.php\/wp-json\/wp\/v2\/product_tag?post=5292"}],"curies":[{"name":"wp","href":"https:\/\/api.w.org\/{rel}","templated":true}]}}