{"id":530,"date":"2020-11-06T15:54:33","date_gmt":"2020-11-06T14:54:33","guid":{"rendered":"https:\/\/crocjeux.com\/?post_type=product&#038;p=530"},"modified":"2023-01-31T10:45:14","modified_gmt":"2023-01-31T09:45:14","slug":"les-aventuriers-du-rail-inde-suisse","status":"publish","type":"product","link":"https:\/\/crocjeux.com\/index.php\/produit\/les-aventuriers-du-rail-inde-suisse\/","title":{"rendered":"Les Aventuriers du Rail &#8211; Inde &amp; Suisse"},"content":{"rendered":"<h2>Les Aventuriers du Rail Inde &amp; Suisse, une m\u00e9canique de base inchang\u00e9e<\/h2>\n<p>La s\u00e9rie Les Aventuriers du Rail revient avec cette extension aux couleurs exotiques. Cette nouvelle mouture reprend les cl\u00e9s du succ\u00e8s de la saga. Le jeu reste simple, tr\u00e8s bien illustr\u00e9 et facile \u00e0 apprendre.<\/p>\n<p align=\"LEFT\">Replongez dans l&rsquo;\u00e2ge d&rsquo;or du chemin de fer et lancez-vous \u00e0 la conqu\u00eate du rail en Inde et en Suisse. Tentez de prendre le contr\u00f4le du r\u00e9seau ferroviaire en reliant un maximum de villes entre elles.<\/p>\n<p align=\"LEFT\">Commencez la partie en piochant vos objectifs de destination et partez \u00e0 l&rsquo;assaut des chemins de fer. Les objectifs repr\u00e9sentent les liaisons entre deux villes que vous devrez imp\u00e9rativement \u00e9tablir. Ils sont tr\u00e8s importants pour le d\u00e9roulement de votre plan strat\u00e9gique, car s&rsquo;ils ne sont pas remplis \u00e0 la fin de la partie, vous perdrez des points.<\/p>\n<p align=\"LEFT\">Collectez des cartes Wagon vous servira \u00e0 prendre le contr\u00f4le de voies ferr\u00e9es, tunnels et lignes de ferries et ainsi \u00e0 connecter les villes d&rsquo;un pays entre elles. Une fois contr\u00f4l\u00e9e, la ligne vous appartient et plus aucun participant ne peut en prendre le contr\u00f4le.<\/p>\n<h2>Les Aventuriers du Rail Inde &amp; Suisse, 1 jeu 2 cartes<\/h2>\n<p align=\"LEFT\">L&rsquo;extension comprend deux cartes aux paysages bien diff\u00e9rents\u00a0:<\/p>\n<ul>\n<li>La carte de\u00a0l\u2019Inde\u00a0de\u00a0Ian Vincent\u00a0: En 1911, l&rsquo;Inde est un pays en pleine mutation au sein du Raj britannique. D\u00e9finissez la meilleure strat\u00e9gie pour mettre la main sur le r\u00e9seau ferroviaire indien. Respectez vos objectifs et \u00e9liminez toute forme de concurrence.<\/li>\n<li>Le plateau de la\u00a0Suisse\u00a0d\u2019Alan R. Moon. L&rsquo;extension comprend \u00e9galement une carte de la Suisse con\u00e7ue sp\u00e9cifiquement pour jouer \u00e0 2 ou 3 personnes.\u00a0Ce petit mais charmant pays, aux paysages vallonn\u00e9s et montagneux sera votre terrain de jeu pr\u00e9f\u00e9r\u00e9 pour affronter vos adversaires dans la conqu\u00eate des lignes de chemin de fer. Et si la Suisse devient trop petite pour vous, \u00e9tendez votre emprise dans les pays voisins\u00a0!<\/li>\n<\/ul>\n<p align=\"LEFT\">Cette extension du jeu Les Aventuriers du Rail ne peut \u00eatre utilis\u00e9e sans la bo\u00eete originale ou la version Europe.<\/p>\n","protected":false},"excerpt":{"rendered":"<p>Les Aventuriers du Rail Inde &amp; Suisse, une m\u00e9canique de base inchang\u00e9e La s\u00e9rie Les Aventuriers du Rail revient avec<\/p>\n","protected":false},"featured_media":531,"comment_status":"open","ping_status":"closed","template":"","meta":{"colormag_page_container_layout":"default_layout","colormag_page_sidebar_layout":"default_layout"},"product_brand":[],"product_cat":[69,91,92],"product_tag":[],"class_list":{"0":"post-530","1":"product","2":"type-product","3":"status-publish","4":"has-post-thumbnail","6":"product_cat-aventuriers-du-rail-jouez-a-deux","7":"product_cat-aventuriers-du-rail-jeux-strategie","8":"product_cat-aventuriers-du-rail-jeux-familliaux","10":"first","11":"instock","12":"taxable","13":"shipping-taxable","14":"purchasable","15":"product-type-simple"},"yoast_head":"<!-- This site is optimized with the Yoast SEO plugin v27.4 - https:\/\/yoast.com\/product\/yoast-seo-wordpress\/ -->\n<title>Les Aventuriers du Rail - Inde &amp; Suisse - Croc Jeux<\/title>\n<meta name=\"robots\" content=\"index, follow, max-snippet:-1, max-image-preview:large, max-video-preview:-1\" \/>\n<link rel=\"canonical\" href=\"https:\/\/crocjeux.com\/index.php\/produit\/les-aventuriers-du-rail-inde-suisse\/\" \/>\n<meta property=\"og:locale\" content=\"fr_FR\" \/>\n<meta property=\"og:type\" content=\"article\" \/>\n<meta property=\"og:title\" content=\"Les Aventuriers du Rail - Inde &amp; Suisse - Croc Jeux\" \/>\n<meta property=\"og:description\" content=\"Les Aventuriers du Rail Inde &amp; Suisse, une m\u00e9canique de base inchang\u00e9e La s\u00e9rie Les Aventuriers du Rail revient avec\" \/>\n<meta property=\"og:url\" content=\"https:\/\/crocjeux.com\/index.php\/produit\/les-aventuriers-du-rail-inde-suisse\/\" \/>\n<meta property=\"og:site_name\" content=\"Croc Jeux\" \/>\n<meta property=\"article:modified_time\" content=\"2023-01-31T09:45:14+00:00\" \/>\n<meta property=\"og:image\" content=\"https:\/\/crocjeux.com\/wp-content\/uploads\/2020\/11\/Aventuriers-du-rail-inde.jpg\" \/>\n\t<meta property=\"og:image:width\" content=\"569\" \/>\n\t<meta property=\"og:image:height\" content=\"608\" \/>\n\t<meta property=\"og:image:type\" content=\"image\/jpeg\" \/>\n<meta name=\"twitter:card\" content=\"summary_large_image\" \/>\n<meta name=\"twitter:label1\" content=\"Dur\u00e9e de lecture estim\u00e9e\" \/>\n\t<meta name=\"twitter:data1\" content=\"2 minutes\" \/>\n<script type=\"application\/ld+json\" class=\"yoast-schema-graph\">{\"@context\":\"https:\\\/\\\/schema.org\",\"@graph\":[{\"@type\":\"WebPage\",\"@id\":\"https:\\\/\\\/crocjeux.com\\\/index.php\\\/produit\\\/les-aventuriers-du-rail-inde-suisse\\\/\",\"url\":\"https:\\\/\\\/crocjeux.com\\\/index.php\\\/produit\\\/les-aventuriers-du-rail-inde-suisse\\\/\",\"name\":\"Les Aventuriers du Rail - Inde &amp; Suisse - Croc Jeux\",\"isPartOf\":{\"@id\":\"https:\\\/\\\/crocjeux.com\\\/#website\"},\"primaryImageOfPage\":{\"@id\":\"https:\\\/\\\/crocjeux.com\\\/index.php\\\/produit\\\/les-aventuriers-du-rail-inde-suisse\\\/#primaryimage\"},\"image\":{\"@id\":\"https:\\\/\\\/crocjeux.com\\\/index.php\\\/produit\\\/les-aventuriers-du-rail-inde-suisse\\\/#primaryimage\"},\"thumbnailUrl\":\"https:\\\/\\\/crocjeux.com\\\/wp-content\\\/uploads\\\/2020\\\/11\\\/Aventuriers-du-rail-inde.jpg\",\"datePublished\":\"2020-11-06T14:54:33+00:00\",\"dateModified\":\"2023-01-31T09:45:14+00:00\",\"breadcrumb\":{\"@id\":\"https:\\\/\\\/crocjeux.com\\\/index.php\\\/produit\\\/les-aventuriers-du-rail-inde-suisse\\\/#breadcrumb\"},\"inLanguage\":\"fr-FR\",\"potentialAction\":[{\"@type\":\"ReadAction\",\"target\":[\"https:\\\/\\\/crocjeux.com\\\/index.php\\\/produit\\\/les-aventuriers-du-rail-inde-suisse\\\/\"]}]},{\"@type\":\"ImageObject\",\"inLanguage\":\"fr-FR\",\"@id\":\"https:\\\/\\\/crocjeux.com\\\/index.php\\\/produit\\\/les-aventuriers-du-rail-inde-suisse\\\/#primaryimage\",\"url\":\"https:\\\/\\\/crocjeux.com\\\/wp-content\\\/uploads\\\/2020\\\/11\\\/Aventuriers-du-rail-inde.jpg\",\"contentUrl\":\"https:\\\/\\\/crocjeux.com\\\/wp-content\\\/uploads\\\/2020\\\/11\\\/Aventuriers-du-rail-inde.jpg\",\"width\":569,\"height\":608},{\"@type\":\"BreadcrumbList\",\"@id\":\"https:\\\/\\\/crocjeux.com\\\/index.php\\\/produit\\\/les-aventuriers-du-rail-inde-suisse\\\/#breadcrumb\",\"itemListElement\":[{\"@type\":\"ListItem\",\"position\":1,\"name\":\"Accueil\",\"item\":\"https:\\\/\\\/crocjeux.com\\\/\"},{\"@type\":\"ListItem\",\"position\":2,\"name\":\"Boutique\",\"item\":\"https:\\\/\\\/crocjeux.com\\\/\"},{\"@type\":\"ListItem\",\"position\":3,\"name\":\"Les Aventuriers du Rail &#8211; Inde &amp; Suisse\"}]},{\"@type\":\"WebSite\",\"@id\":\"https:\\\/\\\/crocjeux.com\\\/#website\",\"url\":\"https:\\\/\\\/crocjeux.com\\\/\",\"name\":\"Croc Jeux\",\"description\":\"Bienvenue chez Croc Jeux!\",\"publisher\":{\"@id\":\"https:\\\/\\\/crocjeux.com\\\/#organization\"},\"potentialAction\":[{\"@type\":\"SearchAction\",\"target\":{\"@type\":\"EntryPoint\",\"urlTemplate\":\"https:\\\/\\\/crocjeux.com\\\/?s={search_term_string}\"},\"query-input\":{\"@type\":\"PropertyValueSpecification\",\"valueRequired\":true,\"valueName\":\"search_term_string\"}}],\"inLanguage\":\"fr-FR\"},{\"@type\":\"Organization\",\"@id\":\"https:\\\/\\\/crocjeux.com\\\/#organization\",\"name\":\"Croc Jeux\",\"url\":\"https:\\\/\\\/crocjeux.com\\\/\",\"logo\":{\"@type\":\"ImageObject\",\"inLanguage\":\"fr-FR\",\"@id\":\"https:\\\/\\\/crocjeux.com\\\/#\\\/schema\\\/logo\\\/image\\\/\",\"url\":\"https:\\\/\\\/crocjeux.com\\\/wp-content\\\/uploads\\\/2022\\\/01\\\/cropped-logo-croc-etape-1-e1644574034239.jpg\",\"contentUrl\":\"https:\\\/\\\/crocjeux.com\\\/wp-content\\\/uploads\\\/2022\\\/01\\\/cropped-logo-croc-etape-1-e1644574034239.jpg\",\"width\":1224,\"height\":314,\"caption\":\"Croc Jeux\"},\"image\":{\"@id\":\"https:\\\/\\\/crocjeux.com\\\/#\\\/schema\\\/logo\\\/image\\\/\"}}]}<\/script>\n<!-- \/ Yoast SEO plugin. -->","yoast_head_json":{"title":"Les Aventuriers du Rail - Inde &amp; Suisse - Croc Jeux","robots":{"index":"index","follow":"follow","max-snippet":"max-snippet:-1","max-image-preview":"max-image-preview:large","max-video-preview":"max-video-preview:-1"},"canonical":"https:\/\/crocjeux.com\/index.php\/produit\/les-aventuriers-du-rail-inde-suisse\/","og_locale":"fr_FR","og_type":"article","og_title":"Les Aventuriers du Rail - Inde &amp; Suisse - Croc Jeux","og_description":"Les Aventuriers du Rail Inde &amp; Suisse, une m\u00e9canique de base inchang\u00e9e La s\u00e9rie Les Aventuriers du Rail revient avec","og_url":"https:\/\/crocjeux.com\/index.php\/produit\/les-aventuriers-du-rail-inde-suisse\/","og_site_name":"Croc Jeux","article_modified_time":"2023-01-31T09:45:14+00:00","og_image":[{"width":569,"height":608,"url":"https:\/\/crocjeux.com\/wp-content\/uploads\/2020\/11\/Aventuriers-du-rail-inde.jpg","type":"image\/jpeg"}],"twitter_card":"summary_large_image","twitter_misc":{"Dur\u00e9e de lecture estim\u00e9e":"2 minutes"},"schema":{"@context":"https:\/\/schema.org","@graph":[{"@type":"WebPage","@id":"https:\/\/crocjeux.com\/index.php\/produit\/les-aventuriers-du-rail-inde-suisse\/","url":"https:\/\/crocjeux.com\/index.php\/produit\/les-aventuriers-du-rail-inde-suisse\/","name":"Les Aventuriers du Rail - Inde &amp; Suisse - Croc Jeux","isPartOf":{"@id":"https:\/\/crocjeux.com\/#website"},"primaryImageOfPage":{"@id":"https:\/\/crocjeux.com\/index.php\/produit\/les-aventuriers-du-rail-inde-suisse\/#primaryimage"},"image":{"@id":"https:\/\/crocjeux.com\/index.php\/produit\/les-aventuriers-du-rail-inde-suisse\/#primaryimage"},"thumbnailUrl":"https:\/\/crocjeux.com\/wp-content\/uploads\/2020\/11\/Aventuriers-du-rail-inde.jpg","datePublished":"2020-11-06T14:54:33+00:00","dateModified":"2023-01-31T09:45:14+00:00","breadcrumb":{"@id":"https:\/\/crocjeux.com\/index.php\/produit\/les-aventuriers-du-rail-inde-suisse\/#breadcrumb"},"inLanguage":"fr-FR","potentialAction":[{"@type":"ReadAction","target":["https:\/\/crocjeux.com\/index.php\/produit\/les-aventuriers-du-rail-inde-suisse\/"]}]},{"@type":"ImageObject","inLanguage":"fr-FR","@id":"https:\/\/crocjeux.com\/index.php\/produit\/les-aventuriers-du-rail-inde-suisse\/#primaryimage","url":"https:\/\/crocjeux.com\/wp-content\/uploads\/2020\/11\/Aventuriers-du-rail-inde.jpg","contentUrl":"https:\/\/crocjeux.com\/wp-content\/uploads\/2020\/11\/Aventuriers-du-rail-inde.jpg","width":569,"height":608},{"@type":"BreadcrumbList","@id":"https:\/\/crocjeux.com\/index.php\/produit\/les-aventuriers-du-rail-inde-suisse\/#breadcrumb","itemListElement":[{"@type":"ListItem","position":1,"name":"Accueil","item":"https:\/\/crocjeux.com\/"},{"@type":"ListItem","position":2,"name":"Boutique","item":"https:\/\/crocjeux.com\/"},{"@type":"ListItem","position":3,"name":"Les Aventuriers du Rail &#8211; Inde &amp; Suisse"}]},{"@type":"WebSite","@id":"https:\/\/crocjeux.com\/#website","url":"https:\/\/crocjeux.com\/","name":"Croc Jeux","description":"Bienvenue chez Croc Jeux!","publisher":{"@id":"https:\/\/crocjeux.com\/#organization"},"potentialAction":[{"@type":"SearchAction","target":{"@type":"EntryPoint","urlTemplate":"https:\/\/crocjeux.com\/?s={search_term_string}"},"query-input":{"@type":"PropertyValueSpecification","valueRequired":true,"valueName":"search_term_string"}}],"inLanguage":"fr-FR"},{"@type":"Organization","@id":"https:\/\/crocjeux.com\/#organization","name":"Croc Jeux","url":"https:\/\/crocjeux.com\/","logo":{"@type":"ImageObject","inLanguage":"fr-FR","@id":"https:\/\/crocjeux.com\/#\/schema\/logo\/image\/","url":"https:\/\/crocjeux.com\/wp-content\/uploads\/2022\/01\/cropped-logo-croc-etape-1-e1644574034239.jpg","contentUrl":"https:\/\/crocjeux.com\/wp-content\/uploads\/2022\/01\/cropped-logo-croc-etape-1-e1644574034239.jpg","width":1224,"height":314,"caption":"Croc Jeux"},"image":{"@id":"https:\/\/crocjeux.com\/#\/schema\/logo\/image\/"}}]}},"_links":{"self":[{"href":"https:\/\/crocjeux.com\/index.php\/wp-json\/wp\/v2\/product\/530","targetHints":{"allow":["GET"]}}],"collection":[{"href":"https:\/\/crocjeux.com\/index.php\/wp-json\/wp\/v2\/product"}],"about":[{"href":"https:\/\/crocjeux.com\/index.php\/wp-json\/wp\/v2\/types\/product"}],"replies":[{"embeddable":true,"href":"https:\/\/crocjeux.com\/index.php\/wp-json\/wp\/v2\/comments?post=530"}],"wp:featuredmedia":[{"embeddable":true,"href":"https:\/\/crocjeux.com\/index.php\/wp-json\/wp\/v2\/media\/531"}],"wp:attachment":[{"href":"https:\/\/crocjeux.com\/index.php\/wp-json\/wp\/v2\/media?parent=530"}],"wp:term":[{"taxonomy":"product_brand","embeddable":true,"href":"https:\/\/crocjeux.com\/index.php\/wp-json\/wp\/v2\/product_brand?post=530"},{"taxonomy":"product_cat","embeddable":true,"href":"https:\/\/crocjeux.com\/index.php\/wp-json\/wp\/v2\/product_cat?post=530"},{"taxonomy":"product_tag","embeddable":true,"href":"https:\/\/crocjeux.com\/index.php\/wp-json\/wp\/v2\/product_tag?post=530"}],"curies":[{"name":"wp","href":"https:\/\/api.w.org\/{rel}","templated":true}]}}