{"id":5928,"date":"2024-03-11T13:32:40","date_gmt":"2024-03-11T12:32:40","guid":{"rendered":"https:\/\/crocjeux.com\/?post_type=product&#038;p=5928"},"modified":"2024-03-11T13:32:41","modified_gmt":"2024-03-11T12:32:41","slug":"flashback-lucy","status":"publish","type":"product","link":"https:\/\/crocjeux.com\/index.php\/produit\/flashback-lucy\/","title":{"rendered":"Flashback &#8211; Lucy"},"content":{"rendered":"<div>Dans Flashback\u2009: Lucy, vous incarnez une jeune fille au pouvoir \u00e9trange qui h\u00e9rite d\u2019un myst\u00e9rieux manoir dans lequel de sombres \u00e9v\u00e8nements se sont pass\u00e9s. Explorez ce lieu inqui\u00e9tant et apprenez-en plus sur Lucy, son pouvoir, sa famille et son r\u00f4le dans cette grande histoire.<\/div>\n<div><\/div>\n<div>Avec la m\u00e9canique de Flashback, voyagez dans le pass\u00e9 gr\u00e2ce aux visions de Lucy et partez \u00e0 la rencontre de l\u2019ombre qui hante le manoir. Mettez-vous \u00e0 la place des personnages et d\u00e9couvrez leurs points de vue, accumulez les indices, \u00e9lucidez les myst\u00e8res, et r\u00e9pondez aux questions qui vous sont pos\u00e9es.<\/div>\n<div><\/div>\n<div>\u00c0 la diff\u00e9rence de Flashback\u2009: Zombie Kidz, c\u2019est d\u2019\u00e9poque en \u00e9poque que vous allez voyager, en d\u00e9couvrant le manoir \u00e0 diff\u00e9rents moments dans le temps. Avant et apr\u00e8s chacune des visions de Lucy, explorez le manoir avec son chat, Gredin, dans une bande dessin\u00e9e interactive. Et bien s\u00fbr, d\u00e9couvrez des gadgets encore plus originaux et immersifs\u2009!<\/div>\n","protected":false},"excerpt":{"rendered":"<p>Flashback est de retour dans un univers qui vous collera la frousse ! Voyagez d&rsquo;\u00e9poque en \u00e9poque \u00e0 travers les visions de Lucy, une jeune fille qui h\u00e9rite d\u2019un myst\u00e9rieux manoir. Mettez-vous \u00e0 la place des personnages, d\u00e9couvrez leurs points de vue, accumulez les indices et \u00e9lucidez les myst\u00e8res.<\/p>\n","protected":false},"featured_media":5929,"comment_status":"open","ping_status":"closed","template":"","meta":{"colormag_page_container_layout":"default_layout","colormag_page_sidebar_layout":"default_layout"},"product_brand":[],"product_cat":[30,29],"product_tag":[],"class_list":{"0":"post-5928","1":"product","2":"type-product","3":"status-publish","4":"has-post-thumbnail","6":"product_cat-jeux-collaboratifs","7":"product_cat-jeux-2-joueurs","9":"first","10":"instock","11":"taxable","12":"shipping-taxable","13":"purchasable","14":"product-type-simple"},"yoast_head":"<!-- This site is optimized with the Yoast SEO plugin v27.3 - https:\/\/yoast.com\/product\/yoast-seo-wordpress\/ -->\n<title>Flashback - Lucy - Croc Jeux<\/title>\n<meta name=\"description\" content=\"Flashback est de retour dans un univers qui vous collera la frousse ! Voyagez d&#039;\u00e9poque en \u00e9poque \u00e0 travers les visions de Lucy, une jeune fille qui h\u00e9rite d\u2019un myst\u00e9rieux manoir. Mettez-vous \u00e0 la place des personnages, d\u00e9couvrez leurs points de vue, accumulez les indices et \u00e9lucidez les myst\u00e8res.\" \/>\n<meta name=\"robots\" content=\"index, follow, max-snippet:-1, max-image-preview:large, max-video-preview:-1\" \/>\n<link rel=\"canonical\" href=\"https:\/\/crocjeux.com\/index.php\/produit\/flashback-lucy\/\" \/>\n<meta property=\"og:locale\" content=\"fr_FR\" \/>\n<meta property=\"og:type\" content=\"article\" \/>\n<meta property=\"og:title\" content=\"Flashback - Lucy - Croc Jeux\" \/>\n<meta property=\"og:description\" content=\"Flashback est de retour dans un univers qui vous collera la frousse ! Voyagez d&#039;\u00e9poque en \u00e9poque \u00e0 travers les visions de Lucy, une jeune fille qui h\u00e9rite d\u2019un myst\u00e9rieux manoir. Mettez-vous \u00e0 la place des personnages, d\u00e9couvrez leurs points de vue, accumulez les indices et \u00e9lucidez les myst\u00e8res.\" \/>\n<meta property=\"og:url\" content=\"https:\/\/crocjeux.com\/index.php\/produit\/flashback-lucy\/\" \/>\n<meta property=\"og:site_name\" content=\"Croc Jeux\" \/>\n<meta property=\"article:modified_time\" content=\"2024-03-11T12:32:41+00:00\" \/>\n<meta property=\"og:image\" content=\"https:\/\/crocjeux.com\/wp-content\/uploads\/2024\/03\/flashback-lucy.webp\" \/>\n\t<meta property=\"og:image:width\" content=\"372\" \/>\n\t<meta property=\"og:image:height\" content=\"372\" \/>\n\t<meta property=\"og:image:type\" content=\"image\/webp\" \/>\n<meta name=\"twitter:card\" content=\"summary_large_image\" \/>\n<meta name=\"twitter:label1\" content=\"Dur\u00e9e de lecture estim\u00e9e\" \/>\n\t<meta name=\"twitter:data1\" content=\"1 minute\" \/>\n<script type=\"application\/ld+json\" class=\"yoast-schema-graph\">{\"@context\":\"https:\\\/\\\/schema.org\",\"@graph\":[{\"@type\":\"WebPage\",\"@id\":\"https:\\\/\\\/crocjeux.com\\\/index.php\\\/produit\\\/flashback-lucy\\\/\",\"url\":\"https:\\\/\\\/crocjeux.com\\\/index.php\\\/produit\\\/flashback-lucy\\\/\",\"name\":\"Flashback - Lucy - Croc Jeux\",\"isPartOf\":{\"@id\":\"https:\\\/\\\/crocjeux.com\\\/#website\"},\"primaryImageOfPage\":{\"@id\":\"https:\\\/\\\/crocjeux.com\\\/index.php\\\/produit\\\/flashback-lucy\\\/#primaryimage\"},\"image\":{\"@id\":\"https:\\\/\\\/crocjeux.com\\\/index.php\\\/produit\\\/flashback-lucy\\\/#primaryimage\"},\"thumbnailUrl\":\"https:\\\/\\\/crocjeux.com\\\/wp-content\\\/uploads\\\/2024\\\/03\\\/flashback-lucy.webp\",\"datePublished\":\"2024-03-11T12:32:40+00:00\",\"dateModified\":\"2024-03-11T12:32:41+00:00\",\"description\":\"Flashback est de retour dans un univers qui vous collera la frousse ! Voyagez d'\u00e9poque en \u00e9poque \u00e0 travers les visions de Lucy, une jeune fille qui h\u00e9rite d\u2019un myst\u00e9rieux manoir. Mettez-vous \u00e0 la place des personnages, d\u00e9couvrez leurs points de vue, accumulez les indices et \u00e9lucidez les myst\u00e8res.\",\"breadcrumb\":{\"@id\":\"https:\\\/\\\/crocjeux.com\\\/index.php\\\/produit\\\/flashback-lucy\\\/#breadcrumb\"},\"inLanguage\":\"fr-FR\",\"potentialAction\":[{\"@type\":\"ReadAction\",\"target\":[\"https:\\\/\\\/crocjeux.com\\\/index.php\\\/produit\\\/flashback-lucy\\\/\"]}]},{\"@type\":\"ImageObject\",\"inLanguage\":\"fr-FR\",\"@id\":\"https:\\\/\\\/crocjeux.com\\\/index.php\\\/produit\\\/flashback-lucy\\\/#primaryimage\",\"url\":\"https:\\\/\\\/crocjeux.com\\\/wp-content\\\/uploads\\\/2024\\\/03\\\/flashback-lucy.webp\",\"contentUrl\":\"https:\\\/\\\/crocjeux.com\\\/wp-content\\\/uploads\\\/2024\\\/03\\\/flashback-lucy.webp\",\"width\":372,\"height\":372},{\"@type\":\"BreadcrumbList\",\"@id\":\"https:\\\/\\\/crocjeux.com\\\/index.php\\\/produit\\\/flashback-lucy\\\/#breadcrumb\",\"itemListElement\":[{\"@type\":\"ListItem\",\"position\":1,\"name\":\"Accueil\",\"item\":\"https:\\\/\\\/crocjeux.com\\\/\"},{\"@type\":\"ListItem\",\"position\":2,\"name\":\"Boutique\",\"item\":\"https:\\\/\\\/crocjeux.com\\\/\"},{\"@type\":\"ListItem\",\"position\":3,\"name\":\"Flashback &#8211; Lucy\"}]},{\"@type\":\"WebSite\",\"@id\":\"https:\\\/\\\/crocjeux.com\\\/#website\",\"url\":\"https:\\\/\\\/crocjeux.com\\\/\",\"name\":\"Croc Jeux\",\"description\":\"Bienvenue chez Croc Jeux!\",\"publisher\":{\"@id\":\"https:\\\/\\\/crocjeux.com\\\/#organization\"},\"potentialAction\":[{\"@type\":\"SearchAction\",\"target\":{\"@type\":\"EntryPoint\",\"urlTemplate\":\"https:\\\/\\\/crocjeux.com\\\/?s={search_term_string}\"},\"query-input\":{\"@type\":\"PropertyValueSpecification\",\"valueRequired\":true,\"valueName\":\"search_term_string\"}}],\"inLanguage\":\"fr-FR\"},{\"@type\":\"Organization\",\"@id\":\"https:\\\/\\\/crocjeux.com\\\/#organization\",\"name\":\"Croc Jeux\",\"url\":\"https:\\\/\\\/crocjeux.com\\\/\",\"logo\":{\"@type\":\"ImageObject\",\"inLanguage\":\"fr-FR\",\"@id\":\"https:\\\/\\\/crocjeux.com\\\/#\\\/schema\\\/logo\\\/image\\\/\",\"url\":\"https:\\\/\\\/crocjeux.com\\\/wp-content\\\/uploads\\\/2022\\\/01\\\/cropped-logo-croc-etape-1-e1644574034239.jpg\",\"contentUrl\":\"https:\\\/\\\/crocjeux.com\\\/wp-content\\\/uploads\\\/2022\\\/01\\\/cropped-logo-croc-etape-1-e1644574034239.jpg\",\"width\":1224,\"height\":314,\"caption\":\"Croc Jeux\"},\"image\":{\"@id\":\"https:\\\/\\\/crocjeux.com\\\/#\\\/schema\\\/logo\\\/image\\\/\"}}]}<\/script>\n<!-- \/ Yoast SEO plugin. -->","yoast_head_json":{"title":"Flashback - Lucy - Croc Jeux","description":"Flashback est de retour dans un univers qui vous collera la frousse ! Voyagez d'\u00e9poque en \u00e9poque \u00e0 travers les visions de Lucy, une jeune fille qui h\u00e9rite d\u2019un myst\u00e9rieux manoir. Mettez-vous \u00e0 la place des personnages, d\u00e9couvrez leurs points de vue, accumulez les indices et \u00e9lucidez les myst\u00e8res.","robots":{"index":"index","follow":"follow","max-snippet":"max-snippet:-1","max-image-preview":"max-image-preview:large","max-video-preview":"max-video-preview:-1"},"canonical":"https:\/\/crocjeux.com\/index.php\/produit\/flashback-lucy\/","og_locale":"fr_FR","og_type":"article","og_title":"Flashback - Lucy - Croc Jeux","og_description":"Flashback est de retour dans un univers qui vous collera la frousse ! Voyagez d'\u00e9poque en \u00e9poque \u00e0 travers les visions de Lucy, une jeune fille qui h\u00e9rite d\u2019un myst\u00e9rieux manoir. Mettez-vous \u00e0 la place des personnages, d\u00e9couvrez leurs points de vue, accumulez les indices et \u00e9lucidez les myst\u00e8res.","og_url":"https:\/\/crocjeux.com\/index.php\/produit\/flashback-lucy\/","og_site_name":"Croc Jeux","article_modified_time":"2024-03-11T12:32:41+00:00","og_image":[{"width":372,"height":372,"url":"https:\/\/crocjeux.com\/wp-content\/uploads\/2024\/03\/flashback-lucy.webp","type":"image\/webp"}],"twitter_card":"summary_large_image","twitter_misc":{"Dur\u00e9e de lecture estim\u00e9e":"1 minute"},"schema":{"@context":"https:\/\/schema.org","@graph":[{"@type":"WebPage","@id":"https:\/\/crocjeux.com\/index.php\/produit\/flashback-lucy\/","url":"https:\/\/crocjeux.com\/index.php\/produit\/flashback-lucy\/","name":"Flashback - Lucy - Croc Jeux","isPartOf":{"@id":"https:\/\/crocjeux.com\/#website"},"primaryImageOfPage":{"@id":"https:\/\/crocjeux.com\/index.php\/produit\/flashback-lucy\/#primaryimage"},"image":{"@id":"https:\/\/crocjeux.com\/index.php\/produit\/flashback-lucy\/#primaryimage"},"thumbnailUrl":"https:\/\/crocjeux.com\/wp-content\/uploads\/2024\/03\/flashback-lucy.webp","datePublished":"2024-03-11T12:32:40+00:00","dateModified":"2024-03-11T12:32:41+00:00","description":"Flashback est de retour dans un univers qui vous collera la frousse ! Voyagez d'\u00e9poque en \u00e9poque \u00e0 travers les visions de Lucy, une jeune fille qui h\u00e9rite d\u2019un myst\u00e9rieux manoir. Mettez-vous \u00e0 la place des personnages, d\u00e9couvrez leurs points de vue, accumulez les indices et \u00e9lucidez les myst\u00e8res.","breadcrumb":{"@id":"https:\/\/crocjeux.com\/index.php\/produit\/flashback-lucy\/#breadcrumb"},"inLanguage":"fr-FR","potentialAction":[{"@type":"ReadAction","target":["https:\/\/crocjeux.com\/index.php\/produit\/flashback-lucy\/"]}]},{"@type":"ImageObject","inLanguage":"fr-FR","@id":"https:\/\/crocjeux.com\/index.php\/produit\/flashback-lucy\/#primaryimage","url":"https:\/\/crocjeux.com\/wp-content\/uploads\/2024\/03\/flashback-lucy.webp","contentUrl":"https:\/\/crocjeux.com\/wp-content\/uploads\/2024\/03\/flashback-lucy.webp","width":372,"height":372},{"@type":"BreadcrumbList","@id":"https:\/\/crocjeux.com\/index.php\/produit\/flashback-lucy\/#breadcrumb","itemListElement":[{"@type":"ListItem","position":1,"name":"Accueil","item":"https:\/\/crocjeux.com\/"},{"@type":"ListItem","position":2,"name":"Boutique","item":"https:\/\/crocjeux.com\/"},{"@type":"ListItem","position":3,"name":"Flashback &#8211; Lucy"}]},{"@type":"WebSite","@id":"https:\/\/crocjeux.com\/#website","url":"https:\/\/crocjeux.com\/","name":"Croc Jeux","description":"Bienvenue chez Croc Jeux!","publisher":{"@id":"https:\/\/crocjeux.com\/#organization"},"potentialAction":[{"@type":"SearchAction","target":{"@type":"EntryPoint","urlTemplate":"https:\/\/crocjeux.com\/?s={search_term_string}"},"query-input":{"@type":"PropertyValueSpecification","valueRequired":true,"valueName":"search_term_string"}}],"inLanguage":"fr-FR"},{"@type":"Organization","@id":"https:\/\/crocjeux.com\/#organization","name":"Croc Jeux","url":"https:\/\/crocjeux.com\/","logo":{"@type":"ImageObject","inLanguage":"fr-FR","@id":"https:\/\/crocjeux.com\/#\/schema\/logo\/image\/","url":"https:\/\/crocjeux.com\/wp-content\/uploads\/2022\/01\/cropped-logo-croc-etape-1-e1644574034239.jpg","contentUrl":"https:\/\/crocjeux.com\/wp-content\/uploads\/2022\/01\/cropped-logo-croc-etape-1-e1644574034239.jpg","width":1224,"height":314,"caption":"Croc Jeux"},"image":{"@id":"https:\/\/crocjeux.com\/#\/schema\/logo\/image\/"}}]}},"_links":{"self":[{"href":"https:\/\/crocjeux.com\/index.php\/wp-json\/wp\/v2\/product\/5928","targetHints":{"allow":["GET"]}}],"collection":[{"href":"https:\/\/crocjeux.com\/index.php\/wp-json\/wp\/v2\/product"}],"about":[{"href":"https:\/\/crocjeux.com\/index.php\/wp-json\/wp\/v2\/types\/product"}],"replies":[{"embeddable":true,"href":"https:\/\/crocjeux.com\/index.php\/wp-json\/wp\/v2\/comments?post=5928"}],"wp:featuredmedia":[{"embeddable":true,"href":"https:\/\/crocjeux.com\/index.php\/wp-json\/wp\/v2\/media\/5929"}],"wp:attachment":[{"href":"https:\/\/crocjeux.com\/index.php\/wp-json\/wp\/v2\/media?parent=5928"}],"wp:term":[{"taxonomy":"product_brand","embeddable":true,"href":"https:\/\/crocjeux.com\/index.php\/wp-json\/wp\/v2\/product_brand?post=5928"},{"taxonomy":"product_cat","embeddable":true,"href":"https:\/\/crocjeux.com\/index.php\/wp-json\/wp\/v2\/product_cat?post=5928"},{"taxonomy":"product_tag","embeddable":true,"href":"https:\/\/crocjeux.com\/index.php\/wp-json\/wp\/v2\/product_tag?post=5928"}],"curies":[{"name":"wp","href":"https:\/\/api.w.org\/{rel}","templated":true}]}}