{"id":593,"date":"2020-11-07T15:00:13","date_gmt":"2020-11-07T14:00:13","guid":{"rendered":"https:\/\/crocjeux.com\/?post_type=product&#038;p=593"},"modified":"2022-01-31T17:10:08","modified_gmt":"2022-01-31T16:10:08","slug":"zombie-kidz-evolution","status":"publish","type":"product","link":"https:\/\/crocjeux.com\/index.php\/produit\/zombie-kidz-evolution\/","title":{"rendered":"Zombie Kidz Evolution"},"content":{"rendered":"<section id=\"tab-description\" class=\"page-product-box r-tabs-panel r-tabs-state-active\">\n<div class=\"rte\">\n<h2>Une invasion de zombies dans un jeu coop\u00e9ratif pour enfants !<\/h2>\n<p>Les zombies ont envahi ton \u00e9cole. Semant le chaos, ils sont bien d\u00e9cid\u00e9s \u00e0 saccager les moindres recoins. Tu ne peux pas laisser faire \u00e7a ! Avec tes amis, tu dois te charger de les repousser.<\/p>\n<div>Zombie Kidz \u00c9volution est un jeu coop\u00e9ratif dans lequel les joueurs jouent tous ensemble en tentant de r\u00e9ussir un but commun. Ici, tout le monde perd ou gagne collectivement.<br \/>\nVotre mission : \u00e9liminer les zombies qui entrent en jeu et verrouiller l\u2019\u00e9cole avant qu\u2019ils ne deviennent trop nombreux.<\/div>\n<div><\/div>\n<div>Pour remporter la partie, tu devras parvenir \u00e0 poser un cadenas sur chacune des 4 cases Portail.<\/div>\n<div>R\u00e9unis tes meilleurs amis et forme une \u00e9quipe de choc pour sauver ton \u00e9cole de ces vilaines cr\u00e9atures !<\/div>\n<div><\/div>\n<h2>Un jeu \u00e9volutif<\/h2>\n<div>Le jeu Zombie Kidz \u00c9volution a la particularit\u00e9 d&rsquo;\u00e9voluer au fil des parties. Le jeu se transforme avec le nombre de tes parties.<\/div>\n<div><\/div>\n<div>Tu pourras par exemple :<\/div>\n<div>\n<ul>\n<li>Remplir des missions sp\u00e9ciales et valider ta progression avec des autocollants.<\/li>\n<li>Ouvrir des enveloppes myst\u00e8res qui impacteront le jeu<\/li>\n<li>Donner des pouvoirs aux personnages et faire muter les zombies<\/li>\n<\/ul>\n<h2>Comment jouer ?<\/h2>\n<\/div>\n<div>Zombie Kidz \u00c9volution se joue \u00e0 tour de r\u00f4le. Lorsque c&rsquo;est ton tour, tu devras effectuer quatre actions dans l&rsquo;ordre :<\/div>\n<div>\n<ol>\n<li>Fais entrer un zombie dans l&rsquo;\u00e9cole<\/li>\n<li>D\u00e9place ton personnage vers une case adjacente ou laisse-le \u00e0 sa place<\/li>\n<li>\u00c9limine les zombies sur la case o\u00f9 ton personnage se trouve<\/li>\n<li>Pose un cadenas sur une case Portail<\/li>\n<\/ol>\n<div>Si tu parviens avec tes amis \u00e0 verrouiller l&rsquo;\u00e9cole en posant un cadenas sur chaque portail, la partie est gagn\u00e9e. Les joueurs perdent collectivement le jeu s&rsquo;il n&rsquo;y a plus de zombie dans la r\u00e9serve et que le jeu continue.<\/div>\n<\/div>\n<\/div>\n<\/section>\n","protected":false},"excerpt":{"rendered":"<p>Une invasion de zombies dans un jeu coop\u00e9ratif pour enfants ! Les zombies ont envahi ton \u00e9cole. Semant le chaos,<\/p>\n","protected":false},"featured_media":594,"comment_status":"open","ping_status":"closed","template":"","meta":{"colormag_page_container_layout":"default_layout","colormag_page_sidebar_layout":"default_layout"},"product_brand":[],"product_cat":[30,29],"product_tag":[],"class_list":{"0":"post-593","1":"product","2":"type-product","3":"status-publish","4":"has-post-thumbnail","6":"product_cat-jeux-collaboratifs","7":"product_cat-jeux-2-joueurs","9":"first","10":"instock","11":"taxable","12":"shipping-taxable","13":"purchasable","14":"product-type-simple"},"yoast_head":"<!-- This site is optimized with the Yoast SEO plugin v27.1.1 - https:\/\/yoast.com\/product\/yoast-seo-wordpress\/ -->\n<title>Zombie Kidz Evolution - Croc Jeux<\/title>\n<meta name=\"robots\" content=\"index, follow, max-snippet:-1, max-image-preview:large, max-video-preview:-1\" \/>\n<link rel=\"canonical\" href=\"https:\/\/crocjeux.com\/index.php\/produit\/zombie-kidz-evolution\/\" \/>\n<meta property=\"og:locale\" content=\"fr_FR\" \/>\n<meta property=\"og:type\" content=\"article\" \/>\n<meta property=\"og:title\" content=\"Zombie Kidz Evolution - Croc Jeux\" \/>\n<meta property=\"og:description\" content=\"Une invasion de zombies dans un jeu coop\u00e9ratif pour enfants ! Les zombies ont envahi ton \u00e9cole. Semant le chaos,\" \/>\n<meta property=\"og:url\" content=\"https:\/\/crocjeux.com\/index.php\/produit\/zombie-kidz-evolution\/\" \/>\n<meta property=\"og:site_name\" content=\"Croc Jeux\" \/>\n<meta property=\"article:modified_time\" content=\"2022-01-31T16:10:08+00:00\" \/>\n<meta property=\"og:image\" content=\"https:\/\/crocjeux.com\/wp-content\/uploads\/2020\/11\/zombie-kidz-evolution-p-image-66306-grande.jpg\" \/>\n\t<meta property=\"og:image:width\" content=\"610\" \/>\n\t<meta property=\"og:image:height\" content=\"680\" \/>\n\t<meta property=\"og:image:type\" content=\"image\/jpeg\" \/>\n<meta name=\"twitter:card\" content=\"summary_large_image\" \/>\n<meta name=\"twitter:label1\" content=\"Dur\u00e9e de lecture estim\u00e9e\" \/>\n\t<meta name=\"twitter:data1\" content=\"1 minute\" \/>\n<script type=\"application\/ld+json\" class=\"yoast-schema-graph\">{\"@context\":\"https:\/\/schema.org\",\"@graph\":[{\"@type\":\"WebPage\",\"@id\":\"https:\/\/crocjeux.com\/index.php\/produit\/zombie-kidz-evolution\/\",\"url\":\"https:\/\/crocjeux.com\/index.php\/produit\/zombie-kidz-evolution\/\",\"name\":\"Zombie Kidz Evolution - Croc Jeux\",\"isPartOf\":{\"@id\":\"https:\/\/crocjeux.com\/#website\"},\"primaryImageOfPage\":{\"@id\":\"https:\/\/crocjeux.com\/index.php\/produit\/zombie-kidz-evolution\/#primaryimage\"},\"image\":{\"@id\":\"https:\/\/crocjeux.com\/index.php\/produit\/zombie-kidz-evolution\/#primaryimage\"},\"thumbnailUrl\":\"https:\/\/crocjeux.com\/wp-content\/uploads\/2020\/11\/zombie-kidz-evolution-p-image-66306-grande.jpg\",\"datePublished\":\"2020-11-07T14:00:13+00:00\",\"dateModified\":\"2022-01-31T16:10:08+00:00\",\"breadcrumb\":{\"@id\":\"https:\/\/crocjeux.com\/index.php\/produit\/zombie-kidz-evolution\/#breadcrumb\"},\"inLanguage\":\"fr-FR\",\"potentialAction\":[{\"@type\":\"ReadAction\",\"target\":[\"https:\/\/crocjeux.com\/index.php\/produit\/zombie-kidz-evolution\/\"]}]},{\"@type\":\"ImageObject\",\"inLanguage\":\"fr-FR\",\"@id\":\"https:\/\/crocjeux.com\/index.php\/produit\/zombie-kidz-evolution\/#primaryimage\",\"url\":\"https:\/\/crocjeux.com\/wp-content\/uploads\/2020\/11\/zombie-kidz-evolution-p-image-66306-grande.jpg\",\"contentUrl\":\"https:\/\/crocjeux.com\/wp-content\/uploads\/2020\/11\/zombie-kidz-evolution-p-image-66306-grande.jpg\",\"width\":610,\"height\":680},{\"@type\":\"BreadcrumbList\",\"@id\":\"https:\/\/crocjeux.com\/index.php\/produit\/zombie-kidz-evolution\/#breadcrumb\",\"itemListElement\":[{\"@type\":\"ListItem\",\"position\":1,\"name\":\"Accueil\",\"item\":\"https:\/\/crocjeux.com\/\"},{\"@type\":\"ListItem\",\"position\":2,\"name\":\"Boutique\",\"item\":\"https:\/\/crocjeux.com\/\"},{\"@type\":\"ListItem\",\"position\":3,\"name\":\"Zombie Kidz Evolution\"}]},{\"@type\":\"WebSite\",\"@id\":\"https:\/\/crocjeux.com\/#website\",\"url\":\"https:\/\/crocjeux.com\/\",\"name\":\"Croc Jeux\",\"description\":\"Bienvenue chez Croc Jeux!\",\"publisher\":{\"@id\":\"https:\/\/crocjeux.com\/#organization\"},\"potentialAction\":[{\"@type\":\"SearchAction\",\"target\":{\"@type\":\"EntryPoint\",\"urlTemplate\":\"https:\/\/crocjeux.com\/?s={search_term_string}\"},\"query-input\":{\"@type\":\"PropertyValueSpecification\",\"valueRequired\":true,\"valueName\":\"search_term_string\"}}],\"inLanguage\":\"fr-FR\"},{\"@type\":\"Organization\",\"@id\":\"https:\/\/crocjeux.com\/#organization\",\"name\":\"Croc Jeux\",\"url\":\"https:\/\/crocjeux.com\/\",\"logo\":{\"@type\":\"ImageObject\",\"inLanguage\":\"fr-FR\",\"@id\":\"https:\/\/crocjeux.com\/#\/schema\/logo\/image\/\",\"url\":\"https:\/\/crocjeux.com\/wp-content\/uploads\/2022\/01\/cropped-logo-croc-etape-1-e1644574034239.jpg\",\"contentUrl\":\"https:\/\/crocjeux.com\/wp-content\/uploads\/2022\/01\/cropped-logo-croc-etape-1-e1644574034239.jpg\",\"width\":1224,\"height\":314,\"caption\":\"Croc Jeux\"},\"image\":{\"@id\":\"https:\/\/crocjeux.com\/#\/schema\/logo\/image\/\"}}]}<\/script>\n<!-- \/ Yoast SEO plugin. -->","yoast_head_json":{"title":"Zombie Kidz Evolution - Croc Jeux","robots":{"index":"index","follow":"follow","max-snippet":"max-snippet:-1","max-image-preview":"max-image-preview:large","max-video-preview":"max-video-preview:-1"},"canonical":"https:\/\/crocjeux.com\/index.php\/produit\/zombie-kidz-evolution\/","og_locale":"fr_FR","og_type":"article","og_title":"Zombie Kidz Evolution - Croc Jeux","og_description":"Une invasion de zombies dans un jeu coop\u00e9ratif pour enfants ! Les zombies ont envahi ton \u00e9cole. Semant le chaos,","og_url":"https:\/\/crocjeux.com\/index.php\/produit\/zombie-kidz-evolution\/","og_site_name":"Croc Jeux","article_modified_time":"2022-01-31T16:10:08+00:00","og_image":[{"width":610,"height":680,"url":"https:\/\/crocjeux.com\/wp-content\/uploads\/2020\/11\/zombie-kidz-evolution-p-image-66306-grande.jpg","type":"image\/jpeg"}],"twitter_card":"summary_large_image","twitter_misc":{"Dur\u00e9e de lecture estim\u00e9e":"1 minute"},"schema":{"@context":"https:\/\/schema.org","@graph":[{"@type":"WebPage","@id":"https:\/\/crocjeux.com\/index.php\/produit\/zombie-kidz-evolution\/","url":"https:\/\/crocjeux.com\/index.php\/produit\/zombie-kidz-evolution\/","name":"Zombie Kidz Evolution - Croc Jeux","isPartOf":{"@id":"https:\/\/crocjeux.com\/#website"},"primaryImageOfPage":{"@id":"https:\/\/crocjeux.com\/index.php\/produit\/zombie-kidz-evolution\/#primaryimage"},"image":{"@id":"https:\/\/crocjeux.com\/index.php\/produit\/zombie-kidz-evolution\/#primaryimage"},"thumbnailUrl":"https:\/\/crocjeux.com\/wp-content\/uploads\/2020\/11\/zombie-kidz-evolution-p-image-66306-grande.jpg","datePublished":"2020-11-07T14:00:13+00:00","dateModified":"2022-01-31T16:10:08+00:00","breadcrumb":{"@id":"https:\/\/crocjeux.com\/index.php\/produit\/zombie-kidz-evolution\/#breadcrumb"},"inLanguage":"fr-FR","potentialAction":[{"@type":"ReadAction","target":["https:\/\/crocjeux.com\/index.php\/produit\/zombie-kidz-evolution\/"]}]},{"@type":"ImageObject","inLanguage":"fr-FR","@id":"https:\/\/crocjeux.com\/index.php\/produit\/zombie-kidz-evolution\/#primaryimage","url":"https:\/\/crocjeux.com\/wp-content\/uploads\/2020\/11\/zombie-kidz-evolution-p-image-66306-grande.jpg","contentUrl":"https:\/\/crocjeux.com\/wp-content\/uploads\/2020\/11\/zombie-kidz-evolution-p-image-66306-grande.jpg","width":610,"height":680},{"@type":"BreadcrumbList","@id":"https:\/\/crocjeux.com\/index.php\/produit\/zombie-kidz-evolution\/#breadcrumb","itemListElement":[{"@type":"ListItem","position":1,"name":"Accueil","item":"https:\/\/crocjeux.com\/"},{"@type":"ListItem","position":2,"name":"Boutique","item":"https:\/\/crocjeux.com\/"},{"@type":"ListItem","position":3,"name":"Zombie Kidz Evolution"}]},{"@type":"WebSite","@id":"https:\/\/crocjeux.com\/#website","url":"https:\/\/crocjeux.com\/","name":"Croc Jeux","description":"Bienvenue chez Croc Jeux!","publisher":{"@id":"https:\/\/crocjeux.com\/#organization"},"potentialAction":[{"@type":"SearchAction","target":{"@type":"EntryPoint","urlTemplate":"https:\/\/crocjeux.com\/?s={search_term_string}"},"query-input":{"@type":"PropertyValueSpecification","valueRequired":true,"valueName":"search_term_string"}}],"inLanguage":"fr-FR"},{"@type":"Organization","@id":"https:\/\/crocjeux.com\/#organization","name":"Croc Jeux","url":"https:\/\/crocjeux.com\/","logo":{"@type":"ImageObject","inLanguage":"fr-FR","@id":"https:\/\/crocjeux.com\/#\/schema\/logo\/image\/","url":"https:\/\/crocjeux.com\/wp-content\/uploads\/2022\/01\/cropped-logo-croc-etape-1-e1644574034239.jpg","contentUrl":"https:\/\/crocjeux.com\/wp-content\/uploads\/2022\/01\/cropped-logo-croc-etape-1-e1644574034239.jpg","width":1224,"height":314,"caption":"Croc Jeux"},"image":{"@id":"https:\/\/crocjeux.com\/#\/schema\/logo\/image\/"}}]}},"_links":{"self":[{"href":"https:\/\/crocjeux.com\/index.php\/wp-json\/wp\/v2\/product\/593","targetHints":{"allow":["GET"]}}],"collection":[{"href":"https:\/\/crocjeux.com\/index.php\/wp-json\/wp\/v2\/product"}],"about":[{"href":"https:\/\/crocjeux.com\/index.php\/wp-json\/wp\/v2\/types\/product"}],"replies":[{"embeddable":true,"href":"https:\/\/crocjeux.com\/index.php\/wp-json\/wp\/v2\/comments?post=593"}],"wp:featuredmedia":[{"embeddable":true,"href":"https:\/\/crocjeux.com\/index.php\/wp-json\/wp\/v2\/media\/594"}],"wp:attachment":[{"href":"https:\/\/crocjeux.com\/index.php\/wp-json\/wp\/v2\/media?parent=593"}],"wp:term":[{"taxonomy":"product_brand","embeddable":true,"href":"https:\/\/crocjeux.com\/index.php\/wp-json\/wp\/v2\/product_brand?post=593"},{"taxonomy":"product_cat","embeddable":true,"href":"https:\/\/crocjeux.com\/index.php\/wp-json\/wp\/v2\/product_cat?post=593"},{"taxonomy":"product_tag","embeddable":true,"href":"https:\/\/crocjeux.com\/index.php\/wp-json\/wp\/v2\/product_tag?post=593"}],"curies":[{"name":"wp","href":"https:\/\/api.w.org\/{rel}","templated":true}]}}