{"id":5983,"date":"2024-04-18T09:28:56","date_gmt":"2024-04-18T08:28:56","guid":{"rendered":"https:\/\/crocjeux.com\/?post_type=product&#038;p=5983"},"modified":"2024-10-17T14:25:05","modified_gmt":"2024-10-17T13:25:05","slug":"pixel-aventures-lile-au-forban","status":"publish","type":"product","link":"https:\/\/crocjeux.com\/index.php\/produit\/pixel-aventures-lile-au-forban\/","title":{"rendered":"Pixel Aventures L&rsquo;\u00eele au forban"},"content":{"rendered":"<p>Pixel Aventures est un jeu de qu\u00eates et d\u2019exploration fa\u00e7on \u00ab\u2009Point and Click\u2009\u00bb. Explorez les lieux, r\u00e9cup\u00e9rez des objets h\u00e9t\u00e9roclites, tentez de les utiliser \u00e0 bon escient et r\u00e9solvez les \u00e9nigmes. Mais n\u2019oubliez pas la raison principale de votre venue, car le temps presse. Partez retrouver votre oncle sur une \u00eele pleine d\u2019aventures et de myst\u00e8res.<\/p>\n<p>Explorez une \u00eele inconnue, fouillez, trouvez des objets. Faites-en usage au bon endroit. Une corde, un ravin. Allez-vous traverser mais risquer de tomber ?<br \/>\n3 objectifs \u00e0 atteindre. Un nombre d&rsquo;actions limit\u00e9. Repartirez-vous pauvre, riche ou mort ? D\u00e9cidez de votre sort dans l&rsquo;\u00e9pilogue.<\/p>\n<p>Une \u00eele paradisiaque des Seychelles. Un oncle baroudeur vous invite \u00e0 venir chercher son h\u00e9ritage. Des tr\u00e9sors enfouis, des lieux cach\u00e9s, des cadavres tout frais, une histoire et ses qu\u00eates vous attendent. Ce jeu d&rsquo;aventure est un hommage \u00e0 Maupiti Island et aux Point &amp; Click des ann\u00e9es 90.<\/p>\n<p>Contenu :<\/p>\n<ul>\n<li>87 cartes (63 x 88 mm)<\/li>\n<li>1 curseur plastique<\/li>\n<li>1 livret de r\u00e8gles<\/li>\n<\/ul>\n","protected":false},"excerpt":{"rendered":"<p>Pixel Aventures est un jeu de qu\u00eates et d\u2019exploration fa\u00e7on \u00ab\u2009Point and Click\u2009\u00bb<\/p>\n","protected":false},"featured_media":5984,"comment_status":"open","ping_status":"closed","template":"","meta":{"colormag_page_container_layout":"default_layout","colormag_page_sidebar_layout":"default_layout"},"product_brand":[],"product_cat":[45,30,44],"product_tag":[],"class_list":{"0":"post-5983","1":"product","2":"type-product","3":"status-publish","4":"has-post-thumbnail","6":"product_cat-escape-room-escape-enquete","7":"product_cat-jeux-collaboratifs","8":"product_cat-jeux-solo","10":"first","11":"instock","12":"taxable","13":"shipping-taxable","14":"purchasable","15":"product-type-simple"},"yoast_head":"<!-- This site is optimized with the Yoast SEO plugin v27.4 - https:\/\/yoast.com\/product\/yoast-seo-wordpress\/ -->\n<title>Pixel Aventures L&#039;\u00eele au forban - Croc Jeux<\/title>\n<meta name=\"description\" content=\"Pixel Aventures est un jeu de qu\u00eates et d\u2019exploration fa\u00e7on \u00ab\u2009Point and Click\u2009\u00bb\" \/>\n<meta name=\"robots\" content=\"index, follow, max-snippet:-1, max-image-preview:large, max-video-preview:-1\" \/>\n<link rel=\"canonical\" href=\"https:\/\/crocjeux.com\/index.php\/produit\/pixel-aventures-lile-au-forban\/\" \/>\n<meta property=\"og:locale\" content=\"fr_FR\" \/>\n<meta property=\"og:type\" content=\"article\" \/>\n<meta property=\"og:title\" content=\"Pixel Aventures L&#039;\u00eele au forban - Croc Jeux\" \/>\n<meta property=\"og:description\" content=\"Pixel Aventures est un jeu de qu\u00eates et d\u2019exploration fa\u00e7on \u00ab\u2009Point and Click\u2009\u00bb\" \/>\n<meta property=\"og:url\" content=\"https:\/\/crocjeux.com\/index.php\/produit\/pixel-aventures-lile-au-forban\/\" \/>\n<meta property=\"og:site_name\" content=\"Croc Jeux\" \/>\n<meta property=\"article:modified_time\" content=\"2024-10-17T13:25:05+00:00\" \/>\n<meta property=\"og:image\" content=\"https:\/\/crocjeux.com\/wp-content\/uploads\/2024\/04\/affiche-site7-1.png\" \/>\n\t<meta property=\"og:image:width\" content=\"1080\" \/>\n\t<meta property=\"og:image:height\" content=\"1080\" \/>\n\t<meta property=\"og:image:type\" content=\"image\/png\" \/>\n<meta name=\"twitter:card\" content=\"summary_large_image\" \/>\n<meta name=\"twitter:label1\" content=\"Dur\u00e9e de lecture estim\u00e9e\" \/>\n\t<meta name=\"twitter:data1\" content=\"1 minute\" \/>\n<script type=\"application\/ld+json\" class=\"yoast-schema-graph\">{\"@context\":\"https:\\\/\\\/schema.org\",\"@graph\":[{\"@type\":\"WebPage\",\"@id\":\"https:\\\/\\\/crocjeux.com\\\/index.php\\\/produit\\\/pixel-aventures-lile-au-forban\\\/\",\"url\":\"https:\\\/\\\/crocjeux.com\\\/index.php\\\/produit\\\/pixel-aventures-lile-au-forban\\\/\",\"name\":\"Pixel Aventures L'\u00eele au forban - Croc Jeux\",\"isPartOf\":{\"@id\":\"https:\\\/\\\/crocjeux.com\\\/#website\"},\"primaryImageOfPage\":{\"@id\":\"https:\\\/\\\/crocjeux.com\\\/index.php\\\/produit\\\/pixel-aventures-lile-au-forban\\\/#primaryimage\"},\"image\":{\"@id\":\"https:\\\/\\\/crocjeux.com\\\/index.php\\\/produit\\\/pixel-aventures-lile-au-forban\\\/#primaryimage\"},\"thumbnailUrl\":\"https:\\\/\\\/crocjeux.com\\\/wp-content\\\/uploads\\\/2024\\\/04\\\/affiche-site7-1.png\",\"datePublished\":\"2024-04-18T08:28:56+00:00\",\"dateModified\":\"2024-10-17T13:25:05+00:00\",\"description\":\"Pixel Aventures est un jeu de qu\u00eates et d\u2019exploration fa\u00e7on \u00ab\u2009Point and Click\u2009\u00bb\",\"breadcrumb\":{\"@id\":\"https:\\\/\\\/crocjeux.com\\\/index.php\\\/produit\\\/pixel-aventures-lile-au-forban\\\/#breadcrumb\"},\"inLanguage\":\"fr-FR\",\"potentialAction\":[{\"@type\":\"ReadAction\",\"target\":[\"https:\\\/\\\/crocjeux.com\\\/index.php\\\/produit\\\/pixel-aventures-lile-au-forban\\\/\"]}]},{\"@type\":\"ImageObject\",\"inLanguage\":\"fr-FR\",\"@id\":\"https:\\\/\\\/crocjeux.com\\\/index.php\\\/produit\\\/pixel-aventures-lile-au-forban\\\/#primaryimage\",\"url\":\"https:\\\/\\\/crocjeux.com\\\/wp-content\\\/uploads\\\/2024\\\/04\\\/affiche-site7-1.png\",\"contentUrl\":\"https:\\\/\\\/crocjeux.com\\\/wp-content\\\/uploads\\\/2024\\\/04\\\/affiche-site7-1.png\",\"width\":1080,\"height\":1080},{\"@type\":\"BreadcrumbList\",\"@id\":\"https:\\\/\\\/crocjeux.com\\\/index.php\\\/produit\\\/pixel-aventures-lile-au-forban\\\/#breadcrumb\",\"itemListElement\":[{\"@type\":\"ListItem\",\"position\":1,\"name\":\"Accueil\",\"item\":\"https:\\\/\\\/crocjeux.com\\\/\"},{\"@type\":\"ListItem\",\"position\":2,\"name\":\"Boutique\",\"item\":\"https:\\\/\\\/crocjeux.com\\\/\"},{\"@type\":\"ListItem\",\"position\":3,\"name\":\"Pixel Aventures L&#8217;\u00eele au forban\"}]},{\"@type\":\"WebSite\",\"@id\":\"https:\\\/\\\/crocjeux.com\\\/#website\",\"url\":\"https:\\\/\\\/crocjeux.com\\\/\",\"name\":\"Croc Jeux\",\"description\":\"Bienvenue chez Croc Jeux!\",\"publisher\":{\"@id\":\"https:\\\/\\\/crocjeux.com\\\/#organization\"},\"potentialAction\":[{\"@type\":\"SearchAction\",\"target\":{\"@type\":\"EntryPoint\",\"urlTemplate\":\"https:\\\/\\\/crocjeux.com\\\/?s={search_term_string}\"},\"query-input\":{\"@type\":\"PropertyValueSpecification\",\"valueRequired\":true,\"valueName\":\"search_term_string\"}}],\"inLanguage\":\"fr-FR\"},{\"@type\":\"Organization\",\"@id\":\"https:\\\/\\\/crocjeux.com\\\/#organization\",\"name\":\"Croc Jeux\",\"url\":\"https:\\\/\\\/crocjeux.com\\\/\",\"logo\":{\"@type\":\"ImageObject\",\"inLanguage\":\"fr-FR\",\"@id\":\"https:\\\/\\\/crocjeux.com\\\/#\\\/schema\\\/logo\\\/image\\\/\",\"url\":\"https:\\\/\\\/crocjeux.com\\\/wp-content\\\/uploads\\\/2022\\\/01\\\/cropped-logo-croc-etape-1-e1644574034239.jpg\",\"contentUrl\":\"https:\\\/\\\/crocjeux.com\\\/wp-content\\\/uploads\\\/2022\\\/01\\\/cropped-logo-croc-etape-1-e1644574034239.jpg\",\"width\":1224,\"height\":314,\"caption\":\"Croc Jeux\"},\"image\":{\"@id\":\"https:\\\/\\\/crocjeux.com\\\/#\\\/schema\\\/logo\\\/image\\\/\"}}]}<\/script>\n<!-- \/ Yoast SEO plugin. -->","yoast_head_json":{"title":"Pixel Aventures L'\u00eele au forban - Croc Jeux","description":"Pixel Aventures est un jeu de qu\u00eates et d\u2019exploration fa\u00e7on \u00ab\u2009Point and Click\u2009\u00bb","robots":{"index":"index","follow":"follow","max-snippet":"max-snippet:-1","max-image-preview":"max-image-preview:large","max-video-preview":"max-video-preview:-1"},"canonical":"https:\/\/crocjeux.com\/index.php\/produit\/pixel-aventures-lile-au-forban\/","og_locale":"fr_FR","og_type":"article","og_title":"Pixel Aventures L'\u00eele au forban - Croc Jeux","og_description":"Pixel Aventures est un jeu de qu\u00eates et d\u2019exploration fa\u00e7on \u00ab\u2009Point and Click\u2009\u00bb","og_url":"https:\/\/crocjeux.com\/index.php\/produit\/pixel-aventures-lile-au-forban\/","og_site_name":"Croc Jeux","article_modified_time":"2024-10-17T13:25:05+00:00","og_image":[{"width":1080,"height":1080,"url":"https:\/\/crocjeux.com\/wp-content\/uploads\/2024\/04\/affiche-site7-1.png","type":"image\/png"}],"twitter_card":"summary_large_image","twitter_misc":{"Dur\u00e9e de lecture estim\u00e9e":"1 minute"},"schema":{"@context":"https:\/\/schema.org","@graph":[{"@type":"WebPage","@id":"https:\/\/crocjeux.com\/index.php\/produit\/pixel-aventures-lile-au-forban\/","url":"https:\/\/crocjeux.com\/index.php\/produit\/pixel-aventures-lile-au-forban\/","name":"Pixel Aventures L'\u00eele au forban - Croc Jeux","isPartOf":{"@id":"https:\/\/crocjeux.com\/#website"},"primaryImageOfPage":{"@id":"https:\/\/crocjeux.com\/index.php\/produit\/pixel-aventures-lile-au-forban\/#primaryimage"},"image":{"@id":"https:\/\/crocjeux.com\/index.php\/produit\/pixel-aventures-lile-au-forban\/#primaryimage"},"thumbnailUrl":"https:\/\/crocjeux.com\/wp-content\/uploads\/2024\/04\/affiche-site7-1.png","datePublished":"2024-04-18T08:28:56+00:00","dateModified":"2024-10-17T13:25:05+00:00","description":"Pixel Aventures est un jeu de qu\u00eates et d\u2019exploration fa\u00e7on \u00ab\u2009Point and Click\u2009\u00bb","breadcrumb":{"@id":"https:\/\/crocjeux.com\/index.php\/produit\/pixel-aventures-lile-au-forban\/#breadcrumb"},"inLanguage":"fr-FR","potentialAction":[{"@type":"ReadAction","target":["https:\/\/crocjeux.com\/index.php\/produit\/pixel-aventures-lile-au-forban\/"]}]},{"@type":"ImageObject","inLanguage":"fr-FR","@id":"https:\/\/crocjeux.com\/index.php\/produit\/pixel-aventures-lile-au-forban\/#primaryimage","url":"https:\/\/crocjeux.com\/wp-content\/uploads\/2024\/04\/affiche-site7-1.png","contentUrl":"https:\/\/crocjeux.com\/wp-content\/uploads\/2024\/04\/affiche-site7-1.png","width":1080,"height":1080},{"@type":"BreadcrumbList","@id":"https:\/\/crocjeux.com\/index.php\/produit\/pixel-aventures-lile-au-forban\/#breadcrumb","itemListElement":[{"@type":"ListItem","position":1,"name":"Accueil","item":"https:\/\/crocjeux.com\/"},{"@type":"ListItem","position":2,"name":"Boutique","item":"https:\/\/crocjeux.com\/"},{"@type":"ListItem","position":3,"name":"Pixel Aventures L&#8217;\u00eele au forban"}]},{"@type":"WebSite","@id":"https:\/\/crocjeux.com\/#website","url":"https:\/\/crocjeux.com\/","name":"Croc Jeux","description":"Bienvenue chez Croc Jeux!","publisher":{"@id":"https:\/\/crocjeux.com\/#organization"},"potentialAction":[{"@type":"SearchAction","target":{"@type":"EntryPoint","urlTemplate":"https:\/\/crocjeux.com\/?s={search_term_string}"},"query-input":{"@type":"PropertyValueSpecification","valueRequired":true,"valueName":"search_term_string"}}],"inLanguage":"fr-FR"},{"@type":"Organization","@id":"https:\/\/crocjeux.com\/#organization","name":"Croc Jeux","url":"https:\/\/crocjeux.com\/","logo":{"@type":"ImageObject","inLanguage":"fr-FR","@id":"https:\/\/crocjeux.com\/#\/schema\/logo\/image\/","url":"https:\/\/crocjeux.com\/wp-content\/uploads\/2022\/01\/cropped-logo-croc-etape-1-e1644574034239.jpg","contentUrl":"https:\/\/crocjeux.com\/wp-content\/uploads\/2022\/01\/cropped-logo-croc-etape-1-e1644574034239.jpg","width":1224,"height":314,"caption":"Croc Jeux"},"image":{"@id":"https:\/\/crocjeux.com\/#\/schema\/logo\/image\/"}}]}},"_links":{"self":[{"href":"https:\/\/crocjeux.com\/index.php\/wp-json\/wp\/v2\/product\/5983","targetHints":{"allow":["GET"]}}],"collection":[{"href":"https:\/\/crocjeux.com\/index.php\/wp-json\/wp\/v2\/product"}],"about":[{"href":"https:\/\/crocjeux.com\/index.php\/wp-json\/wp\/v2\/types\/product"}],"replies":[{"embeddable":true,"href":"https:\/\/crocjeux.com\/index.php\/wp-json\/wp\/v2\/comments?post=5983"}],"wp:featuredmedia":[{"embeddable":true,"href":"https:\/\/crocjeux.com\/index.php\/wp-json\/wp\/v2\/media\/5984"}],"wp:attachment":[{"href":"https:\/\/crocjeux.com\/index.php\/wp-json\/wp\/v2\/media?parent=5983"}],"wp:term":[{"taxonomy":"product_brand","embeddable":true,"href":"https:\/\/crocjeux.com\/index.php\/wp-json\/wp\/v2\/product_brand?post=5983"},{"taxonomy":"product_cat","embeddable":true,"href":"https:\/\/crocjeux.com\/index.php\/wp-json\/wp\/v2\/product_cat?post=5983"},{"taxonomy":"product_tag","embeddable":true,"href":"https:\/\/crocjeux.com\/index.php\/wp-json\/wp\/v2\/product_tag?post=5983"}],"curies":[{"name":"wp","href":"https:\/\/api.w.org\/{rel}","templated":true}]}}