{"id":6093,"date":"2024-05-31T23:17:08","date_gmt":"2024-05-31T22:17:08","guid":{"rendered":"https:\/\/crocjeux.com\/?post_type=product&#038;p=6093"},"modified":"2024-10-17T14:24:24","modified_gmt":"2024-10-17T13:24:24","slug":"mythwind","status":"publish","type":"product","link":"https:\/\/crocjeux.com\/index.php\/produit\/mythwind\/","title":{"rendered":"Mythwind"},"content":{"rendered":"<p><span id=\"page1R_mcid31\" class=\"markedContent\"><span dir=\"ltr\" role=\"presentation\">La vall\u00e9e de<\/span><\/span><span id=\"page1R_mcid32\" class=\"markedContent\"> <span dir=\"ltr\" role=\"presentation\">Mythwind<\/span><\/span><span id=\"page1R_mcid33\" class=\"markedContent\"> <span dir=\"ltr\" role=\"presentation\">n\u2019est <\/span><\/span><span id=\"page1R_mcid34\" class=\"markedContent\"><span dir=\"ltr\" role=\"presentation\">finalement pas une l\u00e9gende ! <\/span><\/span><span id=\"page1R_mcid36\" class=\"markedContent\"><span dir=\"ltr\" role=\"presentation\">Vous y avez \u00e9t\u00e9 invit\u00e9 par les lutins <\/span><\/span><span id=\"page1R_mcid37\" class=\"markedContent\"><span dir=\"ltr\" role=\"presentation\">qui la peuplent pour y b\u00e2tir un village. <\/span><\/span><span id=\"page1R_mcid38\" class=\"markedContent\"><span dir=\"ltr\" role=\"presentation\">Saurez-vous aider le petit peuple <\/span><\/span><span id=\"page1R_mcid39\" class=\"markedContent\"><span dir=\"ltr\" role=\"presentation\">au mieux selon les saisons, tout en <\/span><\/span><span id=\"page1R_mcid40\" class=\"markedContent\"><span dir=\"ltr\" role=\"presentation\">assurant votre p\u00e9rennit\u00e9 et celle de <\/span><\/span><span id=\"page1R_mcid41\" class=\"markedContent\"><span dir=\"ltr\" role=\"presentation\">votre communaut\u00e9 ? Le sort de la <\/span><\/span><span id=\"page1R_mcid42\" class=\"markedContent\"><span dir=\"ltr\" role=\"presentation\">vall\u00e9e mythique est entre vos mains !<\/span><\/span><\/p>\n<p><em><span id=\"page1R_mcid43\" class=\"markedContent\"><span dir=\"ltr\" role=\"presentation\">Mythwind<\/span><\/span><\/em><span id=\"page1R_mcid44\" class=\"markedContent\"> <span dir=\"ltr\" role=\"presentation\">est un jeu coop\u00e9ratif ouvert pour 1 \u00e0 4 joueurs dans lequel chacun contr\u00f4le un personnage distinct \u00e9voluant dans <\/span><\/span><span id=\"page1R_mcid46\" class=\"markedContent\"><span dir=\"ltr\" role=\"presentation\">un monde persistant. Vous travaillerez ensemble pour \u00e9tablir une nouvelle ville dans la vall\u00e9e magique de<\/span><\/span><span id=\"page1R_mcid47\" class=\"markedContent\"> <span dir=\"ltr\" role=\"presentation\">Mythwind<\/span><\/span><span id=\"page1R_mcid48\" class=\"markedContent\"><span dir=\"ltr\" role=\"presentation\">. <\/span><\/span><span id=\"page1R_mcid50\" class=\"markedContent\"><span dir=\"ltr\" role=\"presentation\">Atteignez vos objectifs en construisant des b\u00e2timents, aventurez-vous dans toute la r\u00e9gion, d\u00e9veloppez votre profession <\/span><\/span><span id=\"page1R_mcid52\" class=\"markedContent\"><span dir=\"ltr\" role=\"presentation\">et naviguez dans l\u2019histoire qui se d\u00e9roule au fil des parties.<\/span><\/span><\/p>\n<p class=\"p3\"><i>Mythwind <\/i>est con\u00e7u comme une histoire ouverte, sans v\u00e9ritable conclusion. La plupart des joueurs consid\u00e9reront sans doute que leur partie est termin\u00e9e \u00e0 la fin de l\u2019histoire, mais vous pouvez continuer de jouer la m\u00eame partie aussi longtemps que vous le souhaitez. Au fil de votre progression, vous allez d\u00e9velopper votre village en suivant l\u2019\u00e9volution des saisons et des membres de votre communaut\u00e9. Votre progression peut \u00eatre facilement conserv\u00e9e en utilisant les inserts fournis, qui offrent une solution rapide et pratique \u00e0 la fois pour sauvegarder votre partie et faciliter la mise en place de votre prochaine session.<\/p>\n","protected":false},"excerpt":{"rendered":"<p>La vall\u00e9e de Mythwind n\u2019est finalement pas une l\u00e9gende ! Vous y avez \u00e9t\u00e9 invit\u00e9 par les lutins qui la<\/p>\n","protected":false},"featured_media":6094,"comment_status":"open","ping_status":"closed","template":"","meta":{"colormag_page_container_layout":"default_layout","colormag_page_sidebar_layout":"default_layout"},"product_brand":[],"product_cat":[30,29],"product_tag":[],"class_list":{"0":"post-6093","1":"product","2":"type-product","3":"status-publish","4":"has-post-thumbnail","6":"product_cat-jeux-collaboratifs","7":"product_cat-jeux-2-joueurs","9":"first","10":"instock","11":"taxable","12":"shipping-taxable","13":"purchasable","14":"product-type-simple"},"yoast_head":"<!-- This site is optimized with the Yoast SEO plugin v27.1.1 - https:\/\/yoast.com\/product\/yoast-seo-wordpress\/ -->\n<title>Mythwind - Croc Jeux<\/title>\n<meta name=\"description\" content=\"Mythwind est un jeu coop\u00e9ratif ouvert pour 1 \u00e0 4 joueurs\" \/>\n<meta name=\"robots\" content=\"index, follow, max-snippet:-1, max-image-preview:large, max-video-preview:-1\" \/>\n<link rel=\"canonical\" href=\"https:\/\/crocjeux.com\/index.php\/produit\/mythwind\/\" \/>\n<meta property=\"og:locale\" content=\"fr_FR\" \/>\n<meta property=\"og:type\" content=\"article\" \/>\n<meta property=\"og:title\" content=\"Mythwind - Croc Jeux\" \/>\n<meta property=\"og:description\" content=\"Mythwind est un jeu coop\u00e9ratif ouvert pour 1 \u00e0 4 joueurs\" \/>\n<meta property=\"og:url\" content=\"https:\/\/crocjeux.com\/index.php\/produit\/mythwind\/\" \/>\n<meta property=\"og:site_name\" content=\"Croc Jeux\" \/>\n<meta property=\"article:modified_time\" content=\"2024-10-17T13:24:24+00:00\" \/>\n<meta property=\"og:image\" content=\"https:\/\/crocjeux.com\/wp-content\/uploads\/2024\/05\/mythwind.png\" \/>\n\t<meta property=\"og:image:width\" content=\"686\" \/>\n\t<meta property=\"og:image:height\" content=\"686\" \/>\n\t<meta property=\"og:image:type\" content=\"image\/png\" \/>\n<meta name=\"twitter:card\" content=\"summary_large_image\" \/>\n<meta name=\"twitter:label1\" content=\"Dur\u00e9e de lecture estim\u00e9e\" \/>\n\t<meta name=\"twitter:data1\" content=\"2 minutes\" \/>\n<script type=\"application\/ld+json\" class=\"yoast-schema-graph\">{\"@context\":\"https:\/\/schema.org\",\"@graph\":[{\"@type\":\"WebPage\",\"@id\":\"https:\/\/crocjeux.com\/index.php\/produit\/mythwind\/\",\"url\":\"https:\/\/crocjeux.com\/index.php\/produit\/mythwind\/\",\"name\":\"Mythwind - Croc Jeux\",\"isPartOf\":{\"@id\":\"https:\/\/crocjeux.com\/#website\"},\"primaryImageOfPage\":{\"@id\":\"https:\/\/crocjeux.com\/index.php\/produit\/mythwind\/#primaryimage\"},\"image\":{\"@id\":\"https:\/\/crocjeux.com\/index.php\/produit\/mythwind\/#primaryimage\"},\"thumbnailUrl\":\"https:\/\/crocjeux.com\/wp-content\/uploads\/2024\/05\/mythwind.png\",\"datePublished\":\"2024-05-31T22:17:08+00:00\",\"dateModified\":\"2024-10-17T13:24:24+00:00\",\"description\":\"Mythwind est un jeu coop\u00e9ratif ouvert pour 1 \u00e0 4 joueurs\",\"breadcrumb\":{\"@id\":\"https:\/\/crocjeux.com\/index.php\/produit\/mythwind\/#breadcrumb\"},\"inLanguage\":\"fr-FR\",\"potentialAction\":[{\"@type\":\"ReadAction\",\"target\":[\"https:\/\/crocjeux.com\/index.php\/produit\/mythwind\/\"]}]},{\"@type\":\"ImageObject\",\"inLanguage\":\"fr-FR\",\"@id\":\"https:\/\/crocjeux.com\/index.php\/produit\/mythwind\/#primaryimage\",\"url\":\"https:\/\/crocjeux.com\/wp-content\/uploads\/2024\/05\/mythwind.png\",\"contentUrl\":\"https:\/\/crocjeux.com\/wp-content\/uploads\/2024\/05\/mythwind.png\",\"width\":686,\"height\":686},{\"@type\":\"BreadcrumbList\",\"@id\":\"https:\/\/crocjeux.com\/index.php\/produit\/mythwind\/#breadcrumb\",\"itemListElement\":[{\"@type\":\"ListItem\",\"position\":1,\"name\":\"Accueil\",\"item\":\"https:\/\/crocjeux.com\/\"},{\"@type\":\"ListItem\",\"position\":2,\"name\":\"Boutique\",\"item\":\"https:\/\/crocjeux.com\/\"},{\"@type\":\"ListItem\",\"position\":3,\"name\":\"Mythwind\"}]},{\"@type\":\"WebSite\",\"@id\":\"https:\/\/crocjeux.com\/#website\",\"url\":\"https:\/\/crocjeux.com\/\",\"name\":\"Croc Jeux\",\"description\":\"Bienvenue chez Croc Jeux!\",\"publisher\":{\"@id\":\"https:\/\/crocjeux.com\/#organization\"},\"potentialAction\":[{\"@type\":\"SearchAction\",\"target\":{\"@type\":\"EntryPoint\",\"urlTemplate\":\"https:\/\/crocjeux.com\/?s={search_term_string}\"},\"query-input\":{\"@type\":\"PropertyValueSpecification\",\"valueRequired\":true,\"valueName\":\"search_term_string\"}}],\"inLanguage\":\"fr-FR\"},{\"@type\":\"Organization\",\"@id\":\"https:\/\/crocjeux.com\/#organization\",\"name\":\"Croc Jeux\",\"url\":\"https:\/\/crocjeux.com\/\",\"logo\":{\"@type\":\"ImageObject\",\"inLanguage\":\"fr-FR\",\"@id\":\"https:\/\/crocjeux.com\/#\/schema\/logo\/image\/\",\"url\":\"https:\/\/crocjeux.com\/wp-content\/uploads\/2022\/01\/cropped-logo-croc-etape-1-e1644574034239.jpg\",\"contentUrl\":\"https:\/\/crocjeux.com\/wp-content\/uploads\/2022\/01\/cropped-logo-croc-etape-1-e1644574034239.jpg\",\"width\":1224,\"height\":314,\"caption\":\"Croc Jeux\"},\"image\":{\"@id\":\"https:\/\/crocjeux.com\/#\/schema\/logo\/image\/\"}}]}<\/script>\n<!-- \/ Yoast SEO plugin. -->","yoast_head_json":{"title":"Mythwind - Croc Jeux","description":"Mythwind est un jeu coop\u00e9ratif ouvert pour 1 \u00e0 4 joueurs","robots":{"index":"index","follow":"follow","max-snippet":"max-snippet:-1","max-image-preview":"max-image-preview:large","max-video-preview":"max-video-preview:-1"},"canonical":"https:\/\/crocjeux.com\/index.php\/produit\/mythwind\/","og_locale":"fr_FR","og_type":"article","og_title":"Mythwind - Croc Jeux","og_description":"Mythwind est un jeu coop\u00e9ratif ouvert pour 1 \u00e0 4 joueurs","og_url":"https:\/\/crocjeux.com\/index.php\/produit\/mythwind\/","og_site_name":"Croc Jeux","article_modified_time":"2024-10-17T13:24:24+00:00","og_image":[{"width":686,"height":686,"url":"https:\/\/crocjeux.com\/wp-content\/uploads\/2024\/05\/mythwind.png","type":"image\/png"}],"twitter_card":"summary_large_image","twitter_misc":{"Dur\u00e9e de lecture estim\u00e9e":"2 minutes"},"schema":{"@context":"https:\/\/schema.org","@graph":[{"@type":"WebPage","@id":"https:\/\/crocjeux.com\/index.php\/produit\/mythwind\/","url":"https:\/\/crocjeux.com\/index.php\/produit\/mythwind\/","name":"Mythwind - Croc Jeux","isPartOf":{"@id":"https:\/\/crocjeux.com\/#website"},"primaryImageOfPage":{"@id":"https:\/\/crocjeux.com\/index.php\/produit\/mythwind\/#primaryimage"},"image":{"@id":"https:\/\/crocjeux.com\/index.php\/produit\/mythwind\/#primaryimage"},"thumbnailUrl":"https:\/\/crocjeux.com\/wp-content\/uploads\/2024\/05\/mythwind.png","datePublished":"2024-05-31T22:17:08+00:00","dateModified":"2024-10-17T13:24:24+00:00","description":"Mythwind est un jeu coop\u00e9ratif ouvert pour 1 \u00e0 4 joueurs","breadcrumb":{"@id":"https:\/\/crocjeux.com\/index.php\/produit\/mythwind\/#breadcrumb"},"inLanguage":"fr-FR","potentialAction":[{"@type":"ReadAction","target":["https:\/\/crocjeux.com\/index.php\/produit\/mythwind\/"]}]},{"@type":"ImageObject","inLanguage":"fr-FR","@id":"https:\/\/crocjeux.com\/index.php\/produit\/mythwind\/#primaryimage","url":"https:\/\/crocjeux.com\/wp-content\/uploads\/2024\/05\/mythwind.png","contentUrl":"https:\/\/crocjeux.com\/wp-content\/uploads\/2024\/05\/mythwind.png","width":686,"height":686},{"@type":"BreadcrumbList","@id":"https:\/\/crocjeux.com\/index.php\/produit\/mythwind\/#breadcrumb","itemListElement":[{"@type":"ListItem","position":1,"name":"Accueil","item":"https:\/\/crocjeux.com\/"},{"@type":"ListItem","position":2,"name":"Boutique","item":"https:\/\/crocjeux.com\/"},{"@type":"ListItem","position":3,"name":"Mythwind"}]},{"@type":"WebSite","@id":"https:\/\/crocjeux.com\/#website","url":"https:\/\/crocjeux.com\/","name":"Croc Jeux","description":"Bienvenue chez Croc Jeux!","publisher":{"@id":"https:\/\/crocjeux.com\/#organization"},"potentialAction":[{"@type":"SearchAction","target":{"@type":"EntryPoint","urlTemplate":"https:\/\/crocjeux.com\/?s={search_term_string}"},"query-input":{"@type":"PropertyValueSpecification","valueRequired":true,"valueName":"search_term_string"}}],"inLanguage":"fr-FR"},{"@type":"Organization","@id":"https:\/\/crocjeux.com\/#organization","name":"Croc Jeux","url":"https:\/\/crocjeux.com\/","logo":{"@type":"ImageObject","inLanguage":"fr-FR","@id":"https:\/\/crocjeux.com\/#\/schema\/logo\/image\/","url":"https:\/\/crocjeux.com\/wp-content\/uploads\/2022\/01\/cropped-logo-croc-etape-1-e1644574034239.jpg","contentUrl":"https:\/\/crocjeux.com\/wp-content\/uploads\/2022\/01\/cropped-logo-croc-etape-1-e1644574034239.jpg","width":1224,"height":314,"caption":"Croc Jeux"},"image":{"@id":"https:\/\/crocjeux.com\/#\/schema\/logo\/image\/"}}]}},"_links":{"self":[{"href":"https:\/\/crocjeux.com\/index.php\/wp-json\/wp\/v2\/product\/6093","targetHints":{"allow":["GET"]}}],"collection":[{"href":"https:\/\/crocjeux.com\/index.php\/wp-json\/wp\/v2\/product"}],"about":[{"href":"https:\/\/crocjeux.com\/index.php\/wp-json\/wp\/v2\/types\/product"}],"replies":[{"embeddable":true,"href":"https:\/\/crocjeux.com\/index.php\/wp-json\/wp\/v2\/comments?post=6093"}],"wp:featuredmedia":[{"embeddable":true,"href":"https:\/\/crocjeux.com\/index.php\/wp-json\/wp\/v2\/media\/6094"}],"wp:attachment":[{"href":"https:\/\/crocjeux.com\/index.php\/wp-json\/wp\/v2\/media?parent=6093"}],"wp:term":[{"taxonomy":"product_brand","embeddable":true,"href":"https:\/\/crocjeux.com\/index.php\/wp-json\/wp\/v2\/product_brand?post=6093"},{"taxonomy":"product_cat","embeddable":true,"href":"https:\/\/crocjeux.com\/index.php\/wp-json\/wp\/v2\/product_cat?post=6093"},{"taxonomy":"product_tag","embeddable":true,"href":"https:\/\/crocjeux.com\/index.php\/wp-json\/wp\/v2\/product_tag?post=6093"}],"curies":[{"name":"wp","href":"https:\/\/api.w.org\/{rel}","templated":true}]}}