{"id":6363,"date":"2024-09-04T14:20:23","date_gmt":"2024-09-04T13:20:23","guid":{"rendered":"https:\/\/crocjeux.com\/?post_type=product&#038;p=6363"},"modified":"2025-04-30T10:06:22","modified_gmt":"2025-04-30T09:06:22","slug":"exit-kids-la-chasse-aux-cookies","status":"publish","type":"product","link":"https:\/\/crocjeux.com\/index.php\/produit\/exit-kids-la-chasse-aux-cookies\/","title":{"rendered":"EXIT KIDS: La Chasse aux Cookies"},"content":{"rendered":"<section id=\"tab-description\" class=\"page-product-box r-tabs-panel r-tabs-state-active\">\n<div class=\"rte\">\n<div>\n<h2>Exit Kids : Mais o\u00f9 sont pass\u00e9s les cookies ?<\/h2>\n<\/div>\n<p>Alerte, alerte ! Des monstres voleurs de cookies ont envahi la ville et ils ont faim ! Ils sont d\u00e9j\u00e0 vol\u00e9 dix bo\u00eetes \u00e0 cookies ! Vous partez pour le pays des monstres afin de retrouver les cookies vol\u00e9s. Surpris, les monstres admirent votre bravoure et proposent de vous rendre les cookies &#8230; \u00e0 une condition : vous devez r\u00e9soudre les \u00e9nigmes qu&rsquo;ils vous poseront ! Qu&rsquo;attendez vous ?<\/p>\n<div>\n<h3>EXIT est un jeu qui reprend les sensations des escape games.<\/h3>\n<\/div>\n<div>Muni d&rsquo;indices, de mat\u00e9riel et d&rsquo;un d\u00e9codeur, vous aurez pour mission de sortir du jeu le plus rapidement possible. Plus qu&rsquo;un jeu, EXIT est une exp\u00e9rience unique et immersive dans laquelle vous devrez faire preuve de coop\u00e9ration, d&rsquo;observation et de logique.<\/div>\n<div><\/div>\n<div>\u2022 L&rsquo;ADN de la gamme EXIT en version enfant<\/div>\n<div>\u2022 Un jeu sans destruction de mat\u00e9riel, rejouable plusieurs fois<\/div>\n<div>\u2022 6 types d&rsquo;\u00e9nigmes qui demandent de la d\u00e9duction, de l&rsquo;observation et de la manipulation<\/div>\n<\/div>\n<\/section>\n","protected":false},"excerpt":{"rendered":"<p>Exit Kids : La Chasse aux Cookies, une exp\u00e9rience unique et immersive dans laquelle vous devrez faire preuve de coop\u00e9ration, d&rsquo;observation et de logique. Les monstres ont vol\u00e9 des bo\u00eetes \u00e0 cookies et vous devez les retrouver ! Pour cela, r\u00e9solvez les \u00e9nigmes des monstres ! Tout est mis en \u0153uvre pour une belle partie accessible m\u00eame aux petits !<\/p>\n","protected":false},"featured_media":6364,"comment_status":"open","ping_status":"closed","template":"","meta":{"colormag_page_container_layout":"default_layout","colormag_page_sidebar_layout":"default_layout"},"product_brand":[],"product_cat":[108,30,33,36,29,37],"product_tag":[],"class_list":{"0":"post-6363","1":"product","2":"type-product","3":"status-publish","4":"has-post-thumbnail","6":"product_cat-exit-escape-room","7":"product_cat-jeux-collaboratifs","8":"product_cat-jeux-enfants","9":"product_cat-jeux-familiaux","10":"product_cat-jeux-2-joueurs","11":"product_cat-ne-ratez-pas","13":"first","14":"instock","15":"taxable","16":"shipping-taxable","17":"purchasable","18":"product-type-simple"},"yoast_head":"<!-- This site is optimized with the Yoast SEO plugin v27.4 - https:\/\/yoast.com\/product\/yoast-seo-wordpress\/ -->\n<title>EXIT KIDS: La Chasse aux Cookies - Croc Jeux<\/title>\n<meta name=\"description\" content=\"Exit Kids : La Chasse aux Cookies, une exp\u00e9rience unique et immersive dans laquelle vous devrez faire preuve de coop\u00e9ration, d&#039;observation et de logique. Tout est mis en \u0153uvre pour une belle partie accessible m\u00eame aux petits !\" \/>\n<meta name=\"robots\" content=\"index, follow, max-snippet:-1, max-image-preview:large, max-video-preview:-1\" \/>\n<link rel=\"canonical\" href=\"https:\/\/crocjeux.com\/index.php\/produit\/exit-kids-la-chasse-aux-cookies\/\" \/>\n<meta property=\"og:locale\" content=\"fr_FR\" \/>\n<meta property=\"og:type\" content=\"article\" \/>\n<meta property=\"og:title\" content=\"EXIT KIDS: La Chasse aux Cookies - Croc Jeux\" \/>\n<meta property=\"og:description\" content=\"Exit Kids : La Chasse aux Cookies, une exp\u00e9rience unique et immersive dans laquelle vous devrez faire preuve de coop\u00e9ration, d&#039;observation et de logique. Tout est mis en \u0153uvre pour une belle partie accessible m\u00eame aux petits !\" \/>\n<meta property=\"og:url\" content=\"https:\/\/crocjeux.com\/index.php\/produit\/exit-kids-la-chasse-aux-cookies\/\" \/>\n<meta property=\"og:site_name\" content=\"Croc Jeux\" \/>\n<meta property=\"article:modified_time\" content=\"2025-04-30T09:06:22+00:00\" \/>\n<meta property=\"og:image\" content=\"https:\/\/crocjeux.com\/wp-content\/uploads\/2024\/09\/stupide-vautour3.png\" \/>\n\t<meta property=\"og:image:width\" content=\"1080\" \/>\n\t<meta property=\"og:image:height\" content=\"1080\" \/>\n\t<meta property=\"og:image:type\" content=\"image\/png\" \/>\n<meta name=\"twitter:card\" content=\"summary_large_image\" \/>\n<meta name=\"twitter:label1\" content=\"Dur\u00e9e de lecture estim\u00e9e\" \/>\n\t<meta name=\"twitter:data1\" content=\"1 minute\" \/>\n<script type=\"application\/ld+json\" class=\"yoast-schema-graph\">{\"@context\":\"https:\\\/\\\/schema.org\",\"@graph\":[{\"@type\":\"WebPage\",\"@id\":\"https:\\\/\\\/crocjeux.com\\\/index.php\\\/produit\\\/exit-kids-la-chasse-aux-cookies\\\/\",\"url\":\"https:\\\/\\\/crocjeux.com\\\/index.php\\\/produit\\\/exit-kids-la-chasse-aux-cookies\\\/\",\"name\":\"EXIT KIDS: La Chasse aux Cookies - Croc Jeux\",\"isPartOf\":{\"@id\":\"https:\\\/\\\/crocjeux.com\\\/#website\"},\"primaryImageOfPage\":{\"@id\":\"https:\\\/\\\/crocjeux.com\\\/index.php\\\/produit\\\/exit-kids-la-chasse-aux-cookies\\\/#primaryimage\"},\"image\":{\"@id\":\"https:\\\/\\\/crocjeux.com\\\/index.php\\\/produit\\\/exit-kids-la-chasse-aux-cookies\\\/#primaryimage\"},\"thumbnailUrl\":\"https:\\\/\\\/crocjeux.com\\\/wp-content\\\/uploads\\\/2024\\\/09\\\/stupide-vautour3.png\",\"datePublished\":\"2024-09-04T13:20:23+00:00\",\"dateModified\":\"2025-04-30T09:06:22+00:00\",\"description\":\"Exit Kids : La Chasse aux Cookies, une exp\u00e9rience unique et immersive dans laquelle vous devrez faire preuve de coop\u00e9ration, d'observation et de logique. Tout est mis en \u0153uvre pour une belle partie accessible m\u00eame aux petits !\",\"breadcrumb\":{\"@id\":\"https:\\\/\\\/crocjeux.com\\\/index.php\\\/produit\\\/exit-kids-la-chasse-aux-cookies\\\/#breadcrumb\"},\"inLanguage\":\"fr-FR\",\"potentialAction\":[{\"@type\":\"ReadAction\",\"target\":[\"https:\\\/\\\/crocjeux.com\\\/index.php\\\/produit\\\/exit-kids-la-chasse-aux-cookies\\\/\"]}]},{\"@type\":\"ImageObject\",\"inLanguage\":\"fr-FR\",\"@id\":\"https:\\\/\\\/crocjeux.com\\\/index.php\\\/produit\\\/exit-kids-la-chasse-aux-cookies\\\/#primaryimage\",\"url\":\"https:\\\/\\\/crocjeux.com\\\/wp-content\\\/uploads\\\/2024\\\/09\\\/stupide-vautour3.png\",\"contentUrl\":\"https:\\\/\\\/crocjeux.com\\\/wp-content\\\/uploads\\\/2024\\\/09\\\/stupide-vautour3.png\",\"width\":1080,\"height\":1080},{\"@type\":\"BreadcrumbList\",\"@id\":\"https:\\\/\\\/crocjeux.com\\\/index.php\\\/produit\\\/exit-kids-la-chasse-aux-cookies\\\/#breadcrumb\",\"itemListElement\":[{\"@type\":\"ListItem\",\"position\":1,\"name\":\"Accueil\",\"item\":\"https:\\\/\\\/crocjeux.com\\\/\"},{\"@type\":\"ListItem\",\"position\":2,\"name\":\"Boutique\",\"item\":\"https:\\\/\\\/crocjeux.com\\\/\"},{\"@type\":\"ListItem\",\"position\":3,\"name\":\"EXIT KIDS: La Chasse aux Cookies\"}]},{\"@type\":\"WebSite\",\"@id\":\"https:\\\/\\\/crocjeux.com\\\/#website\",\"url\":\"https:\\\/\\\/crocjeux.com\\\/\",\"name\":\"Croc Jeux\",\"description\":\"Bienvenue chez Croc Jeux!\",\"publisher\":{\"@id\":\"https:\\\/\\\/crocjeux.com\\\/#organization\"},\"potentialAction\":[{\"@type\":\"SearchAction\",\"target\":{\"@type\":\"EntryPoint\",\"urlTemplate\":\"https:\\\/\\\/crocjeux.com\\\/?s={search_term_string}\"},\"query-input\":{\"@type\":\"PropertyValueSpecification\",\"valueRequired\":true,\"valueName\":\"search_term_string\"}}],\"inLanguage\":\"fr-FR\"},{\"@type\":\"Organization\",\"@id\":\"https:\\\/\\\/crocjeux.com\\\/#organization\",\"name\":\"Croc Jeux\",\"url\":\"https:\\\/\\\/crocjeux.com\\\/\",\"logo\":{\"@type\":\"ImageObject\",\"inLanguage\":\"fr-FR\",\"@id\":\"https:\\\/\\\/crocjeux.com\\\/#\\\/schema\\\/logo\\\/image\\\/\",\"url\":\"https:\\\/\\\/crocjeux.com\\\/wp-content\\\/uploads\\\/2022\\\/01\\\/cropped-logo-croc-etape-1-e1644574034239.jpg\",\"contentUrl\":\"https:\\\/\\\/crocjeux.com\\\/wp-content\\\/uploads\\\/2022\\\/01\\\/cropped-logo-croc-etape-1-e1644574034239.jpg\",\"width\":1224,\"height\":314,\"caption\":\"Croc Jeux\"},\"image\":{\"@id\":\"https:\\\/\\\/crocjeux.com\\\/#\\\/schema\\\/logo\\\/image\\\/\"}}]}<\/script>\n<!-- \/ Yoast SEO plugin. -->","yoast_head_json":{"title":"EXIT KIDS: La Chasse aux Cookies - Croc Jeux","description":"Exit Kids : La Chasse aux Cookies, une exp\u00e9rience unique et immersive dans laquelle vous devrez faire preuve de coop\u00e9ration, d'observation et de logique. Tout est mis en \u0153uvre pour une belle partie accessible m\u00eame aux petits !","robots":{"index":"index","follow":"follow","max-snippet":"max-snippet:-1","max-image-preview":"max-image-preview:large","max-video-preview":"max-video-preview:-1"},"canonical":"https:\/\/crocjeux.com\/index.php\/produit\/exit-kids-la-chasse-aux-cookies\/","og_locale":"fr_FR","og_type":"article","og_title":"EXIT KIDS: La Chasse aux Cookies - Croc Jeux","og_description":"Exit Kids : La Chasse aux Cookies, une exp\u00e9rience unique et immersive dans laquelle vous devrez faire preuve de coop\u00e9ration, d'observation et de logique. Tout est mis en \u0153uvre pour une belle partie accessible m\u00eame aux petits !","og_url":"https:\/\/crocjeux.com\/index.php\/produit\/exit-kids-la-chasse-aux-cookies\/","og_site_name":"Croc Jeux","article_modified_time":"2025-04-30T09:06:22+00:00","og_image":[{"width":1080,"height":1080,"url":"https:\/\/crocjeux.com\/wp-content\/uploads\/2024\/09\/stupide-vautour3.png","type":"image\/png"}],"twitter_card":"summary_large_image","twitter_misc":{"Dur\u00e9e de lecture estim\u00e9e":"1 minute"},"schema":{"@context":"https:\/\/schema.org","@graph":[{"@type":"WebPage","@id":"https:\/\/crocjeux.com\/index.php\/produit\/exit-kids-la-chasse-aux-cookies\/","url":"https:\/\/crocjeux.com\/index.php\/produit\/exit-kids-la-chasse-aux-cookies\/","name":"EXIT KIDS: La Chasse aux Cookies - Croc Jeux","isPartOf":{"@id":"https:\/\/crocjeux.com\/#website"},"primaryImageOfPage":{"@id":"https:\/\/crocjeux.com\/index.php\/produit\/exit-kids-la-chasse-aux-cookies\/#primaryimage"},"image":{"@id":"https:\/\/crocjeux.com\/index.php\/produit\/exit-kids-la-chasse-aux-cookies\/#primaryimage"},"thumbnailUrl":"https:\/\/crocjeux.com\/wp-content\/uploads\/2024\/09\/stupide-vautour3.png","datePublished":"2024-09-04T13:20:23+00:00","dateModified":"2025-04-30T09:06:22+00:00","description":"Exit Kids : La Chasse aux Cookies, une exp\u00e9rience unique et immersive dans laquelle vous devrez faire preuve de coop\u00e9ration, d'observation et de logique. Tout est mis en \u0153uvre pour une belle partie accessible m\u00eame aux petits !","breadcrumb":{"@id":"https:\/\/crocjeux.com\/index.php\/produit\/exit-kids-la-chasse-aux-cookies\/#breadcrumb"},"inLanguage":"fr-FR","potentialAction":[{"@type":"ReadAction","target":["https:\/\/crocjeux.com\/index.php\/produit\/exit-kids-la-chasse-aux-cookies\/"]}]},{"@type":"ImageObject","inLanguage":"fr-FR","@id":"https:\/\/crocjeux.com\/index.php\/produit\/exit-kids-la-chasse-aux-cookies\/#primaryimage","url":"https:\/\/crocjeux.com\/wp-content\/uploads\/2024\/09\/stupide-vautour3.png","contentUrl":"https:\/\/crocjeux.com\/wp-content\/uploads\/2024\/09\/stupide-vautour3.png","width":1080,"height":1080},{"@type":"BreadcrumbList","@id":"https:\/\/crocjeux.com\/index.php\/produit\/exit-kids-la-chasse-aux-cookies\/#breadcrumb","itemListElement":[{"@type":"ListItem","position":1,"name":"Accueil","item":"https:\/\/crocjeux.com\/"},{"@type":"ListItem","position":2,"name":"Boutique","item":"https:\/\/crocjeux.com\/"},{"@type":"ListItem","position":3,"name":"EXIT KIDS: La Chasse aux Cookies"}]},{"@type":"WebSite","@id":"https:\/\/crocjeux.com\/#website","url":"https:\/\/crocjeux.com\/","name":"Croc Jeux","description":"Bienvenue chez Croc Jeux!","publisher":{"@id":"https:\/\/crocjeux.com\/#organization"},"potentialAction":[{"@type":"SearchAction","target":{"@type":"EntryPoint","urlTemplate":"https:\/\/crocjeux.com\/?s={search_term_string}"},"query-input":{"@type":"PropertyValueSpecification","valueRequired":true,"valueName":"search_term_string"}}],"inLanguage":"fr-FR"},{"@type":"Organization","@id":"https:\/\/crocjeux.com\/#organization","name":"Croc Jeux","url":"https:\/\/crocjeux.com\/","logo":{"@type":"ImageObject","inLanguage":"fr-FR","@id":"https:\/\/crocjeux.com\/#\/schema\/logo\/image\/","url":"https:\/\/crocjeux.com\/wp-content\/uploads\/2022\/01\/cropped-logo-croc-etape-1-e1644574034239.jpg","contentUrl":"https:\/\/crocjeux.com\/wp-content\/uploads\/2022\/01\/cropped-logo-croc-etape-1-e1644574034239.jpg","width":1224,"height":314,"caption":"Croc Jeux"},"image":{"@id":"https:\/\/crocjeux.com\/#\/schema\/logo\/image\/"}}]}},"_links":{"self":[{"href":"https:\/\/crocjeux.com\/index.php\/wp-json\/wp\/v2\/product\/6363","targetHints":{"allow":["GET"]}}],"collection":[{"href":"https:\/\/crocjeux.com\/index.php\/wp-json\/wp\/v2\/product"}],"about":[{"href":"https:\/\/crocjeux.com\/index.php\/wp-json\/wp\/v2\/types\/product"}],"replies":[{"embeddable":true,"href":"https:\/\/crocjeux.com\/index.php\/wp-json\/wp\/v2\/comments?post=6363"}],"wp:featuredmedia":[{"embeddable":true,"href":"https:\/\/crocjeux.com\/index.php\/wp-json\/wp\/v2\/media\/6364"}],"wp:attachment":[{"href":"https:\/\/crocjeux.com\/index.php\/wp-json\/wp\/v2\/media?parent=6363"}],"wp:term":[{"taxonomy":"product_brand","embeddable":true,"href":"https:\/\/crocjeux.com\/index.php\/wp-json\/wp\/v2\/product_brand?post=6363"},{"taxonomy":"product_cat","embeddable":true,"href":"https:\/\/crocjeux.com\/index.php\/wp-json\/wp\/v2\/product_cat?post=6363"},{"taxonomy":"product_tag","embeddable":true,"href":"https:\/\/crocjeux.com\/index.php\/wp-json\/wp\/v2\/product_tag?post=6363"}],"curies":[{"name":"wp","href":"https:\/\/api.w.org\/{rel}","templated":true}]}}