{"id":6632,"date":"2024-11-08T15:10:37","date_gmt":"2024-11-08T14:10:37","guid":{"rendered":"https:\/\/crocjeux.com\/?post_type=product&#038;p=6632"},"modified":"2024-11-08T15:10:38","modified_gmt":"2024-11-08T14:10:38","slug":"hive-classique","status":"publish","type":"product","link":"https:\/\/crocjeux.com\/index.php\/produit\/hive-classique\/","title":{"rendered":"Hive Classique"},"content":{"rendered":"<div class=\"hide_info_annexe row small-collapse medium-uncollapse\">\n<div class=\"column small-12\">\n<div class=\"style-client-bloc-maindesc\">\n<p>Un jeu de r\u00e9flexion pour 2 joueurs intense et passionnant.<\/p>\n<\/div>\n<p>A la mani\u00e8re des \u00e9checs, le jeu <strong>Hive <\/strong>vous propose de prendre le contr\u00f4le d&rsquo;un ensemble de pi\u00e8ces que vous allez disposer petit \u00e0 petit sur la surface de jeu.<\/p>\n<p><strong>L&rsquo;affrontement que vous propose Hive est vraiment original et captivant<\/strong>. Comme dans les jeux de strat\u00e9gie et de r\u00e9flexion classique, les multiples possibilit\u00e9s tactiques vous demanderont beaucoup de concentration.<\/p>\n<p>Avec son mat\u00e9riel agr\u00e9able (pi\u00e8ces en bak\u00e9lite) et sa richesse de jeu, <strong>Hive ravira les amateurs de stimulation c\u00e9r\u00e9brale.<\/strong><\/p>\n<p>Placez judicieusement vos insectes rampants et volants et prenez le contr\u00f4le de la ruche !<\/p>\n<p>Chaque joueur poss\u00e8de plusieurs pi\u00e8ces de scarab\u00e9es, de criquets, d\u2019araign\u00e9es, de fourmis soldats, de coccinelles et de moustiques ainsi qu\u2019une pi\u00e8ce unique repr\u00e9sentant une reine abeille. La partie se termine lorsque la reine d\u2019un des joueurs est encercl\u00e9e par six insectes. Le joueur dont l\u2019abeille est cern\u00e9e perd la partie.<\/p>\n<p>Chaque type d\u2019insecte se d\u00e9place d\u2019une mani\u00e8re sp\u00e9cifique : Le scarab\u00e9e peut s\u2019empiler sur un autre insecte, la sauterelle peut sauter au-dessus de plusieurs pi\u00e8ces, l&rsquo;araign\u00e9e se d\u00e9place toujours de 3 cases, la fourmi soldat peut se d\u00e9placer vers n\u2019importe quelle case libre autour de la ruche, la reine abeille ne se d\u00e9place que d\u2019une case.<\/p>\n<h4>Contenu<\/h4>\n<p>22 jetons en bak\u00e9lite (L:3,7cm x H:1,2cm) peintes et grav\u00e9es donc lavable, dont :<\/p>\n<p>-2 Pi\u00e8ces Reine Abeille,<\/p>\n<p>-4 Pi\u00e8ces Araign\u00e9e,<\/p>\n<p>-4 Pi\u00e8ces Scarab\u00e9e,<\/p>\n<p>-6 Pi\u00e8ces Sauterelle,<\/p>\n<p>-6 Pi\u00e8ces Soldat Fourmi,<\/p>\n<p>&nbsp;<\/p>\n<p>-1 sac de transport,<\/p>\n<p>-1 Livret de r\u00e8gles.<\/p>\n<\/div>\n<\/div>\n","protected":false},"excerpt":{"rendered":"<p>Un jeu de r\u00e9flexion pour 2 joueurs intense et passionnant. A la mani\u00e8re des \u00e9checs, le jeu Hive vous propose<\/p>\n","protected":false},"featured_media":6633,"comment_status":"open","ping_status":"closed","template":"","meta":{"colormag_page_container_layout":"default_layout","colormag_page_sidebar_layout":"default_layout"},"product_brand":[],"product_cat":[33,36,29],"product_tag":[],"class_list":{"0":"post-6632","1":"product","2":"type-product","3":"status-publish","4":"has-post-thumbnail","6":"product_cat-jeux-enfants","7":"product_cat-jeux-familiaux","8":"product_cat-jeux-2-joueurs","10":"first","11":"instock","12":"taxable","13":"shipping-taxable","14":"purchasable","15":"product-type-simple"},"yoast_head":"<!-- This site is optimized with the Yoast SEO plugin v27.3 - https:\/\/yoast.com\/product\/yoast-seo-wordpress\/ -->\n<title>Hive Classique - Croc Jeux<\/title>\n<meta name=\"description\" content=\"Placez judicieusement vos insectes rampants et volants et prenez le contr\u00f4le de la ruche !\" \/>\n<meta name=\"robots\" content=\"index, follow, max-snippet:-1, max-image-preview:large, max-video-preview:-1\" \/>\n<link rel=\"canonical\" href=\"https:\/\/crocjeux.com\/index.php\/produit\/hive-classique\/\" \/>\n<meta property=\"og:locale\" content=\"fr_FR\" \/>\n<meta property=\"og:type\" content=\"article\" \/>\n<meta property=\"og:title\" content=\"Hive Classique - Croc Jeux\" \/>\n<meta property=\"og:description\" content=\"Placez judicieusement vos insectes rampants et volants et prenez le contr\u00f4le de la ruche !\" \/>\n<meta property=\"og:url\" content=\"https:\/\/crocjeux.com\/index.php\/produit\/hive-classique\/\" \/>\n<meta property=\"og:site_name\" content=\"Croc Jeux\" \/>\n<meta property=\"article:modified_time\" content=\"2024-11-08T14:10:38+00:00\" \/>\n<meta property=\"og:image\" content=\"https:\/\/crocjeux.com\/wp-content\/uploads\/2024\/11\/hive.png\" \/>\n\t<meta property=\"og:image:width\" content=\"1080\" \/>\n\t<meta property=\"og:image:height\" content=\"1080\" \/>\n\t<meta property=\"og:image:type\" content=\"image\/png\" \/>\n<meta name=\"twitter:card\" content=\"summary_large_image\" \/>\n<meta name=\"twitter:label1\" content=\"Dur\u00e9e de lecture estim\u00e9e\" \/>\n\t<meta name=\"twitter:data1\" content=\"2 minutes\" \/>\n<script type=\"application\/ld+json\" class=\"yoast-schema-graph\">{\"@context\":\"https:\\\/\\\/schema.org\",\"@graph\":[{\"@type\":\"WebPage\",\"@id\":\"https:\\\/\\\/crocjeux.com\\\/index.php\\\/produit\\\/hive-classique\\\/\",\"url\":\"https:\\\/\\\/crocjeux.com\\\/index.php\\\/produit\\\/hive-classique\\\/\",\"name\":\"Hive Classique - Croc Jeux\",\"isPartOf\":{\"@id\":\"https:\\\/\\\/crocjeux.com\\\/#website\"},\"primaryImageOfPage\":{\"@id\":\"https:\\\/\\\/crocjeux.com\\\/index.php\\\/produit\\\/hive-classique\\\/#primaryimage\"},\"image\":{\"@id\":\"https:\\\/\\\/crocjeux.com\\\/index.php\\\/produit\\\/hive-classique\\\/#primaryimage\"},\"thumbnailUrl\":\"https:\\\/\\\/crocjeux.com\\\/wp-content\\\/uploads\\\/2024\\\/11\\\/hive.png\",\"datePublished\":\"2024-11-08T14:10:37+00:00\",\"dateModified\":\"2024-11-08T14:10:38+00:00\",\"description\":\"Placez judicieusement vos insectes rampants et volants et prenez le contr\u00f4le de la ruche !\",\"breadcrumb\":{\"@id\":\"https:\\\/\\\/crocjeux.com\\\/index.php\\\/produit\\\/hive-classique\\\/#breadcrumb\"},\"inLanguage\":\"fr-FR\",\"potentialAction\":[{\"@type\":\"ReadAction\",\"target\":[\"https:\\\/\\\/crocjeux.com\\\/index.php\\\/produit\\\/hive-classique\\\/\"]}]},{\"@type\":\"ImageObject\",\"inLanguage\":\"fr-FR\",\"@id\":\"https:\\\/\\\/crocjeux.com\\\/index.php\\\/produit\\\/hive-classique\\\/#primaryimage\",\"url\":\"https:\\\/\\\/crocjeux.com\\\/wp-content\\\/uploads\\\/2024\\\/11\\\/hive.png\",\"contentUrl\":\"https:\\\/\\\/crocjeux.com\\\/wp-content\\\/uploads\\\/2024\\\/11\\\/hive.png\",\"width\":1080,\"height\":1080},{\"@type\":\"BreadcrumbList\",\"@id\":\"https:\\\/\\\/crocjeux.com\\\/index.php\\\/produit\\\/hive-classique\\\/#breadcrumb\",\"itemListElement\":[{\"@type\":\"ListItem\",\"position\":1,\"name\":\"Accueil\",\"item\":\"https:\\\/\\\/crocjeux.com\\\/\"},{\"@type\":\"ListItem\",\"position\":2,\"name\":\"Boutique\",\"item\":\"https:\\\/\\\/crocjeux.com\\\/\"},{\"@type\":\"ListItem\",\"position\":3,\"name\":\"Hive Classique\"}]},{\"@type\":\"WebSite\",\"@id\":\"https:\\\/\\\/crocjeux.com\\\/#website\",\"url\":\"https:\\\/\\\/crocjeux.com\\\/\",\"name\":\"Croc Jeux\",\"description\":\"Bienvenue chez Croc Jeux!\",\"publisher\":{\"@id\":\"https:\\\/\\\/crocjeux.com\\\/#organization\"},\"potentialAction\":[{\"@type\":\"SearchAction\",\"target\":{\"@type\":\"EntryPoint\",\"urlTemplate\":\"https:\\\/\\\/crocjeux.com\\\/?s={search_term_string}\"},\"query-input\":{\"@type\":\"PropertyValueSpecification\",\"valueRequired\":true,\"valueName\":\"search_term_string\"}}],\"inLanguage\":\"fr-FR\"},{\"@type\":\"Organization\",\"@id\":\"https:\\\/\\\/crocjeux.com\\\/#organization\",\"name\":\"Croc Jeux\",\"url\":\"https:\\\/\\\/crocjeux.com\\\/\",\"logo\":{\"@type\":\"ImageObject\",\"inLanguage\":\"fr-FR\",\"@id\":\"https:\\\/\\\/crocjeux.com\\\/#\\\/schema\\\/logo\\\/image\\\/\",\"url\":\"https:\\\/\\\/crocjeux.com\\\/wp-content\\\/uploads\\\/2022\\\/01\\\/cropped-logo-croc-etape-1-e1644574034239.jpg\",\"contentUrl\":\"https:\\\/\\\/crocjeux.com\\\/wp-content\\\/uploads\\\/2022\\\/01\\\/cropped-logo-croc-etape-1-e1644574034239.jpg\",\"width\":1224,\"height\":314,\"caption\":\"Croc Jeux\"},\"image\":{\"@id\":\"https:\\\/\\\/crocjeux.com\\\/#\\\/schema\\\/logo\\\/image\\\/\"}}]}<\/script>\n<!-- \/ Yoast SEO plugin. -->","yoast_head_json":{"title":"Hive Classique - Croc Jeux","description":"Placez judicieusement vos insectes rampants et volants et prenez le contr\u00f4le de la ruche !","robots":{"index":"index","follow":"follow","max-snippet":"max-snippet:-1","max-image-preview":"max-image-preview:large","max-video-preview":"max-video-preview:-1"},"canonical":"https:\/\/crocjeux.com\/index.php\/produit\/hive-classique\/","og_locale":"fr_FR","og_type":"article","og_title":"Hive Classique - Croc Jeux","og_description":"Placez judicieusement vos insectes rampants et volants et prenez le contr\u00f4le de la ruche !","og_url":"https:\/\/crocjeux.com\/index.php\/produit\/hive-classique\/","og_site_name":"Croc Jeux","article_modified_time":"2024-11-08T14:10:38+00:00","og_image":[{"width":1080,"height":1080,"url":"https:\/\/crocjeux.com\/wp-content\/uploads\/2024\/11\/hive.png","type":"image\/png"}],"twitter_card":"summary_large_image","twitter_misc":{"Dur\u00e9e de lecture estim\u00e9e":"2 minutes"},"schema":{"@context":"https:\/\/schema.org","@graph":[{"@type":"WebPage","@id":"https:\/\/crocjeux.com\/index.php\/produit\/hive-classique\/","url":"https:\/\/crocjeux.com\/index.php\/produit\/hive-classique\/","name":"Hive Classique - Croc Jeux","isPartOf":{"@id":"https:\/\/crocjeux.com\/#website"},"primaryImageOfPage":{"@id":"https:\/\/crocjeux.com\/index.php\/produit\/hive-classique\/#primaryimage"},"image":{"@id":"https:\/\/crocjeux.com\/index.php\/produit\/hive-classique\/#primaryimage"},"thumbnailUrl":"https:\/\/crocjeux.com\/wp-content\/uploads\/2024\/11\/hive.png","datePublished":"2024-11-08T14:10:37+00:00","dateModified":"2024-11-08T14:10:38+00:00","description":"Placez judicieusement vos insectes rampants et volants et prenez le contr\u00f4le de la ruche !","breadcrumb":{"@id":"https:\/\/crocjeux.com\/index.php\/produit\/hive-classique\/#breadcrumb"},"inLanguage":"fr-FR","potentialAction":[{"@type":"ReadAction","target":["https:\/\/crocjeux.com\/index.php\/produit\/hive-classique\/"]}]},{"@type":"ImageObject","inLanguage":"fr-FR","@id":"https:\/\/crocjeux.com\/index.php\/produit\/hive-classique\/#primaryimage","url":"https:\/\/crocjeux.com\/wp-content\/uploads\/2024\/11\/hive.png","contentUrl":"https:\/\/crocjeux.com\/wp-content\/uploads\/2024\/11\/hive.png","width":1080,"height":1080},{"@type":"BreadcrumbList","@id":"https:\/\/crocjeux.com\/index.php\/produit\/hive-classique\/#breadcrumb","itemListElement":[{"@type":"ListItem","position":1,"name":"Accueil","item":"https:\/\/crocjeux.com\/"},{"@type":"ListItem","position":2,"name":"Boutique","item":"https:\/\/crocjeux.com\/"},{"@type":"ListItem","position":3,"name":"Hive Classique"}]},{"@type":"WebSite","@id":"https:\/\/crocjeux.com\/#website","url":"https:\/\/crocjeux.com\/","name":"Croc Jeux","description":"Bienvenue chez Croc Jeux!","publisher":{"@id":"https:\/\/crocjeux.com\/#organization"},"potentialAction":[{"@type":"SearchAction","target":{"@type":"EntryPoint","urlTemplate":"https:\/\/crocjeux.com\/?s={search_term_string}"},"query-input":{"@type":"PropertyValueSpecification","valueRequired":true,"valueName":"search_term_string"}}],"inLanguage":"fr-FR"},{"@type":"Organization","@id":"https:\/\/crocjeux.com\/#organization","name":"Croc Jeux","url":"https:\/\/crocjeux.com\/","logo":{"@type":"ImageObject","inLanguage":"fr-FR","@id":"https:\/\/crocjeux.com\/#\/schema\/logo\/image\/","url":"https:\/\/crocjeux.com\/wp-content\/uploads\/2022\/01\/cropped-logo-croc-etape-1-e1644574034239.jpg","contentUrl":"https:\/\/crocjeux.com\/wp-content\/uploads\/2022\/01\/cropped-logo-croc-etape-1-e1644574034239.jpg","width":1224,"height":314,"caption":"Croc Jeux"},"image":{"@id":"https:\/\/crocjeux.com\/#\/schema\/logo\/image\/"}}]}},"_links":{"self":[{"href":"https:\/\/crocjeux.com\/index.php\/wp-json\/wp\/v2\/product\/6632","targetHints":{"allow":["GET"]}}],"collection":[{"href":"https:\/\/crocjeux.com\/index.php\/wp-json\/wp\/v2\/product"}],"about":[{"href":"https:\/\/crocjeux.com\/index.php\/wp-json\/wp\/v2\/types\/product"}],"replies":[{"embeddable":true,"href":"https:\/\/crocjeux.com\/index.php\/wp-json\/wp\/v2\/comments?post=6632"}],"wp:featuredmedia":[{"embeddable":true,"href":"https:\/\/crocjeux.com\/index.php\/wp-json\/wp\/v2\/media\/6633"}],"wp:attachment":[{"href":"https:\/\/crocjeux.com\/index.php\/wp-json\/wp\/v2\/media?parent=6632"}],"wp:term":[{"taxonomy":"product_brand","embeddable":true,"href":"https:\/\/crocjeux.com\/index.php\/wp-json\/wp\/v2\/product_brand?post=6632"},{"taxonomy":"product_cat","embeddable":true,"href":"https:\/\/crocjeux.com\/index.php\/wp-json\/wp\/v2\/product_cat?post=6632"},{"taxonomy":"product_tag","embeddable":true,"href":"https:\/\/crocjeux.com\/index.php\/wp-json\/wp\/v2\/product_tag?post=6632"}],"curies":[{"name":"wp","href":"https:\/\/api.w.org\/{rel}","templated":true}]}}