{"id":6754,"date":"2024-12-07T10:47:07","date_gmt":"2024-12-07T09:47:07","guid":{"rendered":"https:\/\/crocjeux.com\/?post_type=product&#038;p=6754"},"modified":"2025-04-30T09:59:59","modified_gmt":"2025-04-30T08:59:59","slug":"cafe-de-fleur-lart-de-la-marqueterie","status":"publish","type":"product","link":"https:\/\/crocjeux.com\/index.php\/produit\/cafe-de-fleur-lart-de-la-marqueterie\/","title":{"rendered":"Caf\u00e9 de Fleur &#8211; L&rsquo;art de la Marqueterie"},"content":{"rendered":"<p class=\"cvGsUA direction-ltr align-center para-style-body\"><span class=\"OYPEnA font-feature-liga-off font-feature-clig-off font-feature-calt-off text-decoration-none text-strikethrough-none\"><em>Pendant d\u2019innombrables ann\u00e9es, le Caf\u00e9 de Fleur a offert des moments de d\u00e9tente insouciante et une merveilleuse opportunit\u00e9 de faire une pause et de se respirer au milieu de la ville.<\/em> <\/span><\/p>\n<p class=\"cvGsUA direction-ltr align-center para-style-body\"><span class=\"OYPEnA font-feature-liga-off font-feature-clig-off font-feature-calt-off text-decoration-none text-strikethrough-none\">Malheureusement, le Caf\u00e9 doit fermer pour une r\u00e9novation d\u2019urgence, et c\u2019est vous qui avez \u00e9t\u00e9 s\u00e9lectionn\u00e9 pour redessiner son<\/span> <span class=\"OYPEnA font-feature-liga-off font-feature-clig-off font-feature-calt-off text-decoration-none text-strikethrough-none\">pr\u00e9cieux parquet, en l\u2019embellissant avec des incrustations \u00e9l\u00e9gantes.<\/span><\/p>\n<p class=\"cvGsUA direction-ltr align-center para-style-body\"><span class=\"OYPEnA font-feature-liga-off font-feature-clig-off font-feature-calt-off text-decoration-none text-strikethrough-none\"> Lors d\u2019un concours vous devrez prouver que vous ma\u00eetrisez mieux votre m\u00e9tier que vos concurrents. Si vous parvenez \u00e0 construire les ornements les plus pr\u00e9cieux, vous pourrez acqu\u00e9rir de nouveaux outils et aurez peut-\u00eatre le droit de parer le Caf\u00e9 de Fleur de ses plus beaux atours.<\/span><\/p>\n<p>&nbsp;<\/p>\n<h3>Comment jouer ?<\/h3>\n<p>1- Achetez : Choisissez une pi\u00e8ce en bois et payez-la avec vos cartes Mat\u00e9riaux.<\/p>\n<p>2- Cadrez : Ins\u00e9rez votre pi\u00e8ce sur le parquet pour encadrer de magnifiques ornements.<\/p>\n<p>3- Gagnez : Jouez au bon moment pour gagner de nouveaux outils et de nombreux points.<\/p>\n<p>&nbsp;<\/p>\n<h4>Contenu<\/h4>\n<p class=\"cvGsUA direction-ltr align-center para-style-body\">-150 pi\u00e8ces en bois<\/p>\n<p>-4 Parquets<\/p>\n<p>-1 plateau Outils<\/p>\n<p>-48 tuiles Outil<\/p>\n<p>-81 cartes<\/p>\n<p>-4 jetons score<\/p>\n<p>-1 plateau de scores<\/p>\n<p>-1 livret de r\u00e8gles<\/p>\n","protected":false},"excerpt":{"rendered":"<p>Pendant d\u2019innombrables ann\u00e9es, le Caf\u00e9 de Fleur a offert des moments de d\u00e9tente insouciante et une merveilleuse opportunit\u00e9 de faire<\/p>\n","protected":false},"featured_media":6755,"comment_status":"open","ping_status":"closed","template":"","meta":{"colormag_page_container_layout":"default_layout","colormag_page_sidebar_layout":"default_layout"},"product_brand":[],"product_cat":[65,33,36,29],"product_tag":[],"class_list":{"0":"post-6754","1":"product","2":"type-product","3":"status-publish","4":"has-post-thumbnail","6":"product_cat-coups-de-coeur","7":"product_cat-jeux-enfants","8":"product_cat-jeux-familiaux","9":"product_cat-jeux-2-joueurs","11":"first","12":"instock","13":"taxable","14":"shipping-taxable","15":"purchasable","16":"product-type-simple"},"yoast_head":"<!-- This site is optimized with the Yoast SEO plugin v27.4 - https:\/\/yoast.com\/product\/yoast-seo-wordpress\/ -->\n<title>Caf\u00e9 de Fleur - L&#039;art de la Marqueterie - Croc Jeux<\/title>\n<meta name=\"description\" content=\"Vous avez \u00e9t\u00e9 s\u00e9lectionn\u00e9 pour redessiner le pr\u00e9cieux parquet du Caf\u00e9 de Fleur, en l\u2019embellissant avec des incrustations \u00e9l\u00e9gantes.\" \/>\n<meta name=\"robots\" content=\"index, follow, max-snippet:-1, max-image-preview:large, max-video-preview:-1\" \/>\n<link rel=\"canonical\" href=\"https:\/\/crocjeux.com\/index.php\/produit\/cafe-de-fleur-lart-de-la-marqueterie\/\" \/>\n<meta property=\"og:locale\" content=\"fr_FR\" \/>\n<meta property=\"og:type\" content=\"article\" \/>\n<meta property=\"og:title\" content=\"Caf\u00e9 de Fleur - L&#039;art de la Marqueterie - Croc Jeux\" \/>\n<meta property=\"og:description\" content=\"Vous avez \u00e9t\u00e9 s\u00e9lectionn\u00e9 pour redessiner le pr\u00e9cieux parquet du Caf\u00e9 de Fleur, en l\u2019embellissant avec des incrustations \u00e9l\u00e9gantes.\" \/>\n<meta property=\"og:url\" content=\"https:\/\/crocjeux.com\/index.php\/produit\/cafe-de-fleur-lart-de-la-marqueterie\/\" \/>\n<meta property=\"og:site_name\" content=\"Croc Jeux\" \/>\n<meta property=\"article:modified_time\" content=\"2025-04-30T08:59:59+00:00\" \/>\n<meta property=\"og:image\" content=\"https:\/\/crocjeux.com\/wp-content\/uploads\/2024\/12\/Cafe-de-Fleur1.png\" \/>\n\t<meta property=\"og:image:width\" content=\"1080\" \/>\n\t<meta property=\"og:image:height\" content=\"1080\" \/>\n\t<meta property=\"og:image:type\" content=\"image\/png\" \/>\n<meta name=\"twitter:card\" content=\"summary_large_image\" \/>\n<meta name=\"twitter:label1\" content=\"Dur\u00e9e de lecture estim\u00e9e\" \/>\n\t<meta name=\"twitter:data1\" content=\"2 minutes\" \/>\n<script type=\"application\/ld+json\" class=\"yoast-schema-graph\">{\"@context\":\"https:\\\/\\\/schema.org\",\"@graph\":[{\"@type\":\"WebPage\",\"@id\":\"https:\\\/\\\/crocjeux.com\\\/index.php\\\/produit\\\/cafe-de-fleur-lart-de-la-marqueterie\\\/\",\"url\":\"https:\\\/\\\/crocjeux.com\\\/index.php\\\/produit\\\/cafe-de-fleur-lart-de-la-marqueterie\\\/\",\"name\":\"Caf\u00e9 de Fleur - L'art de la Marqueterie - Croc Jeux\",\"isPartOf\":{\"@id\":\"https:\\\/\\\/crocjeux.com\\\/#website\"},\"primaryImageOfPage\":{\"@id\":\"https:\\\/\\\/crocjeux.com\\\/index.php\\\/produit\\\/cafe-de-fleur-lart-de-la-marqueterie\\\/#primaryimage\"},\"image\":{\"@id\":\"https:\\\/\\\/crocjeux.com\\\/index.php\\\/produit\\\/cafe-de-fleur-lart-de-la-marqueterie\\\/#primaryimage\"},\"thumbnailUrl\":\"https:\\\/\\\/crocjeux.com\\\/wp-content\\\/uploads\\\/2024\\\/12\\\/Cafe-de-Fleur1.png\",\"datePublished\":\"2024-12-07T09:47:07+00:00\",\"dateModified\":\"2025-04-30T08:59:59+00:00\",\"description\":\"Vous avez \u00e9t\u00e9 s\u00e9lectionn\u00e9 pour redessiner le pr\u00e9cieux parquet du Caf\u00e9 de Fleur, en l\u2019embellissant avec des incrustations \u00e9l\u00e9gantes.\",\"breadcrumb\":{\"@id\":\"https:\\\/\\\/crocjeux.com\\\/index.php\\\/produit\\\/cafe-de-fleur-lart-de-la-marqueterie\\\/#breadcrumb\"},\"inLanguage\":\"fr-FR\",\"potentialAction\":[{\"@type\":\"ReadAction\",\"target\":[\"https:\\\/\\\/crocjeux.com\\\/index.php\\\/produit\\\/cafe-de-fleur-lart-de-la-marqueterie\\\/\"]}]},{\"@type\":\"ImageObject\",\"inLanguage\":\"fr-FR\",\"@id\":\"https:\\\/\\\/crocjeux.com\\\/index.php\\\/produit\\\/cafe-de-fleur-lart-de-la-marqueterie\\\/#primaryimage\",\"url\":\"https:\\\/\\\/crocjeux.com\\\/wp-content\\\/uploads\\\/2024\\\/12\\\/Cafe-de-Fleur1.png\",\"contentUrl\":\"https:\\\/\\\/crocjeux.com\\\/wp-content\\\/uploads\\\/2024\\\/12\\\/Cafe-de-Fleur1.png\",\"width\":1080,\"height\":1080},{\"@type\":\"BreadcrumbList\",\"@id\":\"https:\\\/\\\/crocjeux.com\\\/index.php\\\/produit\\\/cafe-de-fleur-lart-de-la-marqueterie\\\/#breadcrumb\",\"itemListElement\":[{\"@type\":\"ListItem\",\"position\":1,\"name\":\"Accueil\",\"item\":\"https:\\\/\\\/crocjeux.com\\\/\"},{\"@type\":\"ListItem\",\"position\":2,\"name\":\"Boutique\",\"item\":\"https:\\\/\\\/crocjeux.com\\\/\"},{\"@type\":\"ListItem\",\"position\":3,\"name\":\"Caf\u00e9 de Fleur &#8211; L&rsquo;art de la Marqueterie\"}]},{\"@type\":\"WebSite\",\"@id\":\"https:\\\/\\\/crocjeux.com\\\/#website\",\"url\":\"https:\\\/\\\/crocjeux.com\\\/\",\"name\":\"Croc Jeux\",\"description\":\"Bienvenue chez Croc Jeux!\",\"publisher\":{\"@id\":\"https:\\\/\\\/crocjeux.com\\\/#organization\"},\"potentialAction\":[{\"@type\":\"SearchAction\",\"target\":{\"@type\":\"EntryPoint\",\"urlTemplate\":\"https:\\\/\\\/crocjeux.com\\\/?s={search_term_string}\"},\"query-input\":{\"@type\":\"PropertyValueSpecification\",\"valueRequired\":true,\"valueName\":\"search_term_string\"}}],\"inLanguage\":\"fr-FR\"},{\"@type\":\"Organization\",\"@id\":\"https:\\\/\\\/crocjeux.com\\\/#organization\",\"name\":\"Croc Jeux\",\"url\":\"https:\\\/\\\/crocjeux.com\\\/\",\"logo\":{\"@type\":\"ImageObject\",\"inLanguage\":\"fr-FR\",\"@id\":\"https:\\\/\\\/crocjeux.com\\\/#\\\/schema\\\/logo\\\/image\\\/\",\"url\":\"https:\\\/\\\/crocjeux.com\\\/wp-content\\\/uploads\\\/2022\\\/01\\\/cropped-logo-croc-etape-1-e1644574034239.jpg\",\"contentUrl\":\"https:\\\/\\\/crocjeux.com\\\/wp-content\\\/uploads\\\/2022\\\/01\\\/cropped-logo-croc-etape-1-e1644574034239.jpg\",\"width\":1224,\"height\":314,\"caption\":\"Croc Jeux\"},\"image\":{\"@id\":\"https:\\\/\\\/crocjeux.com\\\/#\\\/schema\\\/logo\\\/image\\\/\"}}]}<\/script>\n<!-- \/ Yoast SEO plugin. -->","yoast_head_json":{"title":"Caf\u00e9 de Fleur - L'art de la Marqueterie - Croc Jeux","description":"Vous avez \u00e9t\u00e9 s\u00e9lectionn\u00e9 pour redessiner le pr\u00e9cieux parquet du Caf\u00e9 de Fleur, en l\u2019embellissant avec des incrustations \u00e9l\u00e9gantes.","robots":{"index":"index","follow":"follow","max-snippet":"max-snippet:-1","max-image-preview":"max-image-preview:large","max-video-preview":"max-video-preview:-1"},"canonical":"https:\/\/crocjeux.com\/index.php\/produit\/cafe-de-fleur-lart-de-la-marqueterie\/","og_locale":"fr_FR","og_type":"article","og_title":"Caf\u00e9 de Fleur - L'art de la Marqueterie - Croc Jeux","og_description":"Vous avez \u00e9t\u00e9 s\u00e9lectionn\u00e9 pour redessiner le pr\u00e9cieux parquet du Caf\u00e9 de Fleur, en l\u2019embellissant avec des incrustations \u00e9l\u00e9gantes.","og_url":"https:\/\/crocjeux.com\/index.php\/produit\/cafe-de-fleur-lart-de-la-marqueterie\/","og_site_name":"Croc Jeux","article_modified_time":"2025-04-30T08:59:59+00:00","og_image":[{"width":1080,"height":1080,"url":"https:\/\/crocjeux.com\/wp-content\/uploads\/2024\/12\/Cafe-de-Fleur1.png","type":"image\/png"}],"twitter_card":"summary_large_image","twitter_misc":{"Dur\u00e9e de lecture estim\u00e9e":"2 minutes"},"schema":{"@context":"https:\/\/schema.org","@graph":[{"@type":"WebPage","@id":"https:\/\/crocjeux.com\/index.php\/produit\/cafe-de-fleur-lart-de-la-marqueterie\/","url":"https:\/\/crocjeux.com\/index.php\/produit\/cafe-de-fleur-lart-de-la-marqueterie\/","name":"Caf\u00e9 de Fleur - L'art de la Marqueterie - Croc Jeux","isPartOf":{"@id":"https:\/\/crocjeux.com\/#website"},"primaryImageOfPage":{"@id":"https:\/\/crocjeux.com\/index.php\/produit\/cafe-de-fleur-lart-de-la-marqueterie\/#primaryimage"},"image":{"@id":"https:\/\/crocjeux.com\/index.php\/produit\/cafe-de-fleur-lart-de-la-marqueterie\/#primaryimage"},"thumbnailUrl":"https:\/\/crocjeux.com\/wp-content\/uploads\/2024\/12\/Cafe-de-Fleur1.png","datePublished":"2024-12-07T09:47:07+00:00","dateModified":"2025-04-30T08:59:59+00:00","description":"Vous avez \u00e9t\u00e9 s\u00e9lectionn\u00e9 pour redessiner le pr\u00e9cieux parquet du Caf\u00e9 de Fleur, en l\u2019embellissant avec des incrustations \u00e9l\u00e9gantes.","breadcrumb":{"@id":"https:\/\/crocjeux.com\/index.php\/produit\/cafe-de-fleur-lart-de-la-marqueterie\/#breadcrumb"},"inLanguage":"fr-FR","potentialAction":[{"@type":"ReadAction","target":["https:\/\/crocjeux.com\/index.php\/produit\/cafe-de-fleur-lart-de-la-marqueterie\/"]}]},{"@type":"ImageObject","inLanguage":"fr-FR","@id":"https:\/\/crocjeux.com\/index.php\/produit\/cafe-de-fleur-lart-de-la-marqueterie\/#primaryimage","url":"https:\/\/crocjeux.com\/wp-content\/uploads\/2024\/12\/Cafe-de-Fleur1.png","contentUrl":"https:\/\/crocjeux.com\/wp-content\/uploads\/2024\/12\/Cafe-de-Fleur1.png","width":1080,"height":1080},{"@type":"BreadcrumbList","@id":"https:\/\/crocjeux.com\/index.php\/produit\/cafe-de-fleur-lart-de-la-marqueterie\/#breadcrumb","itemListElement":[{"@type":"ListItem","position":1,"name":"Accueil","item":"https:\/\/crocjeux.com\/"},{"@type":"ListItem","position":2,"name":"Boutique","item":"https:\/\/crocjeux.com\/"},{"@type":"ListItem","position":3,"name":"Caf\u00e9 de Fleur &#8211; L&rsquo;art de la Marqueterie"}]},{"@type":"WebSite","@id":"https:\/\/crocjeux.com\/#website","url":"https:\/\/crocjeux.com\/","name":"Croc Jeux","description":"Bienvenue chez Croc Jeux!","publisher":{"@id":"https:\/\/crocjeux.com\/#organization"},"potentialAction":[{"@type":"SearchAction","target":{"@type":"EntryPoint","urlTemplate":"https:\/\/crocjeux.com\/?s={search_term_string}"},"query-input":{"@type":"PropertyValueSpecification","valueRequired":true,"valueName":"search_term_string"}}],"inLanguage":"fr-FR"},{"@type":"Organization","@id":"https:\/\/crocjeux.com\/#organization","name":"Croc Jeux","url":"https:\/\/crocjeux.com\/","logo":{"@type":"ImageObject","inLanguage":"fr-FR","@id":"https:\/\/crocjeux.com\/#\/schema\/logo\/image\/","url":"https:\/\/crocjeux.com\/wp-content\/uploads\/2022\/01\/cropped-logo-croc-etape-1-e1644574034239.jpg","contentUrl":"https:\/\/crocjeux.com\/wp-content\/uploads\/2022\/01\/cropped-logo-croc-etape-1-e1644574034239.jpg","width":1224,"height":314,"caption":"Croc Jeux"},"image":{"@id":"https:\/\/crocjeux.com\/#\/schema\/logo\/image\/"}}]}},"_links":{"self":[{"href":"https:\/\/crocjeux.com\/index.php\/wp-json\/wp\/v2\/product\/6754","targetHints":{"allow":["GET"]}}],"collection":[{"href":"https:\/\/crocjeux.com\/index.php\/wp-json\/wp\/v2\/product"}],"about":[{"href":"https:\/\/crocjeux.com\/index.php\/wp-json\/wp\/v2\/types\/product"}],"replies":[{"embeddable":true,"href":"https:\/\/crocjeux.com\/index.php\/wp-json\/wp\/v2\/comments?post=6754"}],"wp:featuredmedia":[{"embeddable":true,"href":"https:\/\/crocjeux.com\/index.php\/wp-json\/wp\/v2\/media\/6755"}],"wp:attachment":[{"href":"https:\/\/crocjeux.com\/index.php\/wp-json\/wp\/v2\/media?parent=6754"}],"wp:term":[{"taxonomy":"product_brand","embeddable":true,"href":"https:\/\/crocjeux.com\/index.php\/wp-json\/wp\/v2\/product_brand?post=6754"},{"taxonomy":"product_cat","embeddable":true,"href":"https:\/\/crocjeux.com\/index.php\/wp-json\/wp\/v2\/product_cat?post=6754"},{"taxonomy":"product_tag","embeddable":true,"href":"https:\/\/crocjeux.com\/index.php\/wp-json\/wp\/v2\/product_tag?post=6754"}],"curies":[{"name":"wp","href":"https:\/\/api.w.org\/{rel}","templated":true}]}}