{"id":7124,"date":"2025-08-08T12:11:56","date_gmt":"2025-08-08T11:11:56","guid":{"rendered":"https:\/\/crocjeux.com\/?post_type=product&#038;p=7124"},"modified":"2025-08-08T12:11:56","modified_gmt":"2025-08-08T11:11:56","slug":"coffret-scenique-magic-seigneur-des-anneaux-gandalf-in-the-pelennor-fields","status":"publish","type":"product","link":"https:\/\/crocjeux.com\/index.php\/produit\/coffret-scenique-magic-seigneur-des-anneaux-gandalf-in-the-pelennor-fields\/","title":{"rendered":"Coffret Sc\u00e9nique Magic Seigneur des anneaux GANDALF IN THE PELENNOR FIELDS"},"content":{"rendered":"<p>Contenu:<br \/>\nIMMORTALISEZ DES SC\u00c8NES \u00c9PIQUES : chaque bo\u00eete sc\u00e9nique Le Seigneur des Anneaux : chroniques de la Terre du Milieu contient 6 cartes sans bordure Premium avec des illustrations qui s&rsquo;assemblent pour former certaines des sc\u00e8nes les plus \u00e9piques du Seigneur des Anneaux<br \/>\nMETTEZ CES ILLUSTRATIONS \u00c0 L&rsquo;HONNEUR : m\u00eame si ces cartes sc\u00e9niques sont des cartes Magic jouables, cette bo\u00eete contient \u00e9galement 6 cartes d&rsquo;illustration pr\u00e9sentant les m\u00eames visuels, mais d\u00e9pourvues de tout texte de carte, vous permettant ainsi d&rsquo;appr\u00e9cier la sc\u00e8ne dans toute sa splendeur sur le chevalet de pr\u00e9sentation inclus<br \/>\nEXPLOREZ AVEC LES BOOSTERS D&rsquo;EXTENSION : con\u00e7us sp\u00e9cialement pour une exp\u00e9rience amusante d&rsquo;ouverture de boosters, procurez-vous 3 boosters d&rsquo;extension qui regorgent de cartes sur le th\u00e8me du Seigneur des Anneaux ; chaque booster contient 12 cartes de l&rsquo;extension Le Seigneur des Anneaux : chroniques de la Terre du Milieu, dont 1 \u00e0 4 cartes d&rsquo;une raret\u00e9 rare ou sup\u00e9rieure<br \/>\nMAGIC RENCONTRE LE SEIGNEUR DES ANNEAUX : red\u00e9couvrez la c\u00e9l\u00e8bre histoire du Seigneur des Anneaux avec la dimension strat\u00e9gique de Magic: The Gathering et affrontez vos adversaires dans des combats magiques passionnants<br \/>\nCONTENU : 6 cartes sc\u00e9niques sans bordure Premium traditionnelles, 6 cartes d&rsquo;illustration, 3 boosters d&rsquo;extension et un chevalet de pr\u00e9sentation en papier<\/p>\n","protected":false},"excerpt":{"rendered":"<p>Contenu: IMMORTALISEZ DES SC\u00c8NES \u00c9PIQUES : chaque bo\u00eete sc\u00e9nique Le Seigneur des Anneaux : chroniques de la Terre du Milieu<\/p>\n","protected":false},"featured_media":7121,"comment_status":"open","ping_status":"closed","template":"","meta":{"colormag_page_container_layout":"default_layout","colormag_page_sidebar_layout":"default_layout"},"product_brand":[],"product_cat":[56,32,53],"product_tag":[],"class_list":{"0":"post-7124","1":"product","2":"type-product","3":"status-publish","4":"has-post-thumbnail","6":"product_cat-collector-magic","7":"product_cat-jeux-de-cartes","8":"product_cat-cartes-magic-jeux-cartes","10":"first","11":"instock","12":"taxable","13":"shipping-taxable","14":"purchasable","15":"product-type-simple"},"yoast_head":"<!-- This site is optimized with the Yoast SEO plugin v27.4 - https:\/\/yoast.com\/product\/yoast-seo-wordpress\/ -->\n<title>Coffret Sc\u00e9nique Magic Seigneur des anneaux GANDALF IN THE PELENNOR FIELDS - Croc Jeux<\/title>\n<meta name=\"robots\" content=\"index, follow, max-snippet:-1, max-image-preview:large, max-video-preview:-1\" \/>\n<link rel=\"canonical\" href=\"https:\/\/crocjeux.com\/index.php\/produit\/coffret-scenique-magic-seigneur-des-anneaux-gandalf-in-the-pelennor-fields\/\" \/>\n<meta property=\"og:locale\" content=\"fr_FR\" \/>\n<meta property=\"og:type\" content=\"article\" \/>\n<meta property=\"og:title\" content=\"Coffret Sc\u00e9nique Magic Seigneur des anneaux GANDALF IN THE PELENNOR FIELDS - Croc Jeux\" \/>\n<meta property=\"og:description\" content=\"Contenu: IMMORTALISEZ DES SC\u00c8NES \u00c9PIQUES : chaque bo\u00eete sc\u00e9nique Le Seigneur des Anneaux : chroniques de la Terre du Milieu\" \/>\n<meta property=\"og:url\" content=\"https:\/\/crocjeux.com\/index.php\/produit\/coffret-scenique-magic-seigneur-des-anneaux-gandalf-in-the-pelennor-fields\/\" \/>\n<meta property=\"og:site_name\" content=\"Croc Jeux\" \/>\n<meta property=\"og:image\" content=\"https:\/\/crocjeux.com\/wp-content\/uploads\/2025\/08\/Copie-de-Copie-de-Copie-de-Tir-Na-nog1.png\" \/>\n\t<meta property=\"og:image:width\" content=\"1080\" \/>\n\t<meta property=\"og:image:height\" content=\"1080\" \/>\n\t<meta property=\"og:image:type\" content=\"image\/png\" \/>\n<meta name=\"twitter:card\" content=\"summary_large_image\" \/>\n<meta name=\"twitter:label1\" content=\"Dur\u00e9e de lecture estim\u00e9e\" \/>\n\t<meta name=\"twitter:data1\" content=\"2 minutes\" \/>\n<script type=\"application\/ld+json\" class=\"yoast-schema-graph\">{\"@context\":\"https:\\\/\\\/schema.org\",\"@graph\":[{\"@type\":\"WebPage\",\"@id\":\"https:\\\/\\\/crocjeux.com\\\/index.php\\\/produit\\\/coffret-scenique-magic-seigneur-des-anneaux-gandalf-in-the-pelennor-fields\\\/\",\"url\":\"https:\\\/\\\/crocjeux.com\\\/index.php\\\/produit\\\/coffret-scenique-magic-seigneur-des-anneaux-gandalf-in-the-pelennor-fields\\\/\",\"name\":\"Coffret Sc\u00e9nique Magic Seigneur des anneaux GANDALF IN THE PELENNOR FIELDS - Croc Jeux\",\"isPartOf\":{\"@id\":\"https:\\\/\\\/crocjeux.com\\\/#website\"},\"primaryImageOfPage\":{\"@id\":\"https:\\\/\\\/crocjeux.com\\\/index.php\\\/produit\\\/coffret-scenique-magic-seigneur-des-anneaux-gandalf-in-the-pelennor-fields\\\/#primaryimage\"},\"image\":{\"@id\":\"https:\\\/\\\/crocjeux.com\\\/index.php\\\/produit\\\/coffret-scenique-magic-seigneur-des-anneaux-gandalf-in-the-pelennor-fields\\\/#primaryimage\"},\"thumbnailUrl\":\"https:\\\/\\\/crocjeux.com\\\/wp-content\\\/uploads\\\/2025\\\/08\\\/Copie-de-Copie-de-Copie-de-Tir-Na-nog1.png\",\"datePublished\":\"2025-08-08T11:11:56+00:00\",\"breadcrumb\":{\"@id\":\"https:\\\/\\\/crocjeux.com\\\/index.php\\\/produit\\\/coffret-scenique-magic-seigneur-des-anneaux-gandalf-in-the-pelennor-fields\\\/#breadcrumb\"},\"inLanguage\":\"fr-FR\",\"potentialAction\":[{\"@type\":\"ReadAction\",\"target\":[\"https:\\\/\\\/crocjeux.com\\\/index.php\\\/produit\\\/coffret-scenique-magic-seigneur-des-anneaux-gandalf-in-the-pelennor-fields\\\/\"]}]},{\"@type\":\"ImageObject\",\"inLanguage\":\"fr-FR\",\"@id\":\"https:\\\/\\\/crocjeux.com\\\/index.php\\\/produit\\\/coffret-scenique-magic-seigneur-des-anneaux-gandalf-in-the-pelennor-fields\\\/#primaryimage\",\"url\":\"https:\\\/\\\/crocjeux.com\\\/wp-content\\\/uploads\\\/2025\\\/08\\\/Copie-de-Copie-de-Copie-de-Tir-Na-nog1.png\",\"contentUrl\":\"https:\\\/\\\/crocjeux.com\\\/wp-content\\\/uploads\\\/2025\\\/08\\\/Copie-de-Copie-de-Copie-de-Tir-Na-nog1.png\",\"width\":1080,\"height\":1080},{\"@type\":\"BreadcrumbList\",\"@id\":\"https:\\\/\\\/crocjeux.com\\\/index.php\\\/produit\\\/coffret-scenique-magic-seigneur-des-anneaux-gandalf-in-the-pelennor-fields\\\/#breadcrumb\",\"itemListElement\":[{\"@type\":\"ListItem\",\"position\":1,\"name\":\"Accueil\",\"item\":\"https:\\\/\\\/crocjeux.com\\\/\"},{\"@type\":\"ListItem\",\"position\":2,\"name\":\"Boutique\",\"item\":\"https:\\\/\\\/crocjeux.com\\\/\"},{\"@type\":\"ListItem\",\"position\":3,\"name\":\"Coffret Sc\u00e9nique Magic Seigneur des anneaux GANDALF IN THE PELENNOR FIELDS\"}]},{\"@type\":\"WebSite\",\"@id\":\"https:\\\/\\\/crocjeux.com\\\/#website\",\"url\":\"https:\\\/\\\/crocjeux.com\\\/\",\"name\":\"Croc Jeux\",\"description\":\"Bienvenue chez Croc Jeux!\",\"publisher\":{\"@id\":\"https:\\\/\\\/crocjeux.com\\\/#organization\"},\"potentialAction\":[{\"@type\":\"SearchAction\",\"target\":{\"@type\":\"EntryPoint\",\"urlTemplate\":\"https:\\\/\\\/crocjeux.com\\\/?s={search_term_string}\"},\"query-input\":{\"@type\":\"PropertyValueSpecification\",\"valueRequired\":true,\"valueName\":\"search_term_string\"}}],\"inLanguage\":\"fr-FR\"},{\"@type\":\"Organization\",\"@id\":\"https:\\\/\\\/crocjeux.com\\\/#organization\",\"name\":\"Croc Jeux\",\"url\":\"https:\\\/\\\/crocjeux.com\\\/\",\"logo\":{\"@type\":\"ImageObject\",\"inLanguage\":\"fr-FR\",\"@id\":\"https:\\\/\\\/crocjeux.com\\\/#\\\/schema\\\/logo\\\/image\\\/\",\"url\":\"https:\\\/\\\/crocjeux.com\\\/wp-content\\\/uploads\\\/2022\\\/01\\\/cropped-logo-croc-etape-1-e1644574034239.jpg\",\"contentUrl\":\"https:\\\/\\\/crocjeux.com\\\/wp-content\\\/uploads\\\/2022\\\/01\\\/cropped-logo-croc-etape-1-e1644574034239.jpg\",\"width\":1224,\"height\":314,\"caption\":\"Croc Jeux\"},\"image\":{\"@id\":\"https:\\\/\\\/crocjeux.com\\\/#\\\/schema\\\/logo\\\/image\\\/\"}}]}<\/script>\n<!-- \/ Yoast SEO plugin. -->","yoast_head_json":{"title":"Coffret Sc\u00e9nique Magic Seigneur des anneaux GANDALF IN THE PELENNOR FIELDS - Croc Jeux","robots":{"index":"index","follow":"follow","max-snippet":"max-snippet:-1","max-image-preview":"max-image-preview:large","max-video-preview":"max-video-preview:-1"},"canonical":"https:\/\/crocjeux.com\/index.php\/produit\/coffret-scenique-magic-seigneur-des-anneaux-gandalf-in-the-pelennor-fields\/","og_locale":"fr_FR","og_type":"article","og_title":"Coffret Sc\u00e9nique Magic Seigneur des anneaux GANDALF IN THE PELENNOR FIELDS - Croc Jeux","og_description":"Contenu: IMMORTALISEZ DES SC\u00c8NES \u00c9PIQUES : chaque bo\u00eete sc\u00e9nique Le Seigneur des Anneaux : chroniques de la Terre du Milieu","og_url":"https:\/\/crocjeux.com\/index.php\/produit\/coffret-scenique-magic-seigneur-des-anneaux-gandalf-in-the-pelennor-fields\/","og_site_name":"Croc Jeux","og_image":[{"width":1080,"height":1080,"url":"https:\/\/crocjeux.com\/wp-content\/uploads\/2025\/08\/Copie-de-Copie-de-Copie-de-Tir-Na-nog1.png","type":"image\/png"}],"twitter_card":"summary_large_image","twitter_misc":{"Dur\u00e9e de lecture estim\u00e9e":"2 minutes"},"schema":{"@context":"https:\/\/schema.org","@graph":[{"@type":"WebPage","@id":"https:\/\/crocjeux.com\/index.php\/produit\/coffret-scenique-magic-seigneur-des-anneaux-gandalf-in-the-pelennor-fields\/","url":"https:\/\/crocjeux.com\/index.php\/produit\/coffret-scenique-magic-seigneur-des-anneaux-gandalf-in-the-pelennor-fields\/","name":"Coffret Sc\u00e9nique Magic Seigneur des anneaux GANDALF IN THE PELENNOR FIELDS - Croc Jeux","isPartOf":{"@id":"https:\/\/crocjeux.com\/#website"},"primaryImageOfPage":{"@id":"https:\/\/crocjeux.com\/index.php\/produit\/coffret-scenique-magic-seigneur-des-anneaux-gandalf-in-the-pelennor-fields\/#primaryimage"},"image":{"@id":"https:\/\/crocjeux.com\/index.php\/produit\/coffret-scenique-magic-seigneur-des-anneaux-gandalf-in-the-pelennor-fields\/#primaryimage"},"thumbnailUrl":"https:\/\/crocjeux.com\/wp-content\/uploads\/2025\/08\/Copie-de-Copie-de-Copie-de-Tir-Na-nog1.png","datePublished":"2025-08-08T11:11:56+00:00","breadcrumb":{"@id":"https:\/\/crocjeux.com\/index.php\/produit\/coffret-scenique-magic-seigneur-des-anneaux-gandalf-in-the-pelennor-fields\/#breadcrumb"},"inLanguage":"fr-FR","potentialAction":[{"@type":"ReadAction","target":["https:\/\/crocjeux.com\/index.php\/produit\/coffret-scenique-magic-seigneur-des-anneaux-gandalf-in-the-pelennor-fields\/"]}]},{"@type":"ImageObject","inLanguage":"fr-FR","@id":"https:\/\/crocjeux.com\/index.php\/produit\/coffret-scenique-magic-seigneur-des-anneaux-gandalf-in-the-pelennor-fields\/#primaryimage","url":"https:\/\/crocjeux.com\/wp-content\/uploads\/2025\/08\/Copie-de-Copie-de-Copie-de-Tir-Na-nog1.png","contentUrl":"https:\/\/crocjeux.com\/wp-content\/uploads\/2025\/08\/Copie-de-Copie-de-Copie-de-Tir-Na-nog1.png","width":1080,"height":1080},{"@type":"BreadcrumbList","@id":"https:\/\/crocjeux.com\/index.php\/produit\/coffret-scenique-magic-seigneur-des-anneaux-gandalf-in-the-pelennor-fields\/#breadcrumb","itemListElement":[{"@type":"ListItem","position":1,"name":"Accueil","item":"https:\/\/crocjeux.com\/"},{"@type":"ListItem","position":2,"name":"Boutique","item":"https:\/\/crocjeux.com\/"},{"@type":"ListItem","position":3,"name":"Coffret Sc\u00e9nique Magic Seigneur des anneaux GANDALF IN THE PELENNOR FIELDS"}]},{"@type":"WebSite","@id":"https:\/\/crocjeux.com\/#website","url":"https:\/\/crocjeux.com\/","name":"Croc Jeux","description":"Bienvenue chez Croc Jeux!","publisher":{"@id":"https:\/\/crocjeux.com\/#organization"},"potentialAction":[{"@type":"SearchAction","target":{"@type":"EntryPoint","urlTemplate":"https:\/\/crocjeux.com\/?s={search_term_string}"},"query-input":{"@type":"PropertyValueSpecification","valueRequired":true,"valueName":"search_term_string"}}],"inLanguage":"fr-FR"},{"@type":"Organization","@id":"https:\/\/crocjeux.com\/#organization","name":"Croc Jeux","url":"https:\/\/crocjeux.com\/","logo":{"@type":"ImageObject","inLanguage":"fr-FR","@id":"https:\/\/crocjeux.com\/#\/schema\/logo\/image\/","url":"https:\/\/crocjeux.com\/wp-content\/uploads\/2022\/01\/cropped-logo-croc-etape-1-e1644574034239.jpg","contentUrl":"https:\/\/crocjeux.com\/wp-content\/uploads\/2022\/01\/cropped-logo-croc-etape-1-e1644574034239.jpg","width":1224,"height":314,"caption":"Croc Jeux"},"image":{"@id":"https:\/\/crocjeux.com\/#\/schema\/logo\/image\/"}}]}},"_links":{"self":[{"href":"https:\/\/crocjeux.com\/index.php\/wp-json\/wp\/v2\/product\/7124","targetHints":{"allow":["GET"]}}],"collection":[{"href":"https:\/\/crocjeux.com\/index.php\/wp-json\/wp\/v2\/product"}],"about":[{"href":"https:\/\/crocjeux.com\/index.php\/wp-json\/wp\/v2\/types\/product"}],"replies":[{"embeddable":true,"href":"https:\/\/crocjeux.com\/index.php\/wp-json\/wp\/v2\/comments?post=7124"}],"wp:featuredmedia":[{"embeddable":true,"href":"https:\/\/crocjeux.com\/index.php\/wp-json\/wp\/v2\/media\/7121"}],"wp:attachment":[{"href":"https:\/\/crocjeux.com\/index.php\/wp-json\/wp\/v2\/media?parent=7124"}],"wp:term":[{"taxonomy":"product_brand","embeddable":true,"href":"https:\/\/crocjeux.com\/index.php\/wp-json\/wp\/v2\/product_brand?post=7124"},{"taxonomy":"product_cat","embeddable":true,"href":"https:\/\/crocjeux.com\/index.php\/wp-json\/wp\/v2\/product_cat?post=7124"},{"taxonomy":"product_tag","embeddable":true,"href":"https:\/\/crocjeux.com\/index.php\/wp-json\/wp\/v2\/product_tag?post=7124"}],"curies":[{"name":"wp","href":"https:\/\/api.w.org\/{rel}","templated":true}]}}