{"id":7378,"date":"2025-12-17T16:24:51","date_gmt":"2025-12-17T15:24:51","guid":{"rendered":"https:\/\/crocjeux.com\/?post_type=product&#038;p=7378"},"modified":"2025-12-17T16:24:51","modified_gmt":"2025-12-17T15:24:51","slug":"bristol-1350","status":"publish","type":"product","link":"https:\/\/crocjeux.com\/index.php\/produit\/bristol-1350\/","title":{"rendered":"Bristol 1350"},"content":{"rendered":"<h2>LE JEU :<\/h2>\n<p>&nbsp;<\/p>\n<p>La redoutable peste noire s\u2019est abattue sur la ville de Bristol. Vous courez dans les rues \u00e0 bord de l\u2019une des trois charrettes \u00e0 pommes disponibles, cherchant d\u00e9sesp\u00e9r\u00e9ment \u00e0 vous \u00e9chapper vers la s\u00e9curit\u00e9 de la campagne. Si votre charrette est la premi\u00e8re \u00e0 quitter la ville et qu\u2019elle est remplie uniquement de villageois en bonne sant\u00e9, vous et vos compagnons de charrette avez r\u00e9ussi \u00e0 vous \u00e9chapper et \u00e0 gagner la partie !<\/p>\n<p>Mais certains villageois de votre charrette ont peut-\u00eatre d\u00e9j\u00e0 la peste ! Ils vous cachent leurs premiers sympt\u00f4mes afin de pouvoir profiter de leurs derniers jours en paix. Si vous quittez la ville avec un villageois malade \u00e0 bord de votre charrette, vous attraperez, \u00e0 coup s\u00fbr, la peste. Vous devez faire tout ce qui est n\u00e9cessaire pour que cela n\u2019arrive pas !<br \/>\nEn apparence, Bristol 1350 est \u00e0 la fois un jeu d\u2019\u00e9quipe coop\u00e9ratif, une strat\u00e9gie de course et une d\u00e9duction sociale. En r\u00e9alit\u00e9, il s\u2019agit d\u2019une course \u00e9go\u00efste pour quitter la ville le plus rapidement possible sans attraper la peste, par tous les moyens !<\/p>\n<p>&nbsp;<\/p>\n<h2>MATERIEL :<\/h2>\n<p>&nbsp;<\/p>\n<ul>\n<li>1 tapis de jeu en n\u00e9opr\u00e8ne<\/li>\n<li>9 pions en bois<\/li>\n<li>3 chariots miniatures<\/li>\n<li>6 d\u00e9s<\/li>\n<li>1 sac en lin<\/li>\n<li>64 cartes<\/li>\n<\/ul>\n","protected":false},"excerpt":{"rendered":"<p>LE JEU : &nbsp; La redoutable peste noire s\u2019est abattue sur la ville de Bristol. Vous courez dans les rues<\/p>\n","protected":false},"featured_media":7379,"comment_status":"open","ping_status":"closed","template":"","meta":{"colormag_page_container_layout":"default_layout","colormag_page_sidebar_layout":"default_layout"},"product_brand":[],"product_cat":[30,40],"product_tag":[],"class_list":{"0":"post-7378","1":"product","2":"type-product","3":"status-publish","4":"has-post-thumbnail","6":"product_cat-jeux-collaboratifs","7":"product_cat-jeux-dambiance","9":"first","10":"instock","11":"taxable","12":"shipping-taxable","13":"purchasable","14":"product-type-simple"},"yoast_head":"<!-- This site is optimized with the Yoast SEO plugin v27.1.1 - https:\/\/yoast.com\/product\/yoast-seo-wordpress\/ -->\n<title>Bristol 1350 - Croc Jeux<\/title>\n<meta name=\"robots\" content=\"index, follow, max-snippet:-1, max-image-preview:large, max-video-preview:-1\" \/>\n<link rel=\"canonical\" href=\"https:\/\/crocjeux.com\/index.php\/produit\/bristol-1350\/\" \/>\n<meta property=\"og:locale\" content=\"fr_FR\" \/>\n<meta property=\"og:type\" content=\"article\" \/>\n<meta property=\"og:title\" content=\"Bristol 1350 - Croc Jeux\" \/>\n<meta property=\"og:description\" content=\"LE JEU : &nbsp; La redoutable peste noire s\u2019est abattue sur la ville de Bristol. Vous courez dans les rues\" \/>\n<meta property=\"og:url\" content=\"https:\/\/crocjeux.com\/index.php\/produit\/bristol-1350\/\" \/>\n<meta property=\"og:site_name\" content=\"Croc Jeux\" \/>\n<meta property=\"og:image\" content=\"https:\/\/crocjeux.com\/wp-content\/uploads\/2025\/12\/JDPLDG098.png\" \/>\n\t<meta property=\"og:image:width\" content=\"1000\" \/>\n\t<meta property=\"og:image:height\" content=\"1000\" \/>\n\t<meta property=\"og:image:type\" content=\"image\/png\" \/>\n<meta name=\"twitter:card\" content=\"summary_large_image\" \/>\n<meta name=\"twitter:label1\" content=\"Dur\u00e9e de lecture estim\u00e9e\" \/>\n\t<meta name=\"twitter:data1\" content=\"2 minutes\" \/>\n<script type=\"application\/ld+json\" class=\"yoast-schema-graph\">{\"@context\":\"https:\/\/schema.org\",\"@graph\":[{\"@type\":\"WebPage\",\"@id\":\"https:\/\/crocjeux.com\/index.php\/produit\/bristol-1350\/\",\"url\":\"https:\/\/crocjeux.com\/index.php\/produit\/bristol-1350\/\",\"name\":\"Bristol 1350 - Croc Jeux\",\"isPartOf\":{\"@id\":\"https:\/\/crocjeux.com\/#website\"},\"primaryImageOfPage\":{\"@id\":\"https:\/\/crocjeux.com\/index.php\/produit\/bristol-1350\/#primaryimage\"},\"image\":{\"@id\":\"https:\/\/crocjeux.com\/index.php\/produit\/bristol-1350\/#primaryimage\"},\"thumbnailUrl\":\"https:\/\/crocjeux.com\/wp-content\/uploads\/2025\/12\/JDPLDG098.png\",\"datePublished\":\"2025-12-17T15:24:51+00:00\",\"breadcrumb\":{\"@id\":\"https:\/\/crocjeux.com\/index.php\/produit\/bristol-1350\/#breadcrumb\"},\"inLanguage\":\"fr-FR\",\"potentialAction\":[{\"@type\":\"ReadAction\",\"target\":[\"https:\/\/crocjeux.com\/index.php\/produit\/bristol-1350\/\"]}]},{\"@type\":\"ImageObject\",\"inLanguage\":\"fr-FR\",\"@id\":\"https:\/\/crocjeux.com\/index.php\/produit\/bristol-1350\/#primaryimage\",\"url\":\"https:\/\/crocjeux.com\/wp-content\/uploads\/2025\/12\/JDPLDG098.png\",\"contentUrl\":\"https:\/\/crocjeux.com\/wp-content\/uploads\/2025\/12\/JDPLDG098.png\",\"width\":1000,\"height\":1000},{\"@type\":\"BreadcrumbList\",\"@id\":\"https:\/\/crocjeux.com\/index.php\/produit\/bristol-1350\/#breadcrumb\",\"itemListElement\":[{\"@type\":\"ListItem\",\"position\":1,\"name\":\"Accueil\",\"item\":\"https:\/\/crocjeux.com\/\"},{\"@type\":\"ListItem\",\"position\":2,\"name\":\"Boutique\",\"item\":\"https:\/\/crocjeux.com\/\"},{\"@type\":\"ListItem\",\"position\":3,\"name\":\"Bristol 1350\"}]},{\"@type\":\"WebSite\",\"@id\":\"https:\/\/crocjeux.com\/#website\",\"url\":\"https:\/\/crocjeux.com\/\",\"name\":\"Croc Jeux\",\"description\":\"Bienvenue chez Croc Jeux!\",\"publisher\":{\"@id\":\"https:\/\/crocjeux.com\/#organization\"},\"potentialAction\":[{\"@type\":\"SearchAction\",\"target\":{\"@type\":\"EntryPoint\",\"urlTemplate\":\"https:\/\/crocjeux.com\/?s={search_term_string}\"},\"query-input\":{\"@type\":\"PropertyValueSpecification\",\"valueRequired\":true,\"valueName\":\"search_term_string\"}}],\"inLanguage\":\"fr-FR\"},{\"@type\":\"Organization\",\"@id\":\"https:\/\/crocjeux.com\/#organization\",\"name\":\"Croc Jeux\",\"url\":\"https:\/\/crocjeux.com\/\",\"logo\":{\"@type\":\"ImageObject\",\"inLanguage\":\"fr-FR\",\"@id\":\"https:\/\/crocjeux.com\/#\/schema\/logo\/image\/\",\"url\":\"https:\/\/crocjeux.com\/wp-content\/uploads\/2022\/01\/cropped-logo-croc-etape-1-e1644574034239.jpg\",\"contentUrl\":\"https:\/\/crocjeux.com\/wp-content\/uploads\/2022\/01\/cropped-logo-croc-etape-1-e1644574034239.jpg\",\"width\":1224,\"height\":314,\"caption\":\"Croc Jeux\"},\"image\":{\"@id\":\"https:\/\/crocjeux.com\/#\/schema\/logo\/image\/\"}}]}<\/script>\n<!-- \/ Yoast SEO plugin. -->","yoast_head_json":{"title":"Bristol 1350 - Croc Jeux","robots":{"index":"index","follow":"follow","max-snippet":"max-snippet:-1","max-image-preview":"max-image-preview:large","max-video-preview":"max-video-preview:-1"},"canonical":"https:\/\/crocjeux.com\/index.php\/produit\/bristol-1350\/","og_locale":"fr_FR","og_type":"article","og_title":"Bristol 1350 - Croc Jeux","og_description":"LE JEU : &nbsp; La redoutable peste noire s\u2019est abattue sur la ville de Bristol. Vous courez dans les rues","og_url":"https:\/\/crocjeux.com\/index.php\/produit\/bristol-1350\/","og_site_name":"Croc Jeux","og_image":[{"width":1000,"height":1000,"url":"https:\/\/crocjeux.com\/wp-content\/uploads\/2025\/12\/JDPLDG098.png","type":"image\/png"}],"twitter_card":"summary_large_image","twitter_misc":{"Dur\u00e9e de lecture estim\u00e9e":"2 minutes"},"schema":{"@context":"https:\/\/schema.org","@graph":[{"@type":"WebPage","@id":"https:\/\/crocjeux.com\/index.php\/produit\/bristol-1350\/","url":"https:\/\/crocjeux.com\/index.php\/produit\/bristol-1350\/","name":"Bristol 1350 - Croc Jeux","isPartOf":{"@id":"https:\/\/crocjeux.com\/#website"},"primaryImageOfPage":{"@id":"https:\/\/crocjeux.com\/index.php\/produit\/bristol-1350\/#primaryimage"},"image":{"@id":"https:\/\/crocjeux.com\/index.php\/produit\/bristol-1350\/#primaryimage"},"thumbnailUrl":"https:\/\/crocjeux.com\/wp-content\/uploads\/2025\/12\/JDPLDG098.png","datePublished":"2025-12-17T15:24:51+00:00","breadcrumb":{"@id":"https:\/\/crocjeux.com\/index.php\/produit\/bristol-1350\/#breadcrumb"},"inLanguage":"fr-FR","potentialAction":[{"@type":"ReadAction","target":["https:\/\/crocjeux.com\/index.php\/produit\/bristol-1350\/"]}]},{"@type":"ImageObject","inLanguage":"fr-FR","@id":"https:\/\/crocjeux.com\/index.php\/produit\/bristol-1350\/#primaryimage","url":"https:\/\/crocjeux.com\/wp-content\/uploads\/2025\/12\/JDPLDG098.png","contentUrl":"https:\/\/crocjeux.com\/wp-content\/uploads\/2025\/12\/JDPLDG098.png","width":1000,"height":1000},{"@type":"BreadcrumbList","@id":"https:\/\/crocjeux.com\/index.php\/produit\/bristol-1350\/#breadcrumb","itemListElement":[{"@type":"ListItem","position":1,"name":"Accueil","item":"https:\/\/crocjeux.com\/"},{"@type":"ListItem","position":2,"name":"Boutique","item":"https:\/\/crocjeux.com\/"},{"@type":"ListItem","position":3,"name":"Bristol 1350"}]},{"@type":"WebSite","@id":"https:\/\/crocjeux.com\/#website","url":"https:\/\/crocjeux.com\/","name":"Croc Jeux","description":"Bienvenue chez Croc Jeux!","publisher":{"@id":"https:\/\/crocjeux.com\/#organization"},"potentialAction":[{"@type":"SearchAction","target":{"@type":"EntryPoint","urlTemplate":"https:\/\/crocjeux.com\/?s={search_term_string}"},"query-input":{"@type":"PropertyValueSpecification","valueRequired":true,"valueName":"search_term_string"}}],"inLanguage":"fr-FR"},{"@type":"Organization","@id":"https:\/\/crocjeux.com\/#organization","name":"Croc Jeux","url":"https:\/\/crocjeux.com\/","logo":{"@type":"ImageObject","inLanguage":"fr-FR","@id":"https:\/\/crocjeux.com\/#\/schema\/logo\/image\/","url":"https:\/\/crocjeux.com\/wp-content\/uploads\/2022\/01\/cropped-logo-croc-etape-1-e1644574034239.jpg","contentUrl":"https:\/\/crocjeux.com\/wp-content\/uploads\/2022\/01\/cropped-logo-croc-etape-1-e1644574034239.jpg","width":1224,"height":314,"caption":"Croc Jeux"},"image":{"@id":"https:\/\/crocjeux.com\/#\/schema\/logo\/image\/"}}]}},"_links":{"self":[{"href":"https:\/\/crocjeux.com\/index.php\/wp-json\/wp\/v2\/product\/7378","targetHints":{"allow":["GET"]}}],"collection":[{"href":"https:\/\/crocjeux.com\/index.php\/wp-json\/wp\/v2\/product"}],"about":[{"href":"https:\/\/crocjeux.com\/index.php\/wp-json\/wp\/v2\/types\/product"}],"replies":[{"embeddable":true,"href":"https:\/\/crocjeux.com\/index.php\/wp-json\/wp\/v2\/comments?post=7378"}],"wp:featuredmedia":[{"embeddable":true,"href":"https:\/\/crocjeux.com\/index.php\/wp-json\/wp\/v2\/media\/7379"}],"wp:attachment":[{"href":"https:\/\/crocjeux.com\/index.php\/wp-json\/wp\/v2\/media?parent=7378"}],"wp:term":[{"taxonomy":"product_brand","embeddable":true,"href":"https:\/\/crocjeux.com\/index.php\/wp-json\/wp\/v2\/product_brand?post=7378"},{"taxonomy":"product_cat","embeddable":true,"href":"https:\/\/crocjeux.com\/index.php\/wp-json\/wp\/v2\/product_cat?post=7378"},{"taxonomy":"product_tag","embeddable":true,"href":"https:\/\/crocjeux.com\/index.php\/wp-json\/wp\/v2\/product_tag?post=7378"}],"curies":[{"name":"wp","href":"https:\/\/api.w.org\/{rel}","templated":true}]}}