{"id":92,"date":"2020-10-29T11:31:38","date_gmt":"2020-10-29T10:31:38","guid":{"rendered":"https:\/\/crocjeux.com\/?post_type=product&#038;p=92"},"modified":"2020-12-30T13:34:45","modified_gmt":"2020-12-30T12:34:45","slug":"when-i-dream","status":"publish","type":"product","link":"https:\/\/crocjeux.com\/index.php\/produit\/when-i-dream\/","title":{"rendered":"When I Dream"},"content":{"rendered":"<section id=\"tab-description\" class=\"page-product-box r-tabs-panel r-tabs-state-active\">\n<div class=\"rte\">\n<h2>When I Dream, un jeu onirique<\/h2>\n<div>Dans When I Dream, les joueurs incarnent \u00e0 tour de r\u00f4le <strong>un r\u00eaveur<\/strong>. Lorsque vous endossez ce r\u00f4le, votre mission est simple : vous avez un bandeau sur les yeux et vous devez deviner un maximum de mots dans le temps imparti. Mais attention, votre t\u00e2che ne s\u2019arr\u00eate pas l\u00e0, car une fois le sablier \u00e9coul\u00e9, vous devrez raconter votre r\u00eave avec les mots devin\u00e9s. Soyez donc rapide et habile d\u2019esprit et surtout n\u2019oubliez pas de faire marcher votre m\u00e9moire !<\/div>\n<div><\/div>\n<div>\n<div>\n<div><\/div>\n<h2>When I Dream, un jeu \u00e0 fortes interactions<\/h2>\n<div>Pour remplir sa mission, le r\u00eaveur ne se retrouve pas seul. Les autres joueurs qui\u00a0 repr\u00e9sentent les esprits du r\u00eave sont \u00e0 ses c\u00f4t\u00e9s pour lui souffler des indices. Seulement, les esprits ne sont pas tous du m\u00eame c\u00f4t\u00e9. Il faudra alors distinguer les bons des m\u00e9chants pour savoir \u00e0 qui faire confiance.<\/div>\n<div><\/div>\n<div>Il y a 3 esprits diff\u00e9rents :<\/div>\n<div>\u00a0 \u00a0 \u2022 <strong>La f\u00e9e<\/strong> est du c\u00f4t\u00e9 du r\u00eaveur. Son r\u00f4le est de faire son possible pour l\u2019aider \u00e0 trouver le plus de mots. Ses points d\u00e9pendent des mots devin\u00e9s.<\/div>\n<div>\u00a0 \u00a0 \u2022 <strong>Le Croque-Mitaine<\/strong> est un esprit malin. Sa mission est d\u2019induire en erreur le r\u00eaveur. Moins le r\u00eaveur trouvera de mots et plus il marquera de points.<\/div>\n<div>\u00a0 \u00a0 \u2022 <strong>Le marchand de sable<\/strong> est un esprit \u00e0 mi-chemin entre le bien et le mal. Son objectif est de faire respecter un \u00e9quilibre. Il souhaite une \u00e9galit\u00e9 entre les bonnes et les mauvaises r\u00e9ponses.<\/div>\n<div><\/div>\n<div>\u00c0 la fin de la manche, le r\u00eaveur contera son r\u00eave afin de faire voyager les autres joueurs. Puis, les r\u00f4les sont redistribu\u00e9s et un nouveau tour commence\u2026<\/div>\n<\/div>\n<\/section>\n","protected":false},"excerpt":{"rendered":"<p>Dans When I Dream, incarnez un r\u00eaveur tentant de se souvenir de son r\u00eave. Pour vous aider, 3 esprits oniriques sont l\u00e0 pour donner des indices. Mais attention, leurs intentions ne sont pas forc\u00e9ment bonnes !<\/p>\n","protected":false},"featured_media":93,"comment_status":"open","ping_status":"closed","template":"","meta":{"colormag_page_container_layout":"default_layout","colormag_page_sidebar_layout":"default_layout"},"product_brand":[],"product_cat":[30,36,37],"product_tag":[],"class_list":{"0":"post-92","1":"product","2":"type-product","3":"status-publish","4":"has-post-thumbnail","6":"product_cat-jeux-collaboratifs","7":"product_cat-jeux-familiaux","8":"product_cat-ne-ratez-pas","10":"first","11":"instock","12":"taxable","13":"shipping-taxable","14":"purchasable","15":"product-type-simple"},"yoast_head":"<!-- This site is optimized with the Yoast SEO plugin v27.3 - https:\/\/yoast.com\/product\/yoast-seo-wordpress\/ -->\n<title>When I Dream - Croc Jeux<\/title>\n<meta name=\"robots\" content=\"index, follow, max-snippet:-1, max-image-preview:large, max-video-preview:-1\" \/>\n<link rel=\"canonical\" href=\"https:\/\/crocjeux.com\/index.php\/produit\/when-i-dream\/\" \/>\n<meta property=\"og:locale\" content=\"fr_FR\" \/>\n<meta property=\"og:type\" content=\"article\" \/>\n<meta property=\"og:title\" content=\"When I Dream - Croc Jeux\" \/>\n<meta property=\"og:description\" content=\"Dans When I Dream, incarnez un r\u00eaveur tentant de se souvenir de son r\u00eave. Pour vous aider, 3 esprits oniriques sont l\u00e0 pour donner des indices. Mais attention, leurs intentions ne sont pas forc\u00e9ment bonnes !\" \/>\n<meta property=\"og:url\" content=\"https:\/\/crocjeux.com\/index.php\/produit\/when-i-dream\/\" \/>\n<meta property=\"og:site_name\" content=\"Croc Jeux\" \/>\n<meta property=\"article:modified_time\" content=\"2020-12-30T12:34:45+00:00\" \/>\n<meta property=\"og:image\" content=\"https:\/\/crocjeux.com\/wp-content\/uploads\/2020\/10\/whenIdream.png\" \/>\n\t<meta property=\"og:image:width\" content=\"795\" \/>\n\t<meta property=\"og:image:height\" content=\"899\" \/>\n\t<meta property=\"og:image:type\" content=\"image\/png\" \/>\n<meta name=\"twitter:card\" content=\"summary_large_image\" \/>\n<meta name=\"twitter:label1\" content=\"Dur\u00e9e de lecture estim\u00e9e\" \/>\n\t<meta name=\"twitter:data1\" content=\"1 minute\" \/>\n<script type=\"application\/ld+json\" class=\"yoast-schema-graph\">{\"@context\":\"https:\\\/\\\/schema.org\",\"@graph\":[{\"@type\":\"WebPage\",\"@id\":\"https:\\\/\\\/crocjeux.com\\\/index.php\\\/produit\\\/when-i-dream\\\/\",\"url\":\"https:\\\/\\\/crocjeux.com\\\/index.php\\\/produit\\\/when-i-dream\\\/\",\"name\":\"When I Dream - Croc Jeux\",\"isPartOf\":{\"@id\":\"https:\\\/\\\/crocjeux.com\\\/#website\"},\"primaryImageOfPage\":{\"@id\":\"https:\\\/\\\/crocjeux.com\\\/index.php\\\/produit\\\/when-i-dream\\\/#primaryimage\"},\"image\":{\"@id\":\"https:\\\/\\\/crocjeux.com\\\/index.php\\\/produit\\\/when-i-dream\\\/#primaryimage\"},\"thumbnailUrl\":\"https:\\\/\\\/crocjeux.com\\\/wp-content\\\/uploads\\\/2020\\\/10\\\/whenIdream.png\",\"datePublished\":\"2020-10-29T10:31:38+00:00\",\"dateModified\":\"2020-12-30T12:34:45+00:00\",\"breadcrumb\":{\"@id\":\"https:\\\/\\\/crocjeux.com\\\/index.php\\\/produit\\\/when-i-dream\\\/#breadcrumb\"},\"inLanguage\":\"fr-FR\",\"potentialAction\":[{\"@type\":\"ReadAction\",\"target\":[\"https:\\\/\\\/crocjeux.com\\\/index.php\\\/produit\\\/when-i-dream\\\/\"]}]},{\"@type\":\"ImageObject\",\"inLanguage\":\"fr-FR\",\"@id\":\"https:\\\/\\\/crocjeux.com\\\/index.php\\\/produit\\\/when-i-dream\\\/#primaryimage\",\"url\":\"https:\\\/\\\/crocjeux.com\\\/wp-content\\\/uploads\\\/2020\\\/10\\\/whenIdream.png\",\"contentUrl\":\"https:\\\/\\\/crocjeux.com\\\/wp-content\\\/uploads\\\/2020\\\/10\\\/whenIdream.png\",\"width\":795,\"height\":899},{\"@type\":\"BreadcrumbList\",\"@id\":\"https:\\\/\\\/crocjeux.com\\\/index.php\\\/produit\\\/when-i-dream\\\/#breadcrumb\",\"itemListElement\":[{\"@type\":\"ListItem\",\"position\":1,\"name\":\"Accueil\",\"item\":\"https:\\\/\\\/crocjeux.com\\\/\"},{\"@type\":\"ListItem\",\"position\":2,\"name\":\"Boutique\",\"item\":\"https:\\\/\\\/crocjeux.com\\\/\"},{\"@type\":\"ListItem\",\"position\":3,\"name\":\"When I Dream\"}]},{\"@type\":\"WebSite\",\"@id\":\"https:\\\/\\\/crocjeux.com\\\/#website\",\"url\":\"https:\\\/\\\/crocjeux.com\\\/\",\"name\":\"Croc Jeux\",\"description\":\"Bienvenue chez Croc Jeux!\",\"publisher\":{\"@id\":\"https:\\\/\\\/crocjeux.com\\\/#organization\"},\"potentialAction\":[{\"@type\":\"SearchAction\",\"target\":{\"@type\":\"EntryPoint\",\"urlTemplate\":\"https:\\\/\\\/crocjeux.com\\\/?s={search_term_string}\"},\"query-input\":{\"@type\":\"PropertyValueSpecification\",\"valueRequired\":true,\"valueName\":\"search_term_string\"}}],\"inLanguage\":\"fr-FR\"},{\"@type\":\"Organization\",\"@id\":\"https:\\\/\\\/crocjeux.com\\\/#organization\",\"name\":\"Croc Jeux\",\"url\":\"https:\\\/\\\/crocjeux.com\\\/\",\"logo\":{\"@type\":\"ImageObject\",\"inLanguage\":\"fr-FR\",\"@id\":\"https:\\\/\\\/crocjeux.com\\\/#\\\/schema\\\/logo\\\/image\\\/\",\"url\":\"https:\\\/\\\/crocjeux.com\\\/wp-content\\\/uploads\\\/2022\\\/01\\\/cropped-logo-croc-etape-1-e1644574034239.jpg\",\"contentUrl\":\"https:\\\/\\\/crocjeux.com\\\/wp-content\\\/uploads\\\/2022\\\/01\\\/cropped-logo-croc-etape-1-e1644574034239.jpg\",\"width\":1224,\"height\":314,\"caption\":\"Croc Jeux\"},\"image\":{\"@id\":\"https:\\\/\\\/crocjeux.com\\\/#\\\/schema\\\/logo\\\/image\\\/\"}}]}<\/script>\n<!-- \/ Yoast SEO plugin. -->","yoast_head_json":{"title":"When I Dream - Croc Jeux","robots":{"index":"index","follow":"follow","max-snippet":"max-snippet:-1","max-image-preview":"max-image-preview:large","max-video-preview":"max-video-preview:-1"},"canonical":"https:\/\/crocjeux.com\/index.php\/produit\/when-i-dream\/","og_locale":"fr_FR","og_type":"article","og_title":"When I Dream - Croc Jeux","og_description":"Dans When I Dream, incarnez un r\u00eaveur tentant de se souvenir de son r\u00eave. Pour vous aider, 3 esprits oniriques sont l\u00e0 pour donner des indices. Mais attention, leurs intentions ne sont pas forc\u00e9ment bonnes !","og_url":"https:\/\/crocjeux.com\/index.php\/produit\/when-i-dream\/","og_site_name":"Croc Jeux","article_modified_time":"2020-12-30T12:34:45+00:00","og_image":[{"width":795,"height":899,"url":"https:\/\/crocjeux.com\/wp-content\/uploads\/2020\/10\/whenIdream.png","type":"image\/png"}],"twitter_card":"summary_large_image","twitter_misc":{"Dur\u00e9e de lecture estim\u00e9e":"1 minute"},"schema":{"@context":"https:\/\/schema.org","@graph":[{"@type":"WebPage","@id":"https:\/\/crocjeux.com\/index.php\/produit\/when-i-dream\/","url":"https:\/\/crocjeux.com\/index.php\/produit\/when-i-dream\/","name":"When I Dream - Croc Jeux","isPartOf":{"@id":"https:\/\/crocjeux.com\/#website"},"primaryImageOfPage":{"@id":"https:\/\/crocjeux.com\/index.php\/produit\/when-i-dream\/#primaryimage"},"image":{"@id":"https:\/\/crocjeux.com\/index.php\/produit\/when-i-dream\/#primaryimage"},"thumbnailUrl":"https:\/\/crocjeux.com\/wp-content\/uploads\/2020\/10\/whenIdream.png","datePublished":"2020-10-29T10:31:38+00:00","dateModified":"2020-12-30T12:34:45+00:00","breadcrumb":{"@id":"https:\/\/crocjeux.com\/index.php\/produit\/when-i-dream\/#breadcrumb"},"inLanguage":"fr-FR","potentialAction":[{"@type":"ReadAction","target":["https:\/\/crocjeux.com\/index.php\/produit\/when-i-dream\/"]}]},{"@type":"ImageObject","inLanguage":"fr-FR","@id":"https:\/\/crocjeux.com\/index.php\/produit\/when-i-dream\/#primaryimage","url":"https:\/\/crocjeux.com\/wp-content\/uploads\/2020\/10\/whenIdream.png","contentUrl":"https:\/\/crocjeux.com\/wp-content\/uploads\/2020\/10\/whenIdream.png","width":795,"height":899},{"@type":"BreadcrumbList","@id":"https:\/\/crocjeux.com\/index.php\/produit\/when-i-dream\/#breadcrumb","itemListElement":[{"@type":"ListItem","position":1,"name":"Accueil","item":"https:\/\/crocjeux.com\/"},{"@type":"ListItem","position":2,"name":"Boutique","item":"https:\/\/crocjeux.com\/"},{"@type":"ListItem","position":3,"name":"When I Dream"}]},{"@type":"WebSite","@id":"https:\/\/crocjeux.com\/#website","url":"https:\/\/crocjeux.com\/","name":"Croc Jeux","description":"Bienvenue chez Croc Jeux!","publisher":{"@id":"https:\/\/crocjeux.com\/#organization"},"potentialAction":[{"@type":"SearchAction","target":{"@type":"EntryPoint","urlTemplate":"https:\/\/crocjeux.com\/?s={search_term_string}"},"query-input":{"@type":"PropertyValueSpecification","valueRequired":true,"valueName":"search_term_string"}}],"inLanguage":"fr-FR"},{"@type":"Organization","@id":"https:\/\/crocjeux.com\/#organization","name":"Croc Jeux","url":"https:\/\/crocjeux.com\/","logo":{"@type":"ImageObject","inLanguage":"fr-FR","@id":"https:\/\/crocjeux.com\/#\/schema\/logo\/image\/","url":"https:\/\/crocjeux.com\/wp-content\/uploads\/2022\/01\/cropped-logo-croc-etape-1-e1644574034239.jpg","contentUrl":"https:\/\/crocjeux.com\/wp-content\/uploads\/2022\/01\/cropped-logo-croc-etape-1-e1644574034239.jpg","width":1224,"height":314,"caption":"Croc Jeux"},"image":{"@id":"https:\/\/crocjeux.com\/#\/schema\/logo\/image\/"}}]}},"_links":{"self":[{"href":"https:\/\/crocjeux.com\/index.php\/wp-json\/wp\/v2\/product\/92","targetHints":{"allow":["GET"]}}],"collection":[{"href":"https:\/\/crocjeux.com\/index.php\/wp-json\/wp\/v2\/product"}],"about":[{"href":"https:\/\/crocjeux.com\/index.php\/wp-json\/wp\/v2\/types\/product"}],"replies":[{"embeddable":true,"href":"https:\/\/crocjeux.com\/index.php\/wp-json\/wp\/v2\/comments?post=92"}],"wp:featuredmedia":[{"embeddable":true,"href":"https:\/\/crocjeux.com\/index.php\/wp-json\/wp\/v2\/media\/93"}],"wp:attachment":[{"href":"https:\/\/crocjeux.com\/index.php\/wp-json\/wp\/v2\/media?parent=92"}],"wp:term":[{"taxonomy":"product_brand","embeddable":true,"href":"https:\/\/crocjeux.com\/index.php\/wp-json\/wp\/v2\/product_brand?post=92"},{"taxonomy":"product_cat","embeddable":true,"href":"https:\/\/crocjeux.com\/index.php\/wp-json\/wp\/v2\/product_cat?post=92"},{"taxonomy":"product_tag","embeddable":true,"href":"https:\/\/crocjeux.com\/index.php\/wp-json\/wp\/v2\/product_tag?post=92"}],"curies":[{"name":"wp","href":"https:\/\/api.w.org\/{rel}","templated":true}]}}