{"id":972,"date":"2020-11-19T14:30:34","date_gmt":"2020-11-19T13:30:34","guid":{"rendered":"https:\/\/crocjeux.com\/?post_type=product&#038;p=972"},"modified":"2021-04-16T13:22:27","modified_gmt":"2021-04-16T12:22:27","slug":"clank-expeditions-2-le-temple-du-seigneur-singe","status":"publish","type":"product","link":"https:\/\/crocjeux.com\/index.php\/produit\/clank-expeditions-2-le-temple-du-seigneur-singe\/","title":{"rendered":"Clank! &#8211; Exp\u00e9ditions 2 Le Temple du Seigneur Singe"},"content":{"rendered":"<h2>Toujours plus de Clank!<\/h2>\n<div>Le Temple du Seigneur Singe est une extension de Clank! Les Aventuriers du deck-building sur un plateau double face alternatif.<\/div>\n<div>Dans cette nouvelle exp\u00e9dition, remettez en jeu votre titre du plus grand voleur de donjon. Le programme s&rsquo;annonce cors\u00e9 !<\/div>\n<div>\n<div><\/div>\n<h2>Un deuxi\u00e8me opus riche en aventure !<\/h2>\n<div>Ce nouveau volet de la gamme Clank! vous plongera dans une jungle profonde (plateau 1) \u00e0 la recherche du l\u00e9gendaire Temple des Seigneurs Singe (plateau 2). Vous pourrez de choisir de jouer chaque plateau de mani\u00e8re ind\u00e9pendante ou en mode campagne.<\/div>\n<\/div>\n<div>Le jeu int\u00e8gre une nouveaut\u00e9 dans son m\u00e9canisme : les s\u00e9ries d\u2019outils collect\u00e9s dans la jungle rapporteront des points de victoire. Vous devrez alors bien garder ces outils pour la seconde partie. Actionnez les m\u00e9canismes du temple et modifiez le r\u00e9seau des tunnels, facilitant vos d\u00e9placements jusqu&rsquo;\u00e0 envoyer vos adversaires dans une impasse.<\/div>\n<p>Les deux nouvelles aventures :<\/p>\n<ul>\n<li>Bienvenue dans la jungle (plateau 1)<\/li>\n<li>Singe autour du Temple (plateau 2)<\/li>\n<\/ul>\n","protected":false},"excerpt":{"rendered":"<p>Toujours plus de Clank! Le Temple du Seigneur Singe est une extension de Clank! Les Aventuriers du deck-building sur un<\/p>\n","protected":false},"featured_media":973,"comment_status":"open","ping_status":"closed","template":"","meta":{"colormag_page_container_layout":"default_layout","colormag_page_sidebar_layout":"default_layout"},"product_brand":[],"product_cat":[72,116],"product_tag":[],"class_list":{"0":"post-972","1":"product","2":"type-product","3":"status-publish","4":"has-post-thumbnail","6":"product_cat-clank-jeux-a-deux","7":"product_cat-clank-jeux-experts","9":"first","10":"outofstock","11":"taxable","12":"shipping-taxable","13":"purchasable","14":"product-type-simple"},"yoast_head":"<!-- This site is optimized with the Yoast SEO plugin v27.4 - https:\/\/yoast.com\/product\/yoast-seo-wordpress\/ -->\n<title>Clank! - Exp\u00e9ditions 2 Le Temple du Seigneur Singe - Croc Jeux<\/title>\n<meta name=\"robots\" content=\"index, follow, max-snippet:-1, max-image-preview:large, max-video-preview:-1\" \/>\n<link rel=\"canonical\" href=\"https:\/\/crocjeux.com\/index.php\/produit\/clank-expeditions-2-le-temple-du-seigneur-singe\/\" \/>\n<meta property=\"og:locale\" content=\"fr_FR\" \/>\n<meta property=\"og:type\" content=\"article\" \/>\n<meta property=\"og:title\" content=\"Clank! - Exp\u00e9ditions 2 Le Temple du Seigneur Singe - Croc Jeux\" \/>\n<meta property=\"og:description\" content=\"Toujours plus de Clank! Le Temple du Seigneur Singe est une extension de Clank! Les Aventuriers du deck-building sur un\" \/>\n<meta property=\"og:url\" content=\"https:\/\/crocjeux.com\/index.php\/produit\/clank-expeditions-2-le-temple-du-seigneur-singe\/\" \/>\n<meta property=\"og:site_name\" content=\"Croc Jeux\" \/>\n<meta property=\"article:modified_time\" content=\"2021-04-16T12:22:27+00:00\" \/>\n<meta property=\"og:image\" content=\"https:\/\/crocjeux.com\/wp-content\/uploads\/2020\/11\/clank-extension-expeditions-2-le-temple-du-seigneur-singe.jpg\" \/>\n\t<meta property=\"og:image:width\" content=\"390\" \/>\n\t<meta property=\"og:image:height\" content=\"390\" \/>\n\t<meta property=\"og:image:type\" content=\"image\/jpeg\" \/>\n<meta name=\"twitter:card\" content=\"summary_large_image\" \/>\n<meta name=\"twitter:label1\" content=\"Dur\u00e9e de lecture estim\u00e9e\" \/>\n\t<meta name=\"twitter:data1\" content=\"1 minute\" \/>\n<script type=\"application\/ld+json\" class=\"yoast-schema-graph\">{\"@context\":\"https:\\\/\\\/schema.org\",\"@graph\":[{\"@type\":\"WebPage\",\"@id\":\"https:\\\/\\\/crocjeux.com\\\/index.php\\\/produit\\\/clank-expeditions-2-le-temple-du-seigneur-singe\\\/\",\"url\":\"https:\\\/\\\/crocjeux.com\\\/index.php\\\/produit\\\/clank-expeditions-2-le-temple-du-seigneur-singe\\\/\",\"name\":\"Clank! - Exp\u00e9ditions 2 Le Temple du Seigneur Singe - Croc Jeux\",\"isPartOf\":{\"@id\":\"https:\\\/\\\/crocjeux.com\\\/#website\"},\"primaryImageOfPage\":{\"@id\":\"https:\\\/\\\/crocjeux.com\\\/index.php\\\/produit\\\/clank-expeditions-2-le-temple-du-seigneur-singe\\\/#primaryimage\"},\"image\":{\"@id\":\"https:\\\/\\\/crocjeux.com\\\/index.php\\\/produit\\\/clank-expeditions-2-le-temple-du-seigneur-singe\\\/#primaryimage\"},\"thumbnailUrl\":\"https:\\\/\\\/crocjeux.com\\\/wp-content\\\/uploads\\\/2020\\\/11\\\/clank-extension-expeditions-2-le-temple-du-seigneur-singe.jpg\",\"datePublished\":\"2020-11-19T13:30:34+00:00\",\"dateModified\":\"2021-04-16T12:22:27+00:00\",\"breadcrumb\":{\"@id\":\"https:\\\/\\\/crocjeux.com\\\/index.php\\\/produit\\\/clank-expeditions-2-le-temple-du-seigneur-singe\\\/#breadcrumb\"},\"inLanguage\":\"fr-FR\",\"potentialAction\":[{\"@type\":\"ReadAction\",\"target\":[\"https:\\\/\\\/crocjeux.com\\\/index.php\\\/produit\\\/clank-expeditions-2-le-temple-du-seigneur-singe\\\/\"]}]},{\"@type\":\"ImageObject\",\"inLanguage\":\"fr-FR\",\"@id\":\"https:\\\/\\\/crocjeux.com\\\/index.php\\\/produit\\\/clank-expeditions-2-le-temple-du-seigneur-singe\\\/#primaryimage\",\"url\":\"https:\\\/\\\/crocjeux.com\\\/wp-content\\\/uploads\\\/2020\\\/11\\\/clank-extension-expeditions-2-le-temple-du-seigneur-singe.jpg\",\"contentUrl\":\"https:\\\/\\\/crocjeux.com\\\/wp-content\\\/uploads\\\/2020\\\/11\\\/clank-extension-expeditions-2-le-temple-du-seigneur-singe.jpg\",\"width\":390,\"height\":390},{\"@type\":\"BreadcrumbList\",\"@id\":\"https:\\\/\\\/crocjeux.com\\\/index.php\\\/produit\\\/clank-expeditions-2-le-temple-du-seigneur-singe\\\/#breadcrumb\",\"itemListElement\":[{\"@type\":\"ListItem\",\"position\":1,\"name\":\"Accueil\",\"item\":\"https:\\\/\\\/crocjeux.com\\\/\"},{\"@type\":\"ListItem\",\"position\":2,\"name\":\"Boutique\",\"item\":\"https:\\\/\\\/crocjeux.com\\\/\"},{\"@type\":\"ListItem\",\"position\":3,\"name\":\"Clank! &#8211; Exp\u00e9ditions 2 Le Temple du Seigneur Singe\"}]},{\"@type\":\"WebSite\",\"@id\":\"https:\\\/\\\/crocjeux.com\\\/#website\",\"url\":\"https:\\\/\\\/crocjeux.com\\\/\",\"name\":\"Croc Jeux\",\"description\":\"Bienvenue chez Croc Jeux!\",\"publisher\":{\"@id\":\"https:\\\/\\\/crocjeux.com\\\/#organization\"},\"potentialAction\":[{\"@type\":\"SearchAction\",\"target\":{\"@type\":\"EntryPoint\",\"urlTemplate\":\"https:\\\/\\\/crocjeux.com\\\/?s={search_term_string}\"},\"query-input\":{\"@type\":\"PropertyValueSpecification\",\"valueRequired\":true,\"valueName\":\"search_term_string\"}}],\"inLanguage\":\"fr-FR\"},{\"@type\":\"Organization\",\"@id\":\"https:\\\/\\\/crocjeux.com\\\/#organization\",\"name\":\"Croc Jeux\",\"url\":\"https:\\\/\\\/crocjeux.com\\\/\",\"logo\":{\"@type\":\"ImageObject\",\"inLanguage\":\"fr-FR\",\"@id\":\"https:\\\/\\\/crocjeux.com\\\/#\\\/schema\\\/logo\\\/image\\\/\",\"url\":\"https:\\\/\\\/crocjeux.com\\\/wp-content\\\/uploads\\\/2022\\\/01\\\/cropped-logo-croc-etape-1-e1644574034239.jpg\",\"contentUrl\":\"https:\\\/\\\/crocjeux.com\\\/wp-content\\\/uploads\\\/2022\\\/01\\\/cropped-logo-croc-etape-1-e1644574034239.jpg\",\"width\":1224,\"height\":314,\"caption\":\"Croc Jeux\"},\"image\":{\"@id\":\"https:\\\/\\\/crocjeux.com\\\/#\\\/schema\\\/logo\\\/image\\\/\"}}]}<\/script>\n<!-- \/ Yoast SEO plugin. -->","yoast_head_json":{"title":"Clank! - Exp\u00e9ditions 2 Le Temple du Seigneur Singe - Croc Jeux","robots":{"index":"index","follow":"follow","max-snippet":"max-snippet:-1","max-image-preview":"max-image-preview:large","max-video-preview":"max-video-preview:-1"},"canonical":"https:\/\/crocjeux.com\/index.php\/produit\/clank-expeditions-2-le-temple-du-seigneur-singe\/","og_locale":"fr_FR","og_type":"article","og_title":"Clank! - Exp\u00e9ditions 2 Le Temple du Seigneur Singe - Croc Jeux","og_description":"Toujours plus de Clank! Le Temple du Seigneur Singe est une extension de Clank! Les Aventuriers du deck-building sur un","og_url":"https:\/\/crocjeux.com\/index.php\/produit\/clank-expeditions-2-le-temple-du-seigneur-singe\/","og_site_name":"Croc Jeux","article_modified_time":"2021-04-16T12:22:27+00:00","og_image":[{"width":390,"height":390,"url":"https:\/\/crocjeux.com\/wp-content\/uploads\/2020\/11\/clank-extension-expeditions-2-le-temple-du-seigneur-singe.jpg","type":"image\/jpeg"}],"twitter_card":"summary_large_image","twitter_misc":{"Dur\u00e9e de lecture estim\u00e9e":"1 minute"},"schema":{"@context":"https:\/\/schema.org","@graph":[{"@type":"WebPage","@id":"https:\/\/crocjeux.com\/index.php\/produit\/clank-expeditions-2-le-temple-du-seigneur-singe\/","url":"https:\/\/crocjeux.com\/index.php\/produit\/clank-expeditions-2-le-temple-du-seigneur-singe\/","name":"Clank! - Exp\u00e9ditions 2 Le Temple du Seigneur Singe - Croc Jeux","isPartOf":{"@id":"https:\/\/crocjeux.com\/#website"},"primaryImageOfPage":{"@id":"https:\/\/crocjeux.com\/index.php\/produit\/clank-expeditions-2-le-temple-du-seigneur-singe\/#primaryimage"},"image":{"@id":"https:\/\/crocjeux.com\/index.php\/produit\/clank-expeditions-2-le-temple-du-seigneur-singe\/#primaryimage"},"thumbnailUrl":"https:\/\/crocjeux.com\/wp-content\/uploads\/2020\/11\/clank-extension-expeditions-2-le-temple-du-seigneur-singe.jpg","datePublished":"2020-11-19T13:30:34+00:00","dateModified":"2021-04-16T12:22:27+00:00","breadcrumb":{"@id":"https:\/\/crocjeux.com\/index.php\/produit\/clank-expeditions-2-le-temple-du-seigneur-singe\/#breadcrumb"},"inLanguage":"fr-FR","potentialAction":[{"@type":"ReadAction","target":["https:\/\/crocjeux.com\/index.php\/produit\/clank-expeditions-2-le-temple-du-seigneur-singe\/"]}]},{"@type":"ImageObject","inLanguage":"fr-FR","@id":"https:\/\/crocjeux.com\/index.php\/produit\/clank-expeditions-2-le-temple-du-seigneur-singe\/#primaryimage","url":"https:\/\/crocjeux.com\/wp-content\/uploads\/2020\/11\/clank-extension-expeditions-2-le-temple-du-seigneur-singe.jpg","contentUrl":"https:\/\/crocjeux.com\/wp-content\/uploads\/2020\/11\/clank-extension-expeditions-2-le-temple-du-seigneur-singe.jpg","width":390,"height":390},{"@type":"BreadcrumbList","@id":"https:\/\/crocjeux.com\/index.php\/produit\/clank-expeditions-2-le-temple-du-seigneur-singe\/#breadcrumb","itemListElement":[{"@type":"ListItem","position":1,"name":"Accueil","item":"https:\/\/crocjeux.com\/"},{"@type":"ListItem","position":2,"name":"Boutique","item":"https:\/\/crocjeux.com\/"},{"@type":"ListItem","position":3,"name":"Clank! &#8211; Exp\u00e9ditions 2 Le Temple du Seigneur Singe"}]},{"@type":"WebSite","@id":"https:\/\/crocjeux.com\/#website","url":"https:\/\/crocjeux.com\/","name":"Croc Jeux","description":"Bienvenue chez Croc Jeux!","publisher":{"@id":"https:\/\/crocjeux.com\/#organization"},"potentialAction":[{"@type":"SearchAction","target":{"@type":"EntryPoint","urlTemplate":"https:\/\/crocjeux.com\/?s={search_term_string}"},"query-input":{"@type":"PropertyValueSpecification","valueRequired":true,"valueName":"search_term_string"}}],"inLanguage":"fr-FR"},{"@type":"Organization","@id":"https:\/\/crocjeux.com\/#organization","name":"Croc Jeux","url":"https:\/\/crocjeux.com\/","logo":{"@type":"ImageObject","inLanguage":"fr-FR","@id":"https:\/\/crocjeux.com\/#\/schema\/logo\/image\/","url":"https:\/\/crocjeux.com\/wp-content\/uploads\/2022\/01\/cropped-logo-croc-etape-1-e1644574034239.jpg","contentUrl":"https:\/\/crocjeux.com\/wp-content\/uploads\/2022\/01\/cropped-logo-croc-etape-1-e1644574034239.jpg","width":1224,"height":314,"caption":"Croc Jeux"},"image":{"@id":"https:\/\/crocjeux.com\/#\/schema\/logo\/image\/"}}]}},"_links":{"self":[{"href":"https:\/\/crocjeux.com\/index.php\/wp-json\/wp\/v2\/product\/972","targetHints":{"allow":["GET"]}}],"collection":[{"href":"https:\/\/crocjeux.com\/index.php\/wp-json\/wp\/v2\/product"}],"about":[{"href":"https:\/\/crocjeux.com\/index.php\/wp-json\/wp\/v2\/types\/product"}],"replies":[{"embeddable":true,"href":"https:\/\/crocjeux.com\/index.php\/wp-json\/wp\/v2\/comments?post=972"}],"wp:featuredmedia":[{"embeddable":true,"href":"https:\/\/crocjeux.com\/index.php\/wp-json\/wp\/v2\/media\/973"}],"wp:attachment":[{"href":"https:\/\/crocjeux.com\/index.php\/wp-json\/wp\/v2\/media?parent=972"}],"wp:term":[{"taxonomy":"product_brand","embeddable":true,"href":"https:\/\/crocjeux.com\/index.php\/wp-json\/wp\/v2\/product_brand?post=972"},{"taxonomy":"product_cat","embeddable":true,"href":"https:\/\/crocjeux.com\/index.php\/wp-json\/wp\/v2\/product_cat?post=972"},{"taxonomy":"product_tag","embeddable":true,"href":"https:\/\/crocjeux.com\/index.php\/wp-json\/wp\/v2\/product_tag?post=972"}],"curies":[{"name":"wp","href":"https:\/\/api.w.org\/{rel}","templated":true}]}}