{"id":974,"date":"2020-11-19T14:30:52","date_gmt":"2020-11-19T13:30:52","guid":{"rendered":"https:\/\/crocjeux.com\/?post_type=product&#038;p=974"},"modified":"2023-02-17T10:09:53","modified_gmt":"2023-02-17T09:09:53","slug":"clank-expeditions-1-lor-et-la-soie","status":"publish","type":"product","link":"https:\/\/crocjeux.com\/index.php\/produit\/clank-expeditions-1-lor-et-la-soie\/","title":{"rendered":"Clank! &#8211; Exp\u00e9ditions 1 L&rsquo;Or et la Soie"},"content":{"rendered":"<section id=\"tab-description\" class=\"page-product-box r-tabs-panel r-tabs-state-active\">\n<div class=\"rte\">\n<div>L\u2019Or et La Soie inaugure la gamme de plateaux double face alternatifs : Exp\u00e9ditions, en tant qu\u2019extension de Clank! Les Aventuriers du deck-building.<\/div>\n<div><\/div>\n<div>Remettez en jeu votre titre du plus grand voleur de donjon, mais cette fois dans une mine d\u2019or (presque) d\u00e9saffect\u00e9e puis dans le ch\u00e2teau d\u2019une royale arachnide. Par quels tr\u00e9sors vous laisserez-vous tenter en premier ?<\/div>\n<div><\/div>\n<div>Explorez une mine naine abandonn\u00e9e. Celui qui en extraira le plus d\u2019or sera r\u00e9compens\u00e9, mais attention, un dragon hante ces lieux\u2026<\/div>\n<div>La reine des araign\u00e9es g\u00e9antes a pris pour repaire un vaste ch\u00e2teau. Les toiles d\u2019araign\u00e9es cachent des tr\u00e9sors scintillants, mais elles sont aussi le linceul des aventuriers imprudents!<\/div>\n<\/div>\n<\/section>\n","protected":false},"excerpt":{"rendered":"<p>L\u2019Or et La Soie inaugure la gamme de plateaux double face alternatifs : Exp\u00e9ditions, en tant qu\u2019extension de Clank! Les<\/p>\n","protected":false},"featured_media":975,"comment_status":"open","ping_status":"closed","template":"","meta":{"colormag_page_container_layout":"default_layout","colormag_page_sidebar_layout":"default_layout"},"product_brand":[],"product_cat":[72,116],"product_tag":[],"class_list":{"0":"post-974","1":"product","2":"type-product","3":"status-publish","4":"has-post-thumbnail","6":"product_cat-clank-jeux-a-deux","7":"product_cat-clank-jeux-experts","9":"first","10":"outofstock","11":"taxable","12":"shipping-taxable","13":"purchasable","14":"product-type-simple"},"yoast_head":"<!-- This site is optimized with the Yoast SEO plugin v27.3 - https:\/\/yoast.com\/product\/yoast-seo-wordpress\/ -->\n<title>Clank! - Exp\u00e9ditions 1 L&#039;Or et la Soie - Croc Jeux<\/title>\n<meta name=\"robots\" content=\"index, follow, max-snippet:-1, max-image-preview:large, max-video-preview:-1\" \/>\n<link rel=\"canonical\" href=\"https:\/\/crocjeux.com\/index.php\/produit\/clank-expeditions-1-lor-et-la-soie\/\" \/>\n<meta property=\"og:locale\" content=\"fr_FR\" \/>\n<meta property=\"og:type\" content=\"article\" \/>\n<meta property=\"og:title\" content=\"Clank! - Exp\u00e9ditions 1 L&#039;Or et la Soie - Croc Jeux\" \/>\n<meta property=\"og:description\" content=\"L\u2019Or et La Soie inaugure la gamme de plateaux double face alternatifs : Exp\u00e9ditions, en tant qu\u2019extension de Clank! Les\" \/>\n<meta property=\"og:url\" content=\"https:\/\/crocjeux.com\/index.php\/produit\/clank-expeditions-1-lor-et-la-soie\/\" \/>\n<meta property=\"og:site_name\" content=\"Croc Jeux\" \/>\n<meta property=\"article:modified_time\" content=\"2023-02-17T09:09:53+00:00\" \/>\n<meta property=\"og:image\" content=\"https:\/\/crocjeux.com\/wp-content\/uploads\/2020\/11\/clank-expeditions-l-or-et-la-soie-p-image-68886-grande.jpg\" \/>\n\t<meta property=\"og:image:width\" content=\"556\" \/>\n\t<meta property=\"og:image:height\" content=\"675\" \/>\n\t<meta property=\"og:image:type\" content=\"image\/jpeg\" \/>\n<meta name=\"twitter:card\" content=\"summary_large_image\" \/>\n<meta name=\"twitter:label1\" content=\"Dur\u00e9e de lecture estim\u00e9e\" \/>\n\t<meta name=\"twitter:data1\" content=\"1 minute\" \/>\n<script type=\"application\/ld+json\" class=\"yoast-schema-graph\">{\"@context\":\"https:\\\/\\\/schema.org\",\"@graph\":[{\"@type\":\"WebPage\",\"@id\":\"https:\\\/\\\/crocjeux.com\\\/index.php\\\/produit\\\/clank-expeditions-1-lor-et-la-soie\\\/\",\"url\":\"https:\\\/\\\/crocjeux.com\\\/index.php\\\/produit\\\/clank-expeditions-1-lor-et-la-soie\\\/\",\"name\":\"Clank! - Exp\u00e9ditions 1 L'Or et la Soie - Croc Jeux\",\"isPartOf\":{\"@id\":\"https:\\\/\\\/crocjeux.com\\\/#website\"},\"primaryImageOfPage\":{\"@id\":\"https:\\\/\\\/crocjeux.com\\\/index.php\\\/produit\\\/clank-expeditions-1-lor-et-la-soie\\\/#primaryimage\"},\"image\":{\"@id\":\"https:\\\/\\\/crocjeux.com\\\/index.php\\\/produit\\\/clank-expeditions-1-lor-et-la-soie\\\/#primaryimage\"},\"thumbnailUrl\":\"https:\\\/\\\/crocjeux.com\\\/wp-content\\\/uploads\\\/2020\\\/11\\\/clank-expeditions-l-or-et-la-soie-p-image-68886-grande.jpg\",\"datePublished\":\"2020-11-19T13:30:52+00:00\",\"dateModified\":\"2023-02-17T09:09:53+00:00\",\"breadcrumb\":{\"@id\":\"https:\\\/\\\/crocjeux.com\\\/index.php\\\/produit\\\/clank-expeditions-1-lor-et-la-soie\\\/#breadcrumb\"},\"inLanguage\":\"fr-FR\",\"potentialAction\":[{\"@type\":\"ReadAction\",\"target\":[\"https:\\\/\\\/crocjeux.com\\\/index.php\\\/produit\\\/clank-expeditions-1-lor-et-la-soie\\\/\"]}]},{\"@type\":\"ImageObject\",\"inLanguage\":\"fr-FR\",\"@id\":\"https:\\\/\\\/crocjeux.com\\\/index.php\\\/produit\\\/clank-expeditions-1-lor-et-la-soie\\\/#primaryimage\",\"url\":\"https:\\\/\\\/crocjeux.com\\\/wp-content\\\/uploads\\\/2020\\\/11\\\/clank-expeditions-l-or-et-la-soie-p-image-68886-grande.jpg\",\"contentUrl\":\"https:\\\/\\\/crocjeux.com\\\/wp-content\\\/uploads\\\/2020\\\/11\\\/clank-expeditions-l-or-et-la-soie-p-image-68886-grande.jpg\",\"width\":556,\"height\":675},{\"@type\":\"BreadcrumbList\",\"@id\":\"https:\\\/\\\/crocjeux.com\\\/index.php\\\/produit\\\/clank-expeditions-1-lor-et-la-soie\\\/#breadcrumb\",\"itemListElement\":[{\"@type\":\"ListItem\",\"position\":1,\"name\":\"Accueil\",\"item\":\"https:\\\/\\\/crocjeux.com\\\/\"},{\"@type\":\"ListItem\",\"position\":2,\"name\":\"Boutique\",\"item\":\"https:\\\/\\\/crocjeux.com\\\/\"},{\"@type\":\"ListItem\",\"position\":3,\"name\":\"Clank! &#8211; Exp\u00e9ditions 1 L&#8217;Or et la Soie\"}]},{\"@type\":\"WebSite\",\"@id\":\"https:\\\/\\\/crocjeux.com\\\/#website\",\"url\":\"https:\\\/\\\/crocjeux.com\\\/\",\"name\":\"Croc Jeux\",\"description\":\"Bienvenue chez Croc Jeux!\",\"publisher\":{\"@id\":\"https:\\\/\\\/crocjeux.com\\\/#organization\"},\"potentialAction\":[{\"@type\":\"SearchAction\",\"target\":{\"@type\":\"EntryPoint\",\"urlTemplate\":\"https:\\\/\\\/crocjeux.com\\\/?s={search_term_string}\"},\"query-input\":{\"@type\":\"PropertyValueSpecification\",\"valueRequired\":true,\"valueName\":\"search_term_string\"}}],\"inLanguage\":\"fr-FR\"},{\"@type\":\"Organization\",\"@id\":\"https:\\\/\\\/crocjeux.com\\\/#organization\",\"name\":\"Croc Jeux\",\"url\":\"https:\\\/\\\/crocjeux.com\\\/\",\"logo\":{\"@type\":\"ImageObject\",\"inLanguage\":\"fr-FR\",\"@id\":\"https:\\\/\\\/crocjeux.com\\\/#\\\/schema\\\/logo\\\/image\\\/\",\"url\":\"https:\\\/\\\/crocjeux.com\\\/wp-content\\\/uploads\\\/2022\\\/01\\\/cropped-logo-croc-etape-1-e1644574034239.jpg\",\"contentUrl\":\"https:\\\/\\\/crocjeux.com\\\/wp-content\\\/uploads\\\/2022\\\/01\\\/cropped-logo-croc-etape-1-e1644574034239.jpg\",\"width\":1224,\"height\":314,\"caption\":\"Croc Jeux\"},\"image\":{\"@id\":\"https:\\\/\\\/crocjeux.com\\\/#\\\/schema\\\/logo\\\/image\\\/\"}}]}<\/script>\n<!-- \/ Yoast SEO plugin. -->","yoast_head_json":{"title":"Clank! - Exp\u00e9ditions 1 L'Or et la Soie - Croc Jeux","robots":{"index":"index","follow":"follow","max-snippet":"max-snippet:-1","max-image-preview":"max-image-preview:large","max-video-preview":"max-video-preview:-1"},"canonical":"https:\/\/crocjeux.com\/index.php\/produit\/clank-expeditions-1-lor-et-la-soie\/","og_locale":"fr_FR","og_type":"article","og_title":"Clank! - Exp\u00e9ditions 1 L'Or et la Soie - Croc Jeux","og_description":"L\u2019Or et La Soie inaugure la gamme de plateaux double face alternatifs : Exp\u00e9ditions, en tant qu\u2019extension de Clank! Les","og_url":"https:\/\/crocjeux.com\/index.php\/produit\/clank-expeditions-1-lor-et-la-soie\/","og_site_name":"Croc Jeux","article_modified_time":"2023-02-17T09:09:53+00:00","og_image":[{"width":556,"height":675,"url":"https:\/\/crocjeux.com\/wp-content\/uploads\/2020\/11\/clank-expeditions-l-or-et-la-soie-p-image-68886-grande.jpg","type":"image\/jpeg"}],"twitter_card":"summary_large_image","twitter_misc":{"Dur\u00e9e de lecture estim\u00e9e":"1 minute"},"schema":{"@context":"https:\/\/schema.org","@graph":[{"@type":"WebPage","@id":"https:\/\/crocjeux.com\/index.php\/produit\/clank-expeditions-1-lor-et-la-soie\/","url":"https:\/\/crocjeux.com\/index.php\/produit\/clank-expeditions-1-lor-et-la-soie\/","name":"Clank! - Exp\u00e9ditions 1 L'Or et la Soie - Croc Jeux","isPartOf":{"@id":"https:\/\/crocjeux.com\/#website"},"primaryImageOfPage":{"@id":"https:\/\/crocjeux.com\/index.php\/produit\/clank-expeditions-1-lor-et-la-soie\/#primaryimage"},"image":{"@id":"https:\/\/crocjeux.com\/index.php\/produit\/clank-expeditions-1-lor-et-la-soie\/#primaryimage"},"thumbnailUrl":"https:\/\/crocjeux.com\/wp-content\/uploads\/2020\/11\/clank-expeditions-l-or-et-la-soie-p-image-68886-grande.jpg","datePublished":"2020-11-19T13:30:52+00:00","dateModified":"2023-02-17T09:09:53+00:00","breadcrumb":{"@id":"https:\/\/crocjeux.com\/index.php\/produit\/clank-expeditions-1-lor-et-la-soie\/#breadcrumb"},"inLanguage":"fr-FR","potentialAction":[{"@type":"ReadAction","target":["https:\/\/crocjeux.com\/index.php\/produit\/clank-expeditions-1-lor-et-la-soie\/"]}]},{"@type":"ImageObject","inLanguage":"fr-FR","@id":"https:\/\/crocjeux.com\/index.php\/produit\/clank-expeditions-1-lor-et-la-soie\/#primaryimage","url":"https:\/\/crocjeux.com\/wp-content\/uploads\/2020\/11\/clank-expeditions-l-or-et-la-soie-p-image-68886-grande.jpg","contentUrl":"https:\/\/crocjeux.com\/wp-content\/uploads\/2020\/11\/clank-expeditions-l-or-et-la-soie-p-image-68886-grande.jpg","width":556,"height":675},{"@type":"BreadcrumbList","@id":"https:\/\/crocjeux.com\/index.php\/produit\/clank-expeditions-1-lor-et-la-soie\/#breadcrumb","itemListElement":[{"@type":"ListItem","position":1,"name":"Accueil","item":"https:\/\/crocjeux.com\/"},{"@type":"ListItem","position":2,"name":"Boutique","item":"https:\/\/crocjeux.com\/"},{"@type":"ListItem","position":3,"name":"Clank! &#8211; Exp\u00e9ditions 1 L&#8217;Or et la Soie"}]},{"@type":"WebSite","@id":"https:\/\/crocjeux.com\/#website","url":"https:\/\/crocjeux.com\/","name":"Croc Jeux","description":"Bienvenue chez Croc Jeux!","publisher":{"@id":"https:\/\/crocjeux.com\/#organization"},"potentialAction":[{"@type":"SearchAction","target":{"@type":"EntryPoint","urlTemplate":"https:\/\/crocjeux.com\/?s={search_term_string}"},"query-input":{"@type":"PropertyValueSpecification","valueRequired":true,"valueName":"search_term_string"}}],"inLanguage":"fr-FR"},{"@type":"Organization","@id":"https:\/\/crocjeux.com\/#organization","name":"Croc Jeux","url":"https:\/\/crocjeux.com\/","logo":{"@type":"ImageObject","inLanguage":"fr-FR","@id":"https:\/\/crocjeux.com\/#\/schema\/logo\/image\/","url":"https:\/\/crocjeux.com\/wp-content\/uploads\/2022\/01\/cropped-logo-croc-etape-1-e1644574034239.jpg","contentUrl":"https:\/\/crocjeux.com\/wp-content\/uploads\/2022\/01\/cropped-logo-croc-etape-1-e1644574034239.jpg","width":1224,"height":314,"caption":"Croc Jeux"},"image":{"@id":"https:\/\/crocjeux.com\/#\/schema\/logo\/image\/"}}]}},"_links":{"self":[{"href":"https:\/\/crocjeux.com\/index.php\/wp-json\/wp\/v2\/product\/974","targetHints":{"allow":["GET"]}}],"collection":[{"href":"https:\/\/crocjeux.com\/index.php\/wp-json\/wp\/v2\/product"}],"about":[{"href":"https:\/\/crocjeux.com\/index.php\/wp-json\/wp\/v2\/types\/product"}],"replies":[{"embeddable":true,"href":"https:\/\/crocjeux.com\/index.php\/wp-json\/wp\/v2\/comments?post=974"}],"wp:featuredmedia":[{"embeddable":true,"href":"https:\/\/crocjeux.com\/index.php\/wp-json\/wp\/v2\/media\/975"}],"wp:attachment":[{"href":"https:\/\/crocjeux.com\/index.php\/wp-json\/wp\/v2\/media?parent=974"}],"wp:term":[{"taxonomy":"product_brand","embeddable":true,"href":"https:\/\/crocjeux.com\/index.php\/wp-json\/wp\/v2\/product_brand?post=974"},{"taxonomy":"product_cat","embeddable":true,"href":"https:\/\/crocjeux.com\/index.php\/wp-json\/wp\/v2\/product_cat?post=974"},{"taxonomy":"product_tag","embeddable":true,"href":"https:\/\/crocjeux.com\/index.php\/wp-json\/wp\/v2\/product_tag?post=974"}],"curies":[{"name":"wp","href":"https:\/\/api.w.org\/{rel}","templated":true}]}}